{"id":82335,"date":"2023-12-14T02:22:07","date_gmt":"2023-12-14T01:22:07","guid":{"rendered":"https:\/\/www.soanam.de\/?post_type=product&#038;p=82335"},"modified":"2023-12-14T02:24:41","modified_gmt":"2023-12-14T01:24:41","slug":"mi-casa-cortina-confeccionada-eby-1-pieza-con-volante-cinta-en-blanco-tamano-300cmx245cm","status":"publish","type":"product","link":"https:\/\/www.soanam.de\/es\/produkt\/my-home-fertiggardine-eby-1-stk-mit-kraeuselband-in-weiss-groesse-300cmx245cm\/","title":{"rendered":"mi casa cortina confeccionada Eby, 1 pieza con cinta de volante, en blanco, tama\u00f1o 300cmx245cm"},"content":{"rendered":"<p>Tejido transparente<br \/>\nCon cinta de raso cosida en blanco<br \/>\nCalidad ligera<br \/>\nLavable a 30 grados en ciclo delicado<br \/>\nF\u00e1cil de limpiar<\/p>\n<p>El sutil dise\u00f1o de la cortina my home Eby garantiza grandes opciones de combinaci\u00f3n para diferentes estilos de decoraci\u00f3n.<br \/>\nUn detalle especial de esta decoraci\u00f3n de ventana es la cinta de raso blanco que se ha insertado en el borde inferior.<br \/>\nEl estor est\u00e1 fabricado en calidad de f\u00e1cil cuidado y puede lavarse a m\u00e1quina a 30 \u00b0C en ciclo delicado si es necesario.<br \/>\nCon su ligereza y su textura de tejido transparente, este pa\u00f1uelo cortina hace que las habitaciones parezcan especialmente acogedoras y luminosas.<\/p>\n<p>Material: Parte superior: poli\u00e9ster 100%<\/p>\n<p>Instrucciones de cuidado: Lavado suave<\/p>\n<p>Color: blanco<br \/>\nPatr\u00f3n: sin<br \/>\nTama\u00f1o: ancho 300 cm x largo 245 cm<br \/>\nNota: Las dimensiones indicadas son las de la tela. Cuando la ventana est\u00e1 totalmente decorada, la anchura se reduce aproximadamente a la mitad.<\/p>","protected":false},"excerpt":{"rendered":"<table class=\"dv_characteristicsTable\">\n<tbody>\n<tr>\n<td class=\"left\">Gewicht<\/td>\n<td>52 g\/m\u00b2<\/td>\n<\/tr>\n<tr>\n<td class=\"left\">Breite<\/td>\n<td>300 cm<\/td>\n<\/tr>\n<tr>\n<td class=\"left\">H\u00f6he<\/td>\n<td>245 cm<\/td>\n<\/tr>\n<\/tbody>\n<\/table>\n<table class=\"dv_characteristicsTable\">\n<tbody>\n<tr>\n<td class=\"left\">Aufh\u00e4ngung<\/td>\n<td>Kr\u00e4uselband<\/td>\n<\/tr>\n<\/tbody>\n<\/table>\n<table class=\"dv_characteristicsTable\">\n<tbody>\n<tr>\n<td class=\"left\">Color<\/td>\n<td>wei\u00df<\/td>\n<\/tr>\n<tr>\n<td class=\"left\">Transparenz<\/td>\n<td>transparent<\/td>\n<\/tr>\n<tr>\n<td class=\"left\">Oberfl\u00e4chenstruktur<\/td>\n<td>glatt<\/td>\n<\/tr>\n<tr>\n<td class=\"left\">Design<\/td>\n<td>unifarben<\/td>\n<\/tr>\n<\/tbody>\n<\/table>\n<table class=\"dv_characteristicsTable\">\n<tbody>\n<tr>\n<td class=\"left\">Materialart<\/td>\n<td>Satin<\/td>\n<\/tr>\n<tr>\n<td class=\"left\">Composici\u00f3n del material<\/td>\n<td>Material superior: poli\u00e9ster 100%<\/td>\n<\/tr>\n<tr>\n<td class=\"left\">Material<\/td>\n<td>Poli\u00e9ster<\/td>\n<\/tr>\n<\/tbody>\n<\/table>\n<table class=\"dv_characteristicsTable\">\n<tbody>\n<tr>\n<td class=\"left\">Anzahl Teile<\/td>\n<td>1 St.<\/td>\n<\/tr>\n<\/tbody>\n<\/table>\n<table class=\"dv_characteristicsTable\">\n<tbody>\n<tr>\n<td class=\"left\">Instrucciones de cuidado<\/td>\n<td>30\u00b0C Schonw\u00e4sche<\/td>\n<\/tr>\n<\/tbody>\n<\/table>\n<table class=\"dv_characteristicsTable\">\n<tbody>\n<tr>\n<td class=\"left\">Hinweis Dekoration<\/td>\n<td>Die angegebenen Ma\u00dfe sind Stoffma\u00dfe.<br \/>\nAm Fenster fertig dekoriert, reduziert sich die Breite um ca. die H\u00e4lfte.<\/td>\n<\/tr>\n<tr>\n<td class=\"left\">Hinweis Aufh\u00e4ngung<\/td>\n<td>Suspensi\u00f3n mediante rodillos de cortina (no incluidos) en la barra de cortina.<\/td>\n<\/tr>\n<\/tbody>\n<\/table>","protected":false},"featured_media":82446,"comment_status":"open","ping_status":"closed","template":"","meta":{"_seopress_robots_primary_cat":"","_seopress_titles_title":"","_seopress_titles_desc":"","_seopress_robots_index":""},"product_brand":[],"product_cat":[1400,1420],"product_tag":[],"class_list":{"0":"post-82335","1":"product","2":"type-product","3":"status-publish","4":"has-post-thumbnail","6":"product_cat-wohnzubehoer","7":"product_cat-wohndekoration","8":"product_shipping_class-standard-versand","10":"first","11":"instock","12":"sale","13":"taxable","14":"shipping-taxable","15":"purchasable","16":"product-type-simple"},"_links":{"self":[{"href":"https:\/\/www.soanam.de\/es\/wp-json\/wp\/v2\/product\/82335","targetHints":{"allow":["GET"]}}],"collection":[{"href":"https:\/\/www.soanam.de\/es\/wp-json\/wp\/v2\/product"}],"about":[{"href":"https:\/\/www.soanam.de\/es\/wp-json\/wp\/v2\/types\/product"}],"replies":[{"embeddable":true,"href":"https:\/\/www.soanam.de\/es\/wp-json\/wp\/v2\/comments?post=82335"}],"wp:featuredmedia":[{"embeddable":true,"href":"https:\/\/www.soanam.de\/es\/wp-json\/wp\/v2\/media\/82446"}],"wp:attachment":[{"href":"https:\/\/www.soanam.de\/es\/wp-json\/wp\/v2\/media?parent=82335"}],"wp:term":[{"taxonomy":"product_brand","embeddable":true,"href":"https:\/\/www.soanam.de\/es\/wp-json\/wp\/v2\/product_brand?post=82335"},{"taxonomy":"product_cat","embeddable":true,"href":"https:\/\/www.soanam.de\/es\/wp-json\/wp\/v2\/product_cat?post=82335"},{"taxonomy":"product_tag","embeddable":true,"href":"https:\/\/www.soanam.de\/es\/wp-json\/wp\/v2\/product_tag?post=82335"}],"curies":[{"name":"wp","href":"https:\/\/api.w.org\/{rel}","templated":true}]}}

mi casa cortina confeccionada Eby, 1 pieza con cinta de volante, en blanco, tamaño 300cmx245cm

<p>Tejido transparente<br />
Con cinta de raso cosida en blanco<br />
Calidad ligera<br />
Lavable a 30 grados en ciclo delicado<br />
Fácil de limpiar</p>
<p>El sutil diseño de la cortina my home Eby garantiza grandes opciones de combinación para diferentes estilos de decoración.<br />
Un detalle especial de esta decoración de ventana es la cinta de raso blanco que se ha insertado en el borde inferior.<br />
El estor está fabricado en calidad de fácil cuidado y puede lavarse a máquina a 30 °C en ciclo delicado si es necesario.<br />
Con su ligereza y su textura de tejido transparente, este pañuelo cortina hace que las habitaciones parezcan especialmente acogedoras y luminosas.</p>
<p>Material: Parte superior: poliéster 100%</p>
<p>Instrucciones de cuidado: Lavado suave</p>
<p>Color: blanco<br />
Patrón: sin<br />
Tamaño: ancho 300 cm x largo 245 cm<br />
Nota: Las dimensiones indicadas son las de la tela. Cuando la ventana está totalmente decorada, la anchura se reduce aproximadamente a la mitad.</p>

<table class="dv_characteristicsTable">
<tbody>
<tr>
<td class="left">Gewicht</td>
<td>52 g/m²</td>
</tr>
<tr>
<td class="left">Breite</td>
<td>300 cm</td>
</tr>
<tr>
<td class="left">Höhe</td>
<td>245 cm</td>
</tr>
</tbody>
</table>
<table class="dv_characteristicsTable">
<tbody>
<tr>
<td class="left">Aufhängung</td>
<td>Kräuselband</td>
</tr>
</tbody>
</table>
<table class="dv_characteristicsTable">
<tbody>
<tr>
<td class="left">Color</td>
<td>weiß</td>
</tr>
<tr>
<td class="left">Transparenz</td>
<td>transparent</td>
</tr>
<tr>
<td class="left">Oberflächenstruktur</td>
<td>glatt</td>
</tr>
<tr>
<td class="left">Design</td>
<td>unifarben</td>
</tr>
</tbody>
</table>
<table class="dv_characteristicsTable">
<tbody>
<tr>
<td class="left">Materialart</td>
<td>Satin</td>
</tr>
<tr>
<td class="left">Composición del material</td>
<td>Material superior: poliéster 100%</td>
</tr>
<tr>
<td class="left">Material</td>
<td>Poliéster</td>
</tr>
</tbody>
</table>
<table class="dv_characteristicsTable">
<tbody>
<tr>
<td class="left">Anzahl Teile</td>
<td>1 St.</td>
</tr>
</tbody>
</table>
<table class="dv_characteristicsTable">
<tbody>
<tr>
<td class="left">Instrucciones de cuidado</td>
<td>30°C Schonwäsche</td>
</tr>
</tbody>
</table>
<table class="dv_characteristicsTable">
<tbody>
<tr>
<td class="left">Hinweis Dekoration</td>
<td>Die angegebenen Maße sind Stoffmaße.<br />
Am Fenster fertig dekoriert, reduziert sich die Breite um ca. die Hälfte.</td>
</tr>
<tr>
<td class="left">Hinweis Aufhängung</td>
<td>Suspensión mediante rodillos de cortina (no incluidos) en la barra de cortina.</td>
</tr>
</tbody>
</table>
