{"id":82311,"date":"2023-12-14T02:21:35","date_gmt":"2023-12-14T01:21:35","guid":{"rendered":"https:\/\/www.soanam.de\/?post_type=product&#038;p=82311"},"modified":"2023-12-14T02:24:01","modified_gmt":"2023-12-14T01:24:01","slug":"alpenblitz-chaqueta-de-invierno-bern-en-azul-marino-talla-34","status":"publish","type":"product","link":"https:\/\/www.soanam.de\/es\/produkt\/alpenblitz-winterjacke-bern-in-marine-groesse-34\/","title":{"rendered":"Chaqueta de invierno ALPENBLITZ Berna, en azul marino, talla 34"},"content":{"rendered":"<p>Chaqueta acolchada cl\u00e1sica de Alpenblitz<br \/>\nCon magn\u00edficos detalles de piel sint\u00e9tica y bolsillos con cremallera<br \/>\nAcolchado c\u00e1lido y cuello forrado de piel sint\u00e9tica<br \/>\nChaqueta acolchada ajustada y ce\u00f1ida con cinta para llevar por dentro<br \/>\nCapucha desmontable ajustable en anchura, con cremalleras laterales<br \/>\nMaterial aterciopelado de color melocot\u00f3n, confecci\u00f3n y calidad de primera<\/p>\n<p>Chaqueta de exterior cl\u00e1sica de ALPENBLITZ con un moderno cuello de piel sint\u00e9tica y pr\u00e1cticos detalles de cremallera en los laterales.<br \/>\nParka de corte ce\u00f1ido, largo agradable hasta el bajo, ligeramente entallada con un inteligente acolchado.<br \/>\nAbrigo acolchado, capucha desmontable y ajustable, cremalleras laterales para una variaci\u00f3n pr\u00e1ctica, bolsillos con cremallera, elegantes detalles de aspecto de piel en las costuras.<br \/>\nMaterial exterior aterciopelado y de alta calidad, acolchado c\u00e1lido y acogedor, ribete de piel sint\u00e9tica de alta calidad en la capucha, totalmente forrado.<\/p>\n<p>Material: Exterior: poli\u00e9ster 100%. Forro: 100% poli\u00e9ster. Ribete: 100% poliacr\u00edlico. Relleno: 100% poli\u00e9ster.<\/p>\n<p>Instrucciones de cuidado: Lavar a m\u00e1quina<\/p>\n<p>Color: azul marino<br \/>\nPatr\u00f3n: sin<br \/>\nTalla: 34<\/p>\n<p>Anchura de los hombros: 39 cm<br \/>\nAnchura del pecho: 96 cm<\/p>\n<p>Longitud de la manga: 67 cm<br \/>\nLongitud total: 86 cm<\/p>","protected":false},"excerpt":{"rendered":"<table class=\"dv_characteristicsTable\">\n<tbody>\n<tr>\n<td class=\"left\">Talla<\/td>\n<td>34<\/td>\n<\/tr>\n<tr>\n<td class=\"left\">Gr\u00f6\u00dfentyp<\/td>\n<td>Normalgr\u00f6\u00dfen<\/td>\n<\/tr>\n<tr>\n<td class=\"left\">Composici\u00f3n del material<\/td>\n<td>Obermaterial: 100% Polyester. Futter: 100% Polyester. Besatz: 100% Polyacryl. Wattierung: 100% Polyester<\/td>\n<\/tr>\n<tr>\n<td class=\"left\">Materialart<\/td>\n<td>Web<\/td>\n<\/tr>\n<tr>\n<td class=\"left\">Instrucciones de cuidado<\/td>\n<td>Lavado a m\u00e1quina<\/td>\n<\/tr>\n<tr>\n<td class=\"left\">Optik<\/td>\n<td>unifarben, kontrastfarbene Details<\/td>\n<\/tr>\n<tr>\n<td class=\"left\">Stil<\/td>\n<td>modisch<\/td>\n<\/tr>\n<tr>\n<td class=\"left\">Color<\/td>\n<td>marine (Winterjacke aus nachhaltigem Material)<\/td>\n<\/tr>\n<tr>\n<td class=\"left\">Kragen<\/td>\n<td>Cuello alto<\/td>\n<\/tr>\n<tr>\n<td class=\"left\">Kragendetails<\/td>\n<td>abnehmbarer Besatz<\/td>\n<\/tr>\n<tr>\n<td class=\"left\">Ausschnitt<\/td>\n<td>Rundhals<\/td>\n<\/tr>\n<tr>\n<td class=\"left\">\u00c4rmel<\/td>\n<td>Manga larga<\/td>\n<\/tr>\n<tr>\n<td class=\"left\">\u00c4rmeldetails<\/td>\n<td>eingesetzt<\/td>\n<\/tr>\n<tr>\n<td class=\"left\">\u00c4rmelabschluss<\/td>\n<td>Pu\u00f1os de canal\u00e9<\/td>\n<\/tr>\n<tr>\n<td class=\"left\">\u00c4rmelabschlussdetails<\/td>\n<td>mit Windstopper<\/td>\n<\/tr>\n<tr>\n<td class=\"left\">Rumpfabschluss<\/td>\n<td>abgesteppte Kante<\/td>\n<\/tr>\n<tr>\n<td class=\"left\">Ajuste<\/td>\n<td>figurumspielend<\/td>\n<\/tr>\n<tr>\n<td class=\"left\">Schnittdetails<\/td>\n<td>Wiener N\u00e4hte, Seitenschlitze<\/td>\n<\/tr>\n<tr>\n<td class=\"left\">Schnittform L\u00e4nge<\/td>\n<td>Po-bedeckend<\/td>\n<\/tr>\n<tr>\n<td class=\"left\">Cap\u00f3<\/td>\n<td>mit Kapuze<\/td>\n<\/tr>\n<tr>\n<td class=\"left\">Kapuzendetails<\/td>\n<td>Kante mit Gummizug verstellbar, Weite regulierbar, abnehmbar<\/td>\n<\/tr>\n<tr>\n<td class=\"left\">Kapuzenf\u00fctterung<\/td>\n<td>farblich passend, gef\u00fcttert<\/td>\n<\/tr>\n<tr>\n<td class=\"left\">Applikationen<\/td>\n<td>Markenlabel, Badge<\/td>\n<\/tr>\n<tr>\n<td class=\"left\">Bolsas<\/td>\n<td>Rei\u00dfverschlusstaschen, Innentasche<\/td>\n<\/tr>\n<tr>\n<td class=\"left\">Verschluss<\/td>\n<td>Rei\u00dfverschluss, Druckkn\u00f6pfe<\/td>\n<\/tr>\n<tr>\n<td class=\"left\">Verschlussdetails<\/td>\n<td>durchgehend, verdeckt<\/td>\n<\/tr>\n<tr>\n<td class=\"left\">Besondere Merkmale<\/td>\n<td>zeitloser Steppmantel mit abnehmbarer Kapuze<\/td>\n<\/tr>\n<\/tbody>\n<\/table>","protected":false},"featured_media":82417,"comment_status":"open","ping_status":"closed","template":"","meta":{"_seopress_robots_primary_cat":"","_seopress_titles_title":"","_seopress_titles_desc":"","_seopress_robots_index":""},"product_brand":[],"product_cat":[1348,1354,1375,1440],"product_tag":[],"class_list":{"0":"post-82311","1":"product","2":"type-product","3":"status-publish","4":"has-post-thumbnail","6":"product_cat-damen-mode","7":"product_cat-jacken-maentel","8":"product_cat-winterjacken","9":"product_cat-parkas-winterjacken","10":"product_shipping_class-standard-versand","12":"first","13":"instock","14":"sale","15":"taxable","16":"shipping-taxable","17":"purchasable","18":"product-type-simple"},"_links":{"self":[{"href":"https:\/\/www.soanam.de\/es\/wp-json\/wp\/v2\/product\/82311","targetHints":{"allow":["GET"]}}],"collection":[{"href":"https:\/\/www.soanam.de\/es\/wp-json\/wp\/v2\/product"}],"about":[{"href":"https:\/\/www.soanam.de\/es\/wp-json\/wp\/v2\/types\/product"}],"replies":[{"embeddable":true,"href":"https:\/\/www.soanam.de\/es\/wp-json\/wp\/v2\/comments?post=82311"}],"wp:featuredmedia":[{"embeddable":true,"href":"https:\/\/www.soanam.de\/es\/wp-json\/wp\/v2\/media\/82417"}],"wp:attachment":[{"href":"https:\/\/www.soanam.de\/es\/wp-json\/wp\/v2\/media?parent=82311"}],"wp:term":[{"taxonomy":"product_brand","embeddable":true,"href":"https:\/\/www.soanam.de\/es\/wp-json\/wp\/v2\/product_brand?post=82311"},{"taxonomy":"product_cat","embeddable":true,"href":"https:\/\/www.soanam.de\/es\/wp-json\/wp\/v2\/product_cat?post=82311"},{"taxonomy":"product_tag","embeddable":true,"href":"https:\/\/www.soanam.de\/es\/wp-json\/wp\/v2\/product_tag?post=82311"}],"curies":[{"name":"wp","href":"https:\/\/api.w.org\/{rel}","templated":true}]}}

<p>Chaqueta acolchada clásica de Alpenblitz<br />
Con magníficos detalles de piel sintética y bolsillos con cremallera<br />
Acolchado cálido y cuello forrado de piel sintética<br />
Chaqueta acolchada ajustada y ceñida con cinta para llevar por dentro<br />
Capucha desmontable ajustable en anchura, con cremalleras laterales<br />
Material aterciopelado de color melocotón, confección y calidad de primera</p>
<p>Chaqueta de exterior clásica de ALPENBLITZ con un moderno cuello de piel sintética y prácticos detalles de cremallera en los laterales.<br />
Parka de corte ceñido, largo agradable hasta el bajo, ligeramente entallada con un inteligente acolchado.<br />
Abrigo acolchado, capucha desmontable y ajustable, cremalleras laterales para una variación práctica, bolsillos con cremallera, elegantes detalles de aspecto de piel en las costuras.<br />
Material exterior aterciopelado y de alta calidad, acolchado cálido y acogedor, ribete de piel sintética de alta calidad en la capucha, totalmente forrado.</p>
<p>Material: Exterior: poliéster 100%. Forro: 100% poliéster. Ribete: 100% poliacrílico. Relleno: 100% poliéster.</p>
<p>Instrucciones de cuidado: Lavar a máquina</p>
<p>Color: azul marino<br />
Patrón: sin<br />
Talla: 34</p>
<p>Anchura de los hombros: 39 cm<br />
Anchura del pecho: 96 cm</p>
<p>Longitud de la manga: 67 cm<br />
Longitud total: 86 cm</p>

<table class="dv_characteristicsTable">
<tbody>
<tr>
<td class="left">Talla</td>
<td>34</td>
</tr>
<tr>
<td class="left">Größentyp</td>
<td>Normalgrößen</td>
</tr>
<tr>
<td class="left">Composición del material</td>
<td>Obermaterial: 100% Polyester. Futter: 100% Polyester. Besatz: 100% Polyacryl. Wattierung: 100% Polyester</td>
</tr>
<tr>
<td class="left">Materialart</td>
<td>Web</td>
</tr>
<tr>
<td class="left">Instrucciones de cuidado</td>
<td>Lavado a máquina</td>
</tr>
<tr>
<td class="left">Optik</td>
<td>unifarben, kontrastfarbene Details</td>
</tr>
<tr>
<td class="left">Stil</td>
<td>modisch</td>
</tr>
<tr>
<td class="left">Color</td>
<td>marine (Winterjacke aus nachhaltigem Material)</td>
</tr>
<tr>
<td class="left">Kragen</td>
<td>Cuello alto</td>
</tr>
<tr>
<td class="left">Kragendetails</td>
<td>abnehmbarer Besatz</td>
</tr>
<tr>
<td class="left">Ausschnitt</td>
<td>Rundhals</td>
</tr>
<tr>
<td class="left">Ärmel</td>
<td>Manga larga</td>
</tr>
<tr>
<td class="left">Ärmeldetails</td>
<td>eingesetzt</td>
</tr>
<tr>
<td class="left">Ärmelabschluss</td>
<td>Puños de canalé</td>
</tr>
<tr>
<td class="left">Ärmelabschlussdetails</td>
<td>mit Windstopper</td>
</tr>
<tr>
<td class="left">Rumpfabschluss</td>
<td>abgesteppte Kante</td>
</tr>
<tr>
<td class="left">Ajuste</td>
<td>figurumspielend</td>
</tr>
<tr>
<td class="left">Schnittdetails</td>
<td>Wiener Nähte, Seitenschlitze</td>
</tr>
<tr>
<td class="left">Schnittform Länge</td>
<td>Po-bedeckend</td>
</tr>
<tr>
<td class="left">Capó</td>
<td>mit Kapuze</td>
</tr>
<tr>
<td class="left">Kapuzendetails</td>
<td>Kante mit Gummizug verstellbar, Weite regulierbar, abnehmbar</td>
</tr>
<tr>
<td class="left">Kapuzenfütterung</td>
<td>farblich passend, gefüttert</td>
</tr>
<tr>
<td class="left">Applikationen</td>
<td>Markenlabel, Badge</td>
</tr>
<tr>
<td class="left">Bolsas</td>
<td>Reißverschlusstaschen, Innentasche</td>
</tr>
<tr>
<td class="left">Verschluss</td>
<td>Reißverschluss, Druckknöpfe</td>
</tr>
<tr>
<td class="left">Verschlussdetails</td>
<td>durchgehend, verdeckt</td>
</tr>
<tr>
<td class="left">Besondere Merkmale</td>
<td>zeitloser Steppmantel mit abnehmbarer Kapuze</td>
</tr>
</tbody>
</table>
