{"id":82310,"date":"2023-12-14T02:21:35","date_gmt":"2023-12-14T01:21:35","guid":{"rendered":"https:\/\/www.soanam.de\/?post_type=product&#038;p=82310"},"modified":"2023-12-14T02:23:55","modified_gmt":"2023-12-14T01:23:55","slug":"alpenblitz-winterjacke-eismaerchen-in-schwarz-groesse-40","status":"publish","type":"product","link":"https:\/\/www.soanam.de\/es\/produkt\/alpenblitz-winterjacke-eismaerchen-in-schwarz-groesse-40\/","title":{"rendered":"Chaqueta de invierno ALPENBLITZ Eism\u00e4rchen, en negro, talla 40"},"content":{"rendered":"<p>Winterparka von ALPENBLITZ<br \/>\nMit kuscheligem Fleecefutter in der Kapuze und Body-Part<br \/>\nVariable regulierbare Taille durch elastischen Riegel mit Kn\u00f6pfen, regulierbare Saumweite durch Zwei-Wege-Rei\u00dfverschluss und verdecktem Rei\u00dfverschluss hinten<br \/>\nFigurumspielende Passform mit betonter Taille und w\u00e4rmender L\u00e4nge<br \/>\nPraktische Brusttasche mit Rei\u00dfverschluss, gro\u00df aufgesetzte Pattentaschen und eine verdeckte Innentasche mit Rei\u00dfverschluss<\/p>\n<p>Klassischer Winter-Mantel von ALPENBLITZ neu interpretiert mit gro\u00dfer Kapuze mit Fake-Fur-Besatz und extra weichem Fleece-Futter.<br \/>\nLangmantel, mit Riegeln betonte und durch Druckkn\u00f6pfe regulierbare Taille, perfekte w\u00e4rmende L\u00e4nge bis \u00fcber den Po.<br \/>\nAufgesetzte Pattentaschen mit Druckknopf, Innentasche mit Rei\u00dfverschluss, 2-Wege-Zipper mit Puller mit Marken Pr\u00e4gung, praktische Brusttasche mit Zipper.<br \/>\nPraktisch verstellbarer Saum durch einen kurzen Rei\u00dfverschluss und Zipper hinten am Saum,<br \/>\nObermaterial aus leicht gl\u00e4nzendem robustem Gewebe, weich wattiert, kuscheliges Fleece innen und in der Kapuze.<\/p>\n<p>Material: Obermaterial: 100% Polyester. Futter: 100% Polyester. Besatz: 80% Polyacryl, 20% Polyester. Wattierung: 100% Polyester. B\u00fcndchen, \u00c4rmel: 95% Polyester, 5% Elasthan<\/p>\n<p>Instrucciones de cuidado: Lavar a m\u00e1quina<\/p>\n<p>Color: negro<br \/>\nPatr\u00f3n: sin<br \/>\nTalla: 40<\/p>\n<p>Anchura de los hombros: 42 cm<br \/>\nAnchura del pecho: 112 cm<\/p>\n<p>Longitud de la manga: 65 cm<br \/>\nLongitud total: 90 cm<\/p>","protected":false},"excerpt":{"rendered":"<table class=\"dv_characteristicsTable\">\n<tbody>\n<tr>\n<td class=\"left\">Talla<\/td>\n<td>40<\/td>\n<\/tr>\n<tr>\n<td class=\"left\">Gr\u00f6\u00dfentyp<\/td>\n<td>Normalgr\u00f6\u00dfen<\/td>\n<\/tr>\n<tr>\n<td class=\"left\">Composici\u00f3n del material<\/td>\n<td>Obermaterial: 100% Polyester. Futter: 100% Polyester. Besatz: 80% Polyacryl, 20% Polyester. Wattierung: 100% Polyester. B\u00fcndchen, \u00c4rmel: 95% Polyester, 5% Elasthan<\/td>\n<\/tr>\n<tr>\n<td class=\"left\">Materialart<\/td>\n<td>Web<\/td>\n<\/tr>\n<tr>\n<td class=\"left\">Instrucciones de cuidado<\/td>\n<td>Lavado a m\u00e1quina<\/td>\n<\/tr>\n<tr>\n<td class=\"left\">Optik<\/td>\n<td>unifarben<\/td>\n<\/tr>\n<tr>\n<td class=\"left\">Stil<\/td>\n<td>sportlich<\/td>\n<\/tr>\n<tr>\n<td class=\"left\">Color<\/td>\n<td>schwarz<\/td>\n<\/tr>\n<tr>\n<td class=\"left\">\u00c4rmel<\/td>\n<td>Manga larga<\/td>\n<\/tr>\n<tr>\n<td class=\"left\">\u00c4rmelabschluss<\/td>\n<td>Windstopperb\u00fcndchen<\/td>\n<\/tr>\n<tr>\n<td class=\"left\">\u00c4rmelabschlussdetails<\/td>\n<td>mit Windstopper<\/td>\n<\/tr>\n<tr>\n<td class=\"left\">Ajuste<\/td>\n<td>figurumspielend<\/td>\n<\/tr>\n<tr>\n<td class=\"left\">Schnittdetails<\/td>\n<td>verl\u00e4ngertes R\u00fcckenteil, gesmokte Taille<\/td>\n<\/tr>\n<tr>\n<td class=\"left\">Schnittform L\u00e4nge<\/td>\n<td>ca. Mitte Oberschenkel<\/td>\n<\/tr>\n<tr>\n<td class=\"left\">Cap\u00f3<\/td>\n<td>mit Kapuze<\/td>\n<\/tr>\n<tr>\n<td class=\"left\">Kapuzendetails<\/td>\n<td>Fellimitat an der Kapuze<\/td>\n<\/tr>\n<tr>\n<td class=\"left\">Kapuzenf\u00fctterung<\/td>\n<td>Vell\u00f3n<\/td>\n<\/tr>\n<tr>\n<td class=\"left\">Applikationen<\/td>\n<td>Markenlabel, Logopr\u00e4gung, Badge<\/td>\n<\/tr>\n<tr>\n<td class=\"left\">Bolsas<\/td>\n<td>aufgesetzte Taschen, Brusttasche, Innentasche<\/td>\n<\/tr>\n<tr>\n<td class=\"left\">Verschluss<\/td>\n<td>Cierre de cremallera<\/td>\n<\/tr>\n<tr>\n<td class=\"left\">Zus\u00e4tzlicher Verschluss<\/td>\n<td>Rei\u00dfverschluss hinten<\/td>\n<\/tr>\n<tr>\n<td class=\"left\">Besondere Merkmale<\/td>\n<td>mit Kapuze und abnehmbarem Kunstfell<\/td>\n<\/tr>\n<\/tbody>\n<\/table>","protected":false},"featured_media":82414,"comment_status":"open","ping_status":"closed","template":"","meta":{"_seopress_robots_primary_cat":"","_seopress_titles_title":"","_seopress_titles_desc":"","_seopress_robots_index":""},"product_brand":[],"product_cat":[1348,1354,1375,1440],"product_tag":[],"class_list":{"0":"post-82310","1":"product","2":"type-product","3":"status-publish","4":"has-post-thumbnail","6":"product_cat-damen-mode","7":"product_cat-jacken-maentel","8":"product_cat-winterjacken","9":"product_cat-parkas-winterjacken","10":"product_shipping_class-standard-versand","12":"first","13":"instock","14":"sale","15":"taxable","16":"shipping-taxable","17":"purchasable","18":"product-type-simple"},"_links":{"self":[{"href":"https:\/\/www.soanam.de\/es\/wp-json\/wp\/v2\/product\/82310","targetHints":{"allow":["GET"]}}],"collection":[{"href":"https:\/\/www.soanam.de\/es\/wp-json\/wp\/v2\/product"}],"about":[{"href":"https:\/\/www.soanam.de\/es\/wp-json\/wp\/v2\/types\/product"}],"replies":[{"embeddable":true,"href":"https:\/\/www.soanam.de\/es\/wp-json\/wp\/v2\/comments?post=82310"}],"wp:featuredmedia":[{"embeddable":true,"href":"https:\/\/www.soanam.de\/es\/wp-json\/wp\/v2\/media\/82414"}],"wp:attachment":[{"href":"https:\/\/www.soanam.de\/es\/wp-json\/wp\/v2\/media?parent=82310"}],"wp:term":[{"taxonomy":"product_brand","embeddable":true,"href":"https:\/\/www.soanam.de\/es\/wp-json\/wp\/v2\/product_brand?post=82310"},{"taxonomy":"product_cat","embeddable":true,"href":"https:\/\/www.soanam.de\/es\/wp-json\/wp\/v2\/product_cat?post=82310"},{"taxonomy":"product_tag","embeddable":true,"href":"https:\/\/www.soanam.de\/es\/wp-json\/wp\/v2\/product_tag?post=82310"}],"curies":[{"name":"wp","href":"https:\/\/api.w.org\/{rel}","templated":true}]}}

Chaqueta de invierno ALPENBLITZ Eismärchen, en negro, talla 40

<p>Winterparka von ALPENBLITZ<br />
Mit kuscheligem Fleecefutter in der Kapuze und Body-Part<br />
Variable regulierbare Taille durch elastischen Riegel mit Knöpfen, regulierbare Saumweite durch Zwei-Wege-Reißverschluss und verdecktem Reißverschluss hinten<br />
Figurumspielende Passform mit betonter Taille und wärmender Länge<br />
Praktische Brusttasche mit Reißverschluss, groß aufgesetzte Pattentaschen und eine verdeckte Innentasche mit Reißverschluss</p>
<p>Klassischer Winter-Mantel von ALPENBLITZ neu interpretiert mit großer Kapuze mit Fake-Fur-Besatz und extra weichem Fleece-Futter.<br />
Langmantel, mit Riegeln betonte und durch Druckknöpfe regulierbare Taille, perfekte wärmende Länge bis über den Po.<br />
Aufgesetzte Pattentaschen mit Druckknopf, Innentasche mit Reißverschluss, 2-Wege-Zipper mit Puller mit Marken Prägung, praktische Brusttasche mit Zipper.<br />
Praktisch verstellbarer Saum durch einen kurzen Reißverschluss und Zipper hinten am Saum,<br />
Obermaterial aus leicht glänzendem robustem Gewebe, weich wattiert, kuscheliges Fleece innen und in der Kapuze.</p>
<p>Material: Obermaterial: 100% Polyester. Futter: 100% Polyester. Besatz: 80% Polyacryl, 20% Polyester. Wattierung: 100% Polyester. Bündchen, Ärmel: 95% Polyester, 5% Elasthan</p>
<p>Instrucciones de cuidado: Lavar a máquina</p>
<p>Color: negro<br />
Patrón: sin<br />
Talla: 40</p>
<p>Anchura de los hombros: 42 cm<br />
Anchura del pecho: 112 cm</p>
<p>Longitud de la manga: 65 cm<br />
Longitud total: 90 cm</p>

<table class="dv_characteristicsTable">
<tbody>
<tr>
<td class="left">Talla</td>
<td>40</td>
</tr>
<tr>
<td class="left">Größentyp</td>
<td>Normalgrößen</td>
</tr>
<tr>
<td class="left">Composición del material</td>
<td>Obermaterial: 100% Polyester. Futter: 100% Polyester. Besatz: 80% Polyacryl, 20% Polyester. Wattierung: 100% Polyester. Bündchen, Ärmel: 95% Polyester, 5% Elasthan</td>
</tr>
<tr>
<td class="left">Materialart</td>
<td>Web</td>
</tr>
<tr>
<td class="left">Instrucciones de cuidado</td>
<td>Lavado a máquina</td>
</tr>
<tr>
<td class="left">Optik</td>
<td>unifarben</td>
</tr>
<tr>
<td class="left">Stil</td>
<td>sportlich</td>
</tr>
<tr>
<td class="left">Color</td>
<td>schwarz</td>
</tr>
<tr>
<td class="left">Ärmel</td>
<td>Manga larga</td>
</tr>
<tr>
<td class="left">Ärmelabschluss</td>
<td>Windstopperbündchen</td>
</tr>
<tr>
<td class="left">Ärmelabschlussdetails</td>
<td>mit Windstopper</td>
</tr>
<tr>
<td class="left">Ajuste</td>
<td>figurumspielend</td>
</tr>
<tr>
<td class="left">Schnittdetails</td>
<td>verlängertes Rückenteil, gesmokte Taille</td>
</tr>
<tr>
<td class="left">Schnittform Länge</td>
<td>ca. Mitte Oberschenkel</td>
</tr>
<tr>
<td class="left">Capó</td>
<td>mit Kapuze</td>
</tr>
<tr>
<td class="left">Kapuzendetails</td>
<td>Fellimitat an der Kapuze</td>
</tr>
<tr>
<td class="left">Kapuzenfütterung</td>
<td>Vellón</td>
</tr>
<tr>
<td class="left">Applikationen</td>
<td>Markenlabel, Logoprägung, Badge</td>
</tr>
<tr>
<td class="left">Bolsas</td>
<td>aufgesetzte Taschen, Brusttasche, Innentasche</td>
</tr>
<tr>
<td class="left">Verschluss</td>
<td>Cierre de cremallera</td>
</tr>
<tr>
<td class="left">Zusätzlicher Verschluss</td>
<td>Reißverschluss hinten</td>
</tr>
<tr>
<td class="left">Besondere Merkmale</td>
<td>mit Kapuze und abnehmbarem Kunstfell</td>
</tr>
</tbody>
</table>
