{"id":82292,"date":"2023-12-14T02:21:09","date_gmt":"2023-12-14T01:21:09","guid":{"rendered":"https:\/\/www.soanam.de\/?post_type=product&#038;p=82292"},"modified":"2023-12-14T02:23:50","modified_gmt":"2023-12-14T01:23:50","slug":"alpenblitz-parka-wintercharme-in-marine-groesse-40","status":"publish","type":"product","link":"https:\/\/www.soanam.de\/es\/produkt\/alpenblitz-parka-wintercharme-in-marine-groesse-40\/","title":{"rendered":"ALPENBLITZ parka encanto de invierno, en azul marino, talla 40"},"content":{"rendered":"<p>Wintermantel mit abtrennbarem Kunstfellbesatz an der Kapuze von Alpenblitz<br \/>\nMit vielen Details, wie Kinnschutz, gelabelte Zipper Puller und \u00c4rmel mit Ziersteppung<br \/>\nFigurumspielender, langer Parka mit Tunnelzug in der Taille<br \/>\nKuschelig warm mit Kunstfellfutter innen, hochschlie\u00dfendem Rei\u00dfverschluss, gef\u00fctterte Eingriffstaschen<br \/>\nHochwertiges Design, dickes und weiches Obermaterial<\/p>\n<p>Klassischer Wintermantel von ALPENBLITZ mit stylischen Steppungen, gro\u00dfer Kapuze mit abnehmbarem Fellimitatbesatz und extra kuscheligem Fellimitatfutter.<br \/>\nDer Parka ist in w\u00e4rmender, Po-bedeckender L\u00e4nge, mit regulierbarer Taillenpassform durch Tunnelzug und Kordel, Figur schmeichelnd und edel geschnitten.<br \/>\nAufgesetzte Pattentaschen mit Druckknopf, Innentasche mit Rei\u00dfverschluss, robuster Zipper mit Puller mit Markenpr\u00e4gung, praktische Brusttasche mit Zipper - das sind nur einige der vielen stylischen und praktischen Details.<br \/>\nDas Obermaterial ist aus leicht gl\u00e4nzendem robustem Gewebe, dick wattiert, mit kuscheligem Fleece innen und in der Kapuze.<\/p>\n<p>Material: Obermaterial: 100% Polyester. Futter: 100% Polyester. \u00c4rmelfutter: 100% Polyester. Besatz: 80% Polyacryl, 20% Polyester. Wattierung: 100% Polyester. B\u00fcndchen, \u00c4rmel: 95% Polyester, 5% Elasthan<\/p>\n<p>Instrucciones de cuidado: Lavar a m\u00e1quina<\/p>\n<p>Color: azul marino<br \/>\nPatr\u00f3n: sin<br \/>\nTalla: 40<\/p>\n<p>Anchura de los hombros: 44 cm<br \/>\nBrustweite: 111cm<br \/>\nLongitud de la manga: 67 cm<br \/>\nLongitud total: 88 cm<\/p>","protected":false},"excerpt":{"rendered":"<table class=\"dv_characteristicsTable\">\n<tbody>\n<tr>\n<td class=\"left\">Talla<\/td>\n<td>40<\/td>\n<\/tr>\n<tr>\n<td class=\"left\">Gr\u00f6\u00dfentyp<\/td>\n<td>Normalgr\u00f6\u00dfen<\/td>\n<\/tr>\n<tr>\n<td class=\"left\">Composici\u00f3n del material<\/td>\n<td>Obermaterial: 100% Polyester. Futter: 100% Polyester. \u00c4rmelfutter: 100% Polyester. Besatz: 80% Polyacryl, 20% Polyester. Wattierung: 100% Polyester. B\u00fcndchen, \u00c4rmel: 95% Polyester, 5% Elasthan<\/td>\n<\/tr>\n<tr>\n<td class=\"left\">Materialart<\/td>\n<td>Web<\/td>\n<\/tr>\n<tr>\n<td class=\"left\">Instrucciones de cuidado<\/td>\n<td>Lavado a m\u00e1quina<\/td>\n<\/tr>\n<tr>\n<td class=\"left\">Optik<\/td>\n<td>unifarben mit Farbeins\u00e4tzen, leicht gl\u00e4nzend<\/td>\n<\/tr>\n<tr>\n<td class=\"left\">Stil<\/td>\n<td>casual<\/td>\n<\/tr>\n<tr>\n<td class=\"left\">Color<\/td>\n<td>marine-beige<\/td>\n<\/tr>\n<tr>\n<td class=\"left\">Ausschnitt<\/td>\n<td>Rundhals<\/td>\n<\/tr>\n<tr>\n<td class=\"left\">\u00c4rmel<\/td>\n<td>Manga larga<\/td>\n<\/tr>\n<tr>\n<td class=\"left\">\u00c4rmeldetails<\/td>\n<td>\u00c4rmel mit \u00c4rmelschlitz<\/td>\n<\/tr>\n<tr>\n<td class=\"left\">\u00c4rmelabschluss<\/td>\n<td>Pu\u00f1os de canal\u00e9<\/td>\n<\/tr>\n<tr>\n<td class=\"left\">\u00c4rmelabschlussdetails<\/td>\n<td>mit Windstopper<\/td>\n<\/tr>\n<tr>\n<td class=\"left\">Rumpfabschluss<\/td>\n<td>eingefasste Kante<\/td>\n<\/tr>\n<tr>\n<td class=\"left\">Rumpfabschlussdetails<\/td>\n<td>mit Schlitz<\/td>\n<\/tr>\n<tr>\n<td class=\"left\">Ajuste<\/td>\n<td>figurumspielend<\/td>\n<\/tr>\n<tr>\n<td class=\"left\">Schnittdetails<\/td>\n<td>Wiener N\u00e4hte<\/td>\n<\/tr>\n<tr>\n<td class=\"left\">Schnittform L\u00e4nge<\/td>\n<td>Po-bedeckend<\/td>\n<\/tr>\n<tr>\n<td class=\"left\">Cap\u00f3<\/td>\n<td>mit Kapuze<\/td>\n<\/tr>\n<tr>\n<td class=\"left\">Kapuzendetails<\/td>\n<td>Fellimitat an der Kapuze<\/td>\n<\/tr>\n<tr>\n<td class=\"left\">Kapuzenf\u00fctterung<\/td>\n<td>Fellimitat<\/td>\n<\/tr>\n<tr>\n<td class=\"left\">Applikationen<\/td>\n<td>Markenlabel<\/td>\n<\/tr>\n<tr>\n<td class=\"left\">Bolsas<\/td>\n<td>Pattentaschen, Innentasche<\/td>\n<\/tr>\n<tr>\n<td class=\"left\">Verschluss<\/td>\n<td>Rei\u00dfverschluss, Druckkn\u00f6pfe<\/td>\n<\/tr>\n<tr>\n<td class=\"left\">Verschlussdetails<\/td>\n<td>durchgehend<\/td>\n<\/tr>\n<tr>\n<td class=\"left\">Besondere Merkmale<\/td>\n<td>mit kuschelig gef\u00fctterter Kapuze und abnehmbaren Kunstfell an der Kante<\/td>\n<\/tr>\n<\/tbody>\n<\/table>","protected":false},"featured_media":82411,"comment_status":"open","ping_status":"closed","template":"","meta":{"_seopress_robots_primary_cat":"","_seopress_titles_title":"","_seopress_titles_desc":"","_seopress_robots_index":""},"product_brand":[],"product_cat":[1348,1354,1375,1440],"product_tag":[],"class_list":{"0":"post-82292","1":"product","2":"type-product","3":"status-publish","4":"has-post-thumbnail","6":"product_cat-damen-mode","7":"product_cat-jacken-maentel","8":"product_cat-winterjacken","9":"product_cat-parkas-winterjacken","10":"product_shipping_class-standard-versand","12":"first","13":"instock","14":"sale","15":"taxable","16":"shipping-taxable","17":"purchasable","18":"product-type-simple"},"_links":{"self":[{"href":"https:\/\/www.soanam.de\/es\/wp-json\/wp\/v2\/product\/82292","targetHints":{"allow":["GET"]}}],"collection":[{"href":"https:\/\/www.soanam.de\/es\/wp-json\/wp\/v2\/product"}],"about":[{"href":"https:\/\/www.soanam.de\/es\/wp-json\/wp\/v2\/types\/product"}],"replies":[{"embeddable":true,"href":"https:\/\/www.soanam.de\/es\/wp-json\/wp\/v2\/comments?post=82292"}],"wp:featuredmedia":[{"embeddable":true,"href":"https:\/\/www.soanam.de\/es\/wp-json\/wp\/v2\/media\/82411"}],"wp:attachment":[{"href":"https:\/\/www.soanam.de\/es\/wp-json\/wp\/v2\/media?parent=82292"}],"wp:term":[{"taxonomy":"product_brand","embeddable":true,"href":"https:\/\/www.soanam.de\/es\/wp-json\/wp\/v2\/product_brand?post=82292"},{"taxonomy":"product_cat","embeddable":true,"href":"https:\/\/www.soanam.de\/es\/wp-json\/wp\/v2\/product_cat?post=82292"},{"taxonomy":"product_tag","embeddable":true,"href":"https:\/\/www.soanam.de\/es\/wp-json\/wp\/v2\/product_tag?post=82292"}],"curies":[{"name":"wp","href":"https:\/\/api.w.org\/{rel}","templated":true}]}}

<p>Wintermantel mit abtrennbarem Kunstfellbesatz an der Kapuze von Alpenblitz<br />
Mit vielen Details, wie Kinnschutz, gelabelte Zipper Puller und Ärmel mit Ziersteppung<br />
Figurumspielender, langer Parka mit Tunnelzug in der Taille<br />
Kuschelig warm mit Kunstfellfutter innen, hochschließendem Reißverschluss, gefütterte Eingriffstaschen<br />
Hochwertiges Design, dickes und weiches Obermaterial</p>
<p>Klassischer Wintermantel von ALPENBLITZ mit stylischen Steppungen, großer Kapuze mit abnehmbarem Fellimitatbesatz und extra kuscheligem Fellimitatfutter.<br />
Der Parka ist in wärmender, Po-bedeckender Länge, mit regulierbarer Taillenpassform durch Tunnelzug und Kordel, Figur schmeichelnd und edel geschnitten.<br />
Aufgesetzte Pattentaschen mit Druckknopf, Innentasche mit Reißverschluss, robuster Zipper mit Puller mit Markenprägung, praktische Brusttasche mit Zipper - das sind nur einige der vielen stylischen und praktischen Details.<br />
Das Obermaterial ist aus leicht glänzendem robustem Gewebe, dick wattiert, mit kuscheligem Fleece innen und in der Kapuze.</p>
<p>Material: Obermaterial: 100% Polyester. Futter: 100% Polyester. Ärmelfutter: 100% Polyester. Besatz: 80% Polyacryl, 20% Polyester. Wattierung: 100% Polyester. Bündchen, Ärmel: 95% Polyester, 5% Elasthan</p>
<p>Instrucciones de cuidado: Lavar a máquina</p>
<p>Color: azul marino<br />
Patrón: sin<br />
Talla: 40</p>
<p>Anchura de los hombros: 44 cm<br />
Brustweite: 111cm<br />
Longitud de la manga: 67 cm<br />
Longitud total: 88 cm</p>

<table class="dv_characteristicsTable">
<tbody>
<tr>
<td class="left">Talla</td>
<td>40</td>
</tr>
<tr>
<td class="left">Größentyp</td>
<td>Normalgrößen</td>
</tr>
<tr>
<td class="left">Composición del material</td>
<td>Obermaterial: 100% Polyester. Futter: 100% Polyester. Ärmelfutter: 100% Polyester. Besatz: 80% Polyacryl, 20% Polyester. Wattierung: 100% Polyester. Bündchen, Ärmel: 95% Polyester, 5% Elasthan</td>
</tr>
<tr>
<td class="left">Materialart</td>
<td>Web</td>
</tr>
<tr>
<td class="left">Instrucciones de cuidado</td>
<td>Lavado a máquina</td>
</tr>
<tr>
<td class="left">Optik</td>
<td>unifarben mit Farbeinsätzen, leicht glänzend</td>
</tr>
<tr>
<td class="left">Stil</td>
<td>casual</td>
</tr>
<tr>
<td class="left">Color</td>
<td>marine-beige</td>
</tr>
<tr>
<td class="left">Ausschnitt</td>
<td>Rundhals</td>
</tr>
<tr>
<td class="left">Ärmel</td>
<td>Manga larga</td>
</tr>
<tr>
<td class="left">Ärmeldetails</td>
<td>Ärmel mit Ärmelschlitz</td>
</tr>
<tr>
<td class="left">Ärmelabschluss</td>
<td>Puños de canalé</td>
</tr>
<tr>
<td class="left">Ärmelabschlussdetails</td>
<td>mit Windstopper</td>
</tr>
<tr>
<td class="left">Rumpfabschluss</td>
<td>eingefasste Kante</td>
</tr>
<tr>
<td class="left">Rumpfabschlussdetails</td>
<td>mit Schlitz</td>
</tr>
<tr>
<td class="left">Ajuste</td>
<td>figurumspielend</td>
</tr>
<tr>
<td class="left">Schnittdetails</td>
<td>Wiener Nähte</td>
</tr>
<tr>
<td class="left">Schnittform Länge</td>
<td>Po-bedeckend</td>
</tr>
<tr>
<td class="left">Capó</td>
<td>mit Kapuze</td>
</tr>
<tr>
<td class="left">Kapuzendetails</td>
<td>Fellimitat an der Kapuze</td>
</tr>
<tr>
<td class="left">Kapuzenfütterung</td>
<td>Fellimitat</td>
</tr>
<tr>
<td class="left">Applikationen</td>
<td>Markenlabel</td>
</tr>
<tr>
<td class="left">Bolsas</td>
<td>Pattentaschen, Innentasche</td>
</tr>
<tr>
<td class="left">Verschluss</td>
<td>Reißverschluss, Druckknöpfe</td>
</tr>
<tr>
<td class="left">Verschlussdetails</td>
<td>durchgehend</td>
</tr>
<tr>
<td class="left">Besondere Merkmale</td>
<td>mit kuschelig gefütterter Kapuze und abnehmbaren Kunstfell an der Kante</td>
</tr>
</tbody>
</table>
