{"id":82290,"date":"2023-12-14T02:21:08","date_gmt":"2023-12-14T01:21:08","guid":{"rendered":"https:\/\/www.soanam.de\/?post_type=product&#038;p=82290"},"modified":"2023-12-14T02:23:40","modified_gmt":"2023-12-14T01:23:40","slug":"alpenblitz-chaqueta-acolchada-schneeglanz-en-color-caqui-talla-46","status":"publish","type":"product","link":"https:\/\/www.soanam.de\/es\/produkt\/alpenblitz-steppjacke-schneeglanz-in-khaki-groesse-46\/","title":{"rendered":"Chaqueta acolchada ALPENBLITZ Schneeglanz, en color caqui, talla 46"},"content":{"rendered":"<p>Chaqueta deportiva con detalles de cinta tejida y acolchado elaborado de ALPENBLITZ<br \/>\nAspecto de alta calidad gracias al material mate brillante<br \/>\nCorte ce\u00f1ido con cintura acentuada gracias a los pespuntes y longitud perfecta por encima del culo.<br \/>\nCintura ajustable con cord\u00f3n interior con topes<br \/>\nCon muchos detalles fant\u00e1sticos, como bolsillos con cremallera en el pecho, grandes bolsillos con solapa abotonada, bolsillo interior para el m\u00f3vil y cinta interior para llevar<\/p>\n<p>Acogedora y c\u00e1lida chaqueta acolchada de invierno de Alpenblitz con sofisticado acolchado, modernos detalles en los bolsillos y una gran capucha con piel sint\u00e9tica desmontable.<br \/>\nAbrigo ce\u00f1ido, largo que abriga hasta las nalgas, acent\u00faa la cintura con un acolchado espec\u00edfico, ajuste perfecto gracias al cord\u00f3n interior de la cintura.<br \/>\nC\u00e1lidos pu\u00f1os de canal\u00e9, bolsillos en el pecho con cremalleras selladas, chapa con el logotipo en la manga y en el dobladillo.<br \/>\nSuave al tacto, elegante tejido mate brillante, c\u00e1lido cuello de canal\u00e9, totalmente forrado.<\/p>\n<p>Material: Exterior: 100% poli\u00e9ster. Piel sint\u00e9tica: 100% poliacr\u00edlico. Forro: 100% poli\u00e9ster. Relleno: 100% poli\u00e9ster.<\/p>\n<p>Instrucciones de cuidado: Lavar a m\u00e1quina<\/p>\n<p>Color: caqui<br \/>\nPatr\u00f3n: sin<br \/>\nTalla: 46<\/p>\n<p>Anchura de los hombros: 47 cm<br \/>\nAnchura del pecho: 126 cm<\/p>\n<p>Longitud de la manga: 65 cm<br \/>\nLongitud total: 93 cm<\/p>","protected":false},"excerpt":{"rendered":"<table class=\"dv_characteristicsTable\">\n<tbody>\n<tr>\n<td class=\"left\">Talla<\/td>\n<td>46<\/td>\n<\/tr>\n<tr>\n<td class=\"left\">Gr\u00f6\u00dfentyp<\/td>\n<td>Normalgr\u00f6\u00dfen<\/td>\n<\/tr>\n<tr>\n<td class=\"left\">Composici\u00f3n del material<\/td>\n<td>Obermaterial: 100% Polyester. Fellimitat: 100% Polyacryl. Futter: 100% Polyester. Wattierung: 100% Polyester<\/td>\n<\/tr>\n<tr>\n<td class=\"left\">Materialart<\/td>\n<td>Web<\/td>\n<\/tr>\n<tr>\n<td class=\"left\">Materialart Innenfutter<\/td>\n<td>Web<\/td>\n<\/tr>\n<tr>\n<td class=\"left\">Instrucciones de cuidado<\/td>\n<td>Lavado a m\u00e1quina<\/td>\n<\/tr>\n<tr>\n<td class=\"left\">Optik<\/td>\n<td>unifarben, kontrastfarbene Details<\/td>\n<\/tr>\n<tr>\n<td class=\"left\">Stil<\/td>\n<td>sportlich<\/td>\n<\/tr>\n<tr>\n<td class=\"left\">Color<\/td>\n<td>khaki<\/td>\n<\/tr>\n<tr>\n<td class=\"left\">Kragen<\/td>\n<td>Rippkragen<\/td>\n<\/tr>\n<tr>\n<td class=\"left\">\u00c4rmel<\/td>\n<td>Manga larga<\/td>\n<\/tr>\n<tr>\n<td class=\"left\">\u00c4rmelabschluss<\/td>\n<td>Windstopperb\u00fcndchen<\/td>\n<\/tr>\n<tr>\n<td class=\"left\">\u00c4rmelabschlussdetails<\/td>\n<td>mit Rei\u00dfverschluss<\/td>\n<\/tr>\n<tr>\n<td class=\"left\">Ajuste<\/td>\n<td>figurumspielend<\/td>\n<\/tr>\n<tr>\n<td class=\"left\">Schnittform L\u00e4nge<\/td>\n<td>kniefrei<\/td>\n<\/tr>\n<tr>\n<td class=\"left\">Cap\u00f3<\/td>\n<td>mit Kapuze<\/td>\n<\/tr>\n<tr>\n<td class=\"left\">Kapuzendetails<\/td>\n<td>abnehmbares Fellimitat<\/td>\n<\/tr>\n<tr>\n<td class=\"left\">Kapuzenf\u00fctterung<\/td>\n<td>farblich passend<\/td>\n<\/tr>\n<tr>\n<td class=\"left\">Applikationen<\/td>\n<td>Markenlabel, Badge, Logodruck, Tunnelzug, Kontrastbes\u00e4tze<\/td>\n<\/tr>\n<tr>\n<td class=\"left\">Bolsas<\/td>\n<td>aufgesetzte Taschen, Brusttaschen, Handytasche<\/td>\n<\/tr>\n<tr>\n<td class=\"left\">Verschlussdetails<\/td>\n<td>verdeckt<\/td>\n<\/tr>\n<tr>\n<td class=\"left\">Besondere Merkmale<\/td>\n<td>edle Winterjacke mit Rippenstehkragen und abnehmbaren Kunstfell an der Kapuze<\/td>\n<\/tr>\n<\/tbody>\n<\/table>","protected":false},"featured_media":82404,"comment_status":"open","ping_status":"closed","template":"","meta":{"_seopress_robots_primary_cat":"","_seopress_titles_title":"","_seopress_titles_desc":"","_seopress_robots_index":""},"product_brand":[],"product_cat":[1348,1354,1375,1376],"product_tag":[],"class_list":{"0":"post-82290","1":"product","2":"type-product","3":"status-publish","4":"has-post-thumbnail","6":"product_cat-damen-mode","7":"product_cat-jacken-maentel","8":"product_cat-winterjacken","9":"product_cat-daunenjacken-steppjacken","10":"product_shipping_class-standard-versand","12":"first","13":"instock","14":"sale","15":"taxable","16":"shipping-taxable","17":"purchasable","18":"product-type-simple"},"_links":{"self":[{"href":"https:\/\/www.soanam.de\/es\/wp-json\/wp\/v2\/product\/82290","targetHints":{"allow":["GET"]}}],"collection":[{"href":"https:\/\/www.soanam.de\/es\/wp-json\/wp\/v2\/product"}],"about":[{"href":"https:\/\/www.soanam.de\/es\/wp-json\/wp\/v2\/types\/product"}],"replies":[{"embeddable":true,"href":"https:\/\/www.soanam.de\/es\/wp-json\/wp\/v2\/comments?post=82290"}],"wp:featuredmedia":[{"embeddable":true,"href":"https:\/\/www.soanam.de\/es\/wp-json\/wp\/v2\/media\/82404"}],"wp:attachment":[{"href":"https:\/\/www.soanam.de\/es\/wp-json\/wp\/v2\/media?parent=82290"}],"wp:term":[{"taxonomy":"product_brand","embeddable":true,"href":"https:\/\/www.soanam.de\/es\/wp-json\/wp\/v2\/product_brand?post=82290"},{"taxonomy":"product_cat","embeddable":true,"href":"https:\/\/www.soanam.de\/es\/wp-json\/wp\/v2\/product_cat?post=82290"},{"taxonomy":"product_tag","embeddable":true,"href":"https:\/\/www.soanam.de\/es\/wp-json\/wp\/v2\/product_tag?post=82290"}],"curies":[{"name":"wp","href":"https:\/\/api.w.org\/{rel}","templated":true}]}}

<p>Chaqueta deportiva con detalles de cinta tejida y acolchado elaborado de ALPENBLITZ<br />
Aspecto de alta calidad gracias al material mate brillante<br />
Corte ceñido con cintura acentuada gracias a los pespuntes y longitud perfecta por encima del culo.<br />
Cintura ajustable con cordón interior con topes<br />
Con muchos detalles fantásticos, como bolsillos con cremallera en el pecho, grandes bolsillos con solapa abotonada, bolsillo interior para el móvil y cinta interior para llevar</p>
<p>Acogedora y cálida chaqueta acolchada de invierno de Alpenblitz con sofisticado acolchado, modernos detalles en los bolsillos y una gran capucha con piel sintética desmontable.<br />
Abrigo ceñido, largo que abriga hasta las nalgas, acentúa la cintura con un acolchado específico, ajuste perfecto gracias al cordón interior de la cintura.<br />
Cálidos puños de canalé, bolsillos en el pecho con cremalleras selladas, chapa con el logotipo en la manga y en el dobladillo.<br />
Suave al tacto, elegante tejido mate brillante, cálido cuello de canalé, totalmente forrado.</p>
<p>Material: Exterior: 100% poliéster. Piel sintética: 100% poliacrílico. Forro: 100% poliéster. Relleno: 100% poliéster.</p>
<p>Instrucciones de cuidado: Lavar a máquina</p>
<p>Color: caqui<br />
Patrón: sin<br />
Talla: 46</p>
<p>Anchura de los hombros: 47 cm<br />
Anchura del pecho: 126 cm</p>
<p>Longitud de la manga: 65 cm<br />
Longitud total: 93 cm</p>

<table class="dv_characteristicsTable">
<tbody>
<tr>
<td class="left">Talla</td>
<td>46</td>
</tr>
<tr>
<td class="left">Größentyp</td>
<td>Normalgrößen</td>
</tr>
<tr>
<td class="left">Composición del material</td>
<td>Obermaterial: 100% Polyester. Fellimitat: 100% Polyacryl. Futter: 100% Polyester. Wattierung: 100% Polyester</td>
</tr>
<tr>
<td class="left">Materialart</td>
<td>Web</td>
</tr>
<tr>
<td class="left">Materialart Innenfutter</td>
<td>Web</td>
</tr>
<tr>
<td class="left">Instrucciones de cuidado</td>
<td>Lavado a máquina</td>
</tr>
<tr>
<td class="left">Optik</td>
<td>unifarben, kontrastfarbene Details</td>
</tr>
<tr>
<td class="left">Stil</td>
<td>sportlich</td>
</tr>
<tr>
<td class="left">Color</td>
<td>khaki</td>
</tr>
<tr>
<td class="left">Kragen</td>
<td>Rippkragen</td>
</tr>
<tr>
<td class="left">Ärmel</td>
<td>Manga larga</td>
</tr>
<tr>
<td class="left">Ärmelabschluss</td>
<td>Windstopperbündchen</td>
</tr>
<tr>
<td class="left">Ärmelabschlussdetails</td>
<td>mit Reißverschluss</td>
</tr>
<tr>
<td class="left">Ajuste</td>
<td>figurumspielend</td>
</tr>
<tr>
<td class="left">Schnittform Länge</td>
<td>kniefrei</td>
</tr>
<tr>
<td class="left">Capó</td>
<td>mit Kapuze</td>
</tr>
<tr>
<td class="left">Kapuzendetails</td>
<td>abnehmbares Fellimitat</td>
</tr>
<tr>
<td class="left">Kapuzenfütterung</td>
<td>farblich passend</td>
</tr>
<tr>
<td class="left">Applikationen</td>
<td>Markenlabel, Badge, Logodruck, Tunnelzug, Kontrastbesätze</td>
</tr>
<tr>
<td class="left">Bolsas</td>
<td>aufgesetzte Taschen, Brusttaschen, Handytasche</td>
</tr>
<tr>
<td class="left">Verschlussdetails</td>
<td>verdeckt</td>
</tr>
<tr>
<td class="left">Besondere Merkmale</td>
<td>edle Winterjacke mit Rippenstehkragen und abnehmbaren Kunstfell an der Kapuze</td>
</tr>
</tbody>
</table>
