{"id":82276,"date":"2023-12-14T02:20:47","date_gmt":"2023-12-14T01:20:47","guid":{"rendered":"https:\/\/www.soanam.de\/?post_type=product&#038;p=82276"},"modified":"2023-12-14T02:23:36","modified_gmt":"2023-12-14T01:23:36","slug":"alpenblitz-abrigo-de-invierno-slim-wai-en-oliva-talla-44","status":"publish","type":"product","link":"https:\/\/www.soanam.de\/es\/produkt\/alpenblitz-wintermantel-slim-wai-in-olive-groesse-44\/","title":{"rendered":"Abrigo de invierno ALPENBLITZ Slim Wai, en color oliva, talla 44"},"content":{"rendered":"<p>Abrigo de invierno con capucha desmontable de Alpenblitz<br \/>\nCon muchos detalles, como una pr\u00e1ctica cremallera doble, amplios bolsillos con cremallera, un bolsillo interior, fruncido el\u00e1stico en la cintura, pu\u00f1os en los extremos de las mangas que tambi\u00e9n se pueden ajustar individualmente<br \/>\nCon el logotipo de Alpenblitz en la manga<br \/>\nDe material f\u00e1cil de cuidar, ligero y c\u00e1lidamente forrado<\/p>\n<p>Abrigo cl\u00e1sico de invierno de ALPENBLITZ con una gran capucha desmontable.<br \/>\nLa parka tiene un corte favorecedor y elegante en un largo c\u00e1lido que cubre el bajo, con cintura ajustable gracias a los fruncidos el\u00e1sticos.<br \/>\nAmplios bolsillos con cremallera, bolsillo interior, pu\u00f1os en los extremos de las mangas que tambi\u00e9n se pueden ajustar individualmente: estos son s\u00f3lo algunos de los muchos detalles pr\u00e1cticos y con estilo.<br \/>\nLa parte superior est\u00e1 hecha de un material ligeramente brillante, f\u00e1cil de cuidar, con un c\u00e1lido forro.<\/p>\n<p>Material: Parte superior: nailon 100%<br \/>\nInstrucciones de cuidado: Lavar a m\u00e1quina<\/p>\n<p>Color: oliva<br \/>\nPatr\u00f3n: sin<br \/>\nTalla: 44<\/p>\n<p>Anchura de los hombros: 46 cm<br \/>\nAnchura del pecho: 120 cm<br \/>\nLongitud de la manga: 65 cm<br \/>\nLongitud total: 107 cm<\/p>","protected":false},"excerpt":{"rendered":"<table class=\"dv_characteristicsTable\">\n<tbody>\n<tr>\n<td class=\"left\">Talla<\/td>\n<td>44<\/td>\n<\/tr>\n<tr>\n<td class=\"left\">Gr\u00f6\u00dfentyp<\/td>\n<td>Normalgr\u00f6\u00dfen<\/td>\n<\/tr>\n<tr>\n<td class=\"left\">Composici\u00f3n del material<\/td>\n<td>Obermaterial: 100% Nylon. Futter: 100% Polyester.<\/td>\n<\/tr>\n<tr>\n<td class=\"left\">Materialart<\/td>\n<td>Web<\/td>\n<\/tr>\n<tr>\n<td class=\"left\">Instrucciones de cuidado<\/td>\n<td>Lavado a m\u00e1quina<\/td>\n<\/tr>\n<tr>\n<td class=\"left\">Optik<\/td>\n<td>unifarben, leicht gl\u00e4nzend<\/td>\n<\/tr>\n<tr>\n<td class=\"left\">Stil<\/td>\n<td>casual<\/td>\n<\/tr>\n<tr>\n<td class=\"left\">Color<\/td>\n<td>olive<\/td>\n<\/tr>\n<tr>\n<td class=\"left\">Ausschnitt<\/td>\n<td>Kragen<\/td>\n<\/tr>\n<tr>\n<td class=\"left\">\u00c4rmel<\/td>\n<td>Manga larga<\/td>\n<\/tr>\n<tr>\n<td class=\"left\">\u00c4rmeldetails<\/td>\n<td>\u00c4rmel mit einstellbaren \u00c4rmelenden<\/td>\n<\/tr>\n<tr>\n<td class=\"left\">\u00c4rmelabschluss<\/td>\n<td>Pu\u00f1os de canal\u00e9<\/td>\n<\/tr>\n<tr>\n<td class=\"left\">Cap\u00f3<\/td>\n<td>mit Kapuze<\/td>\n<\/tr>\n<tr>\n<td class=\"left\">Ajuste<\/td>\n<td>figurumspielend<\/td>\n<\/tr>\n<tr>\n<td class=\"left\">Schnittform L\u00e4nge<\/td>\n<td>Po-bedeckend<\/td>\n<\/tr>\n<tr>\n<td class=\"left\">Applikationen<\/td>\n<td>Markenlabel<\/td>\n<\/tr>\n<tr>\n<td class=\"left\">Verschluss<\/td>\n<td>doppelter Rei\u00dfverschluss<\/td>\n<\/tr>\n<tr>\n<td class=\"left\"><\/td>\n<td><\/td>\n<\/tr>\n<tr>\n<td class=\"left\"><\/td>\n<td><\/td>\n<\/tr>\n<tr>\n<td class=\"left\"><\/td>\n<td><\/td>\n<\/tr>\n<tr>\n<td class=\"left\"><\/td>\n<td><\/td>\n<\/tr>\n<tr>\n<td class=\"left\"><\/td>\n<td><\/td>\n<\/tr>\n<tr>\n<td class=\"left\"><\/td>\n<td><\/td>\n<\/tr>\n<tr>\n<td class=\"left\"><\/td>\n<td><\/td>\n<\/tr>\n<tr>\n<td class=\"left\"><\/td>\n<td><\/td>\n<\/tr>\n<tr>\n<td class=\"left\"><\/td>\n<td><\/td>\n<\/tr>\n<\/tbody>\n<\/table>","protected":false},"featured_media":82401,"comment_status":"open","ping_status":"closed","template":"","meta":{"_seopress_robots_primary_cat":"","_seopress_titles_title":"","_seopress_titles_desc":"","_seopress_robots_index":""},"product_brand":[],"product_cat":[1348,1354,1375,1440],"product_tag":[],"class_list":{"0":"post-82276","1":"product","2":"type-product","3":"status-publish","4":"has-post-thumbnail","6":"product_cat-damen-mode","7":"product_cat-jacken-maentel","8":"product_cat-winterjacken","9":"product_cat-parkas-winterjacken","10":"product_shipping_class-standard-versand","12":"first","13":"instock","14":"sale","15":"taxable","16":"shipping-taxable","17":"purchasable","18":"product-type-simple"},"_links":{"self":[{"href":"https:\/\/www.soanam.de\/es\/wp-json\/wp\/v2\/product\/82276","targetHints":{"allow":["GET"]}}],"collection":[{"href":"https:\/\/www.soanam.de\/es\/wp-json\/wp\/v2\/product"}],"about":[{"href":"https:\/\/www.soanam.de\/es\/wp-json\/wp\/v2\/types\/product"}],"replies":[{"embeddable":true,"href":"https:\/\/www.soanam.de\/es\/wp-json\/wp\/v2\/comments?post=82276"}],"wp:featuredmedia":[{"embeddable":true,"href":"https:\/\/www.soanam.de\/es\/wp-json\/wp\/v2\/media\/82401"}],"wp:attachment":[{"href":"https:\/\/www.soanam.de\/es\/wp-json\/wp\/v2\/media?parent=82276"}],"wp:term":[{"taxonomy":"product_brand","embeddable":true,"href":"https:\/\/www.soanam.de\/es\/wp-json\/wp\/v2\/product_brand?post=82276"},{"taxonomy":"product_cat","embeddable":true,"href":"https:\/\/www.soanam.de\/es\/wp-json\/wp\/v2\/product_cat?post=82276"},{"taxonomy":"product_tag","embeddable":true,"href":"https:\/\/www.soanam.de\/es\/wp-json\/wp\/v2\/product_tag?post=82276"}],"curies":[{"name":"wp","href":"https:\/\/api.w.org\/{rel}","templated":true}]}}

<p>Abrigo de invierno con capucha desmontable de Alpenblitz<br />
Con muchos detalles, como una práctica cremallera doble, amplios bolsillos con cremallera, un bolsillo interior, fruncido elástico en la cintura, puños en los extremos de las mangas que también se pueden ajustar individualmente<br />
Con el logotipo de Alpenblitz en la manga<br />
De material fácil de cuidar, ligero y cálidamente forrado</p>
<p>Abrigo clásico de invierno de ALPENBLITZ con una gran capucha desmontable.<br />
La parka tiene un corte favorecedor y elegante en un largo cálido que cubre el bajo, con cintura ajustable gracias a los fruncidos elásticos.<br />
Amplios bolsillos con cremallera, bolsillo interior, puños en los extremos de las mangas que también se pueden ajustar individualmente: estos son sólo algunos de los muchos detalles prácticos y con estilo.<br />
La parte superior está hecha de un material ligeramente brillante, fácil de cuidar, con un cálido forro.</p>
<p>Material: Parte superior: nailon 100%<br />
Instrucciones de cuidado: Lavar a máquina</p>
<p>Color: oliva<br />
Patrón: sin<br />
Talla: 44</p>
<p>Anchura de los hombros: 46 cm<br />
Anchura del pecho: 120 cm<br />
Longitud de la manga: 65 cm<br />
Longitud total: 107 cm</p>

<table class="dv_characteristicsTable">
<tbody>
<tr>
<td class="left">Talla</td>
<td>44</td>
</tr>
<tr>
<td class="left">Größentyp</td>
<td>Normalgrößen</td>
</tr>
<tr>
<td class="left">Composición del material</td>
<td>Obermaterial: 100% Nylon. Futter: 100% Polyester.</td>
</tr>
<tr>
<td class="left">Materialart</td>
<td>Web</td>
</tr>
<tr>
<td class="left">Instrucciones de cuidado</td>
<td>Lavado a máquina</td>
</tr>
<tr>
<td class="left">Optik</td>
<td>unifarben, leicht glänzend</td>
</tr>
<tr>
<td class="left">Stil</td>
<td>casual</td>
</tr>
<tr>
<td class="left">Color</td>
<td>olive</td>
</tr>
<tr>
<td class="left">Ausschnitt</td>
<td>Kragen</td>
</tr>
<tr>
<td class="left">Ärmel</td>
<td>Manga larga</td>
</tr>
<tr>
<td class="left">Ärmeldetails</td>
<td>Ärmel mit einstellbaren Ärmelenden</td>
</tr>
<tr>
<td class="left">Ärmelabschluss</td>
<td>Puños de canalé</td>
</tr>
<tr>
<td class="left">Capó</td>
<td>mit Kapuze</td>
</tr>
<tr>
<td class="left">Ajuste</td>
<td>figurumspielend</td>
</tr>
<tr>
<td class="left">Schnittform Länge</td>
<td>Po-bedeckend</td>
</tr>
<tr>
<td class="left">Applikationen</td>
<td>Markenlabel</td>
</tr>
<tr>
<td class="left">Verschluss</td>
<td>doppelter Reißverschluss</td>
</tr>
<tr>
<td class="left"></td>
<td></td>
</tr>
<tr>
<td class="left"></td>
<td></td>
</tr>
<tr>
<td class="left"></td>
<td></td>
</tr>
<tr>
<td class="left"></td>
<td></td>
</tr>
<tr>
<td class="left"></td>
<td></td>
</tr>
<tr>
<td class="left"></td>
<td></td>
</tr>
<tr>
<td class="left"></td>
<td></td>
</tr>
<tr>
<td class="left"></td>
<td></td>
</tr>
<tr>
<td class="left"></td>
<td></td>
</tr>
</tbody>
</table>
