{"id":82254,"date":"2023-12-14T02:15:25","date_gmt":"2023-12-14T01:15:25","guid":{"rendered":"https:\/\/www.soanam.de\/?post_type=product&#038;p=82254"},"modified":"2023-12-14T02:23:10","modified_gmt":"2023-12-14T01:23:10","slug":"only-puffer-jacket-onldolly-en-negro-talla-s","status":"publish","type":"product","link":"https:\/\/www.soanam.de\/es\/produkt\/only-pufferjacke-onldolly-in-schwarz-groesse-s\/","title":{"rendered":"Only puffer jacket ONLDOLLY, en negro, talla S"},"content":{"rendered":"<p>Chaqueta corta de ONLY<br \/>\nCon 2 bolsillos laterales<br \/>\nForma corta y cuadrada<\/p>\n<p>La chaqueta se presenta en un moderno corte corto y cuadrado, con un llamativo cuello alto y bolsillos con aberturas laterales para completar el look.<br \/>\nEsta chaqueta acolchada de Only tambi\u00e9n est\u00e1 confeccionada en un c\u00f3modo tejido.<\/p>\n<p>Material: Parte superior: poli\u00e9ster 60%, nailon 40%<br \/>\nInstrucciones de cuidado: Lavar a m\u00e1quina<\/p>\n<p>Color: negro<br \/>\nPatr\u00f3n: sin<br \/>\nTalla: S<\/p>\n<p>Anchura de los hombros: 40 cm<br \/>\nAnchura del pecho: 109 cm<br \/>\nLongitud de la manga: 66 cm<br \/>\nLongitud total: 54 cm<\/p>\n<p>&nbsp;<\/p>\n<p>Este nuevo art\u00edculo es una devoluci\u00f3n de un cliente sin etiqueta.<\/p>","protected":false},"excerpt":{"rendered":"<table class=\"dv_characteristicsTable\">\n<tbody>\n<tr>\n<td class=\"left\">Talla<\/td>\n<td>S (36)<\/td>\n<\/tr>\n<tr>\n<td class=\"left\">Gr\u00f6\u00dfentyp<\/td>\n<td>Normalgr\u00f6\u00dfen<\/td>\n<\/tr>\n<tr>\n<td class=\"left\">Composici\u00f3n del material<\/td>\n<td>Obermaterial: 60% Polyester, 40% Nylon<\/td>\n<\/tr>\n<tr>\n<td class=\"left\">Instrucciones de cuidado<\/td>\n<td>Lavado a m\u00e1quina<\/td>\n<\/tr>\n<tr>\n<td class=\"left\">Stil<\/td>\n<td>casual<\/td>\n<\/tr>\n<tr>\n<td class=\"left\">Color<\/td>\n<td>col. black<\/td>\n<\/tr>\n<tr>\n<td class=\"left\">Kragen<\/td>\n<td>Cuello alto<\/td>\n<\/tr>\n<tr>\n<td class=\"left\">\u00c4rmel<\/td>\n<td>Manga larga<\/td>\n<\/tr>\n<tr>\n<td class=\"left\">Ajuste<\/td>\n<td>gerade<\/td>\n<\/tr>\n<tr>\n<td class=\"left\">Bolsas<\/td>\n<td>Bolsillos<\/td>\n<\/tr>\n<tr>\n<td class=\"left\">Verschluss<\/td>\n<td>Cierre de cremallera<\/td>\n<\/tr>\n<\/tbody>\n<\/table>","protected":false},"featured_media":82381,"comment_status":"open","ping_status":"closed","template":"","meta":{"_seopress_robots_primary_cat":"","_seopress_titles_title":"","_seopress_titles_desc":"","_seopress_robots_index":""},"product_brand":[],"product_cat":[1348,1354,1375,1649],"product_tag":[],"class_list":{"0":"post-82254","1":"product","2":"type-product","3":"status-publish","4":"has-post-thumbnail","6":"product_cat-damen-mode","7":"product_cat-jacken-maentel","8":"product_cat-winterjacken","9":"product_cat-pufferjacken-winterjacken","10":"product_shipping_class-standard-versand","12":"first","13":"instock","14":"sale","15":"taxable","16":"shipping-taxable","17":"purchasable","18":"product-type-simple"},"_links":{"self":[{"href":"https:\/\/www.soanam.de\/es\/wp-json\/wp\/v2\/product\/82254","targetHints":{"allow":["GET"]}}],"collection":[{"href":"https:\/\/www.soanam.de\/es\/wp-json\/wp\/v2\/product"}],"about":[{"href":"https:\/\/www.soanam.de\/es\/wp-json\/wp\/v2\/types\/product"}],"replies":[{"embeddable":true,"href":"https:\/\/www.soanam.de\/es\/wp-json\/wp\/v2\/comments?post=82254"}],"wp:featuredmedia":[{"embeddable":true,"href":"https:\/\/www.soanam.de\/es\/wp-json\/wp\/v2\/media\/82381"}],"wp:attachment":[{"href":"https:\/\/www.soanam.de\/es\/wp-json\/wp\/v2\/media?parent=82254"}],"wp:term":[{"taxonomy":"product_brand","embeddable":true,"href":"https:\/\/www.soanam.de\/es\/wp-json\/wp\/v2\/product_brand?post=82254"},{"taxonomy":"product_cat","embeddable":true,"href":"https:\/\/www.soanam.de\/es\/wp-json\/wp\/v2\/product_cat?post=82254"},{"taxonomy":"product_tag","embeddable":true,"href":"https:\/\/www.soanam.de\/es\/wp-json\/wp\/v2\/product_tag?post=82254"}],"curies":[{"name":"wp","href":"https:\/\/api.w.org\/{rel}","templated":true}]}}

<p>Chaqueta corta de ONLY<br />
Con 2 bolsillos laterales<br />
Forma corta y cuadrada</p>
<p>La chaqueta se presenta en un moderno corte corto y cuadrado, con un llamativo cuello alto y bolsillos con aberturas laterales para completar el look.<br />
Esta chaqueta acolchada de Only también está confeccionada en un cómodo tejido.</p>
<p>Material: Parte superior: poliéster 60%, nailon 40%<br />
Instrucciones de cuidado: Lavar a máquina</p>
<p>Color: negro<br />
Patrón: sin<br />
Talla: S</p>
<p>Anchura de los hombros: 40 cm<br />
Anchura del pecho: 109 cm<br />
Longitud de la manga: 66 cm<br />
Longitud total: 54 cm</p>
<p>&nbsp;</p>
<p>Este nuevo artículo es una devolución de un cliente sin etiqueta.</p>

<table class="dv_characteristicsTable">
<tbody>
<tr>
<td class="left">Talla</td>
<td>S (36)</td>
</tr>
<tr>
<td class="left">Größentyp</td>
<td>Normalgrößen</td>
</tr>
<tr>
<td class="left">Composición del material</td>
<td>Obermaterial: 60% Polyester, 40% Nylon</td>
</tr>
<tr>
<td class="left">Instrucciones de cuidado</td>
<td>Lavado a máquina</td>
</tr>
<tr>
<td class="left">Stil</td>
<td>casual</td>
</tr>
<tr>
<td class="left">Color</td>
<td>col. black</td>
</tr>
<tr>
<td class="left">Kragen</td>
<td>Cuello alto</td>
</tr>
<tr>
<td class="left">Ärmel</td>
<td>Manga larga</td>
</tr>
<tr>
<td class="left">Ajuste</td>
<td>gerade</td>
</tr>
<tr>
<td class="left">Bolsas</td>
<td>Bolsillos</td>
</tr>
<tr>
<td class="left">Verschluss</td>
<td>Cierre de cremallera</td>
</tr>
</tbody>
</table>
