{"id":82233,"date":"2023-12-14T02:14:59","date_gmt":"2023-12-14T01:14:59","guid":{"rendered":"https:\/\/www.soanam.de\/?post_type=product&#038;p=82233"},"modified":"2023-12-14T02:22:45","modified_gmt":"2023-12-14T01:22:45","slug":"rhode-island-parka-mit-kapuze-in-schwarz-groesse-xxl","status":"publish","type":"product","link":"https:\/\/www.soanam.de\/es\/produkt\/rhode-island-parka-mit-kapuze-in-schwarz-groesse-xxl\/","title":{"rendered":"Parka Rhode Island con capucha, en negro, talla XXL"},"content":{"rendered":"<p>Stepp-Parka von Rhode Island<br \/>\nMit abnehmbarer Kapuze und abnehmbarem Fellimitatkragen<br \/>\nWind-und wasserabweisende Qualit\u00e4t<br \/>\nComfort-fit\/ bequeme Form<br \/>\nMit Rei\u00dfverschlusstaschen, gro\u00dfer Fronttaschen und seitlichem Eingriff<\/p>\n<p>Perfekt f\u00fcr die kalten Wintertage - der Parka von Rhode Island.<br \/>\nDas leicht schimmernde Obermaterial bekommt durch kleine Kontrastdetails an den Zippern und den kuscheligen Fellimitatkragen sowie l\u00e4ssiges Steppdesign eine edle Note.<br \/>\nIm bequemen Comfort-fit mit figurbetonendem Tailleng\u00fcrtel ist der Steppmantel \u00e4u\u00dferst schmeichelhaft.<br \/>\nDer Rei\u00dfverschluss wird durch die Druckknopfblende geschickt verdeckt, gekn\u00f6pfte Pattentaschen und Zipper-Brusttaschen runden das Design des Parkas von Rhode Island mit praktischen Attributen stilvoll ab.<\/p>\n<p>Material: Parte superior: poli\u00e9ster 100%<br \/>\nInstrucciones de cuidado: Lavar a m\u00e1quina<\/p>\n<p>Color: negro<br \/>\nPatr\u00f3n: sin<br \/>\nTalla: XXL<\/p>\n<p>Schulterbreite: 55cm<br \/>\nAnchura del pecho: 142 cm<br \/>\nLongitud de la manga: 67 cm<br \/>\nLongitud total: 88 cm<\/p>\n<p>&nbsp;<\/p>\n<p>Este nuevo art\u00edculo es una devoluci\u00f3n de un cliente sin etiqueta.<\/p>","protected":false},"excerpt":{"rendered":"<table class=\"dv_characteristicsTable\">\n<tbody>\n<tr>\n<td class=\"left\">Talla<\/td>\n<td>XXL<\/td>\n<\/tr>\n<tr>\n<td class=\"left\">Gr\u00f6\u00dfentyp<\/td>\n<td>Normalgr\u00f6\u00dfen<\/td>\n<\/tr>\n<tr>\n<td class=\"left\">Composici\u00f3n del material<\/td>\n<td>Obermaterial: 100% Polyester. Futter: 100% Polyester. Kapuzenfutter: 100% Polyester. Besatz: 100% Polyester. F\u00fcllung: 100% Polyester<\/td>\n<\/tr>\n<tr>\n<td class=\"left\">Materialart<\/td>\n<td>Web<\/td>\n<\/tr>\n<tr>\n<td class=\"left\">Instrucciones de cuidado<\/td>\n<td>Lavado a m\u00e1quina<\/td>\n<\/tr>\n<tr>\n<td class=\"left\">Optik<\/td>\n<td>unifarben<\/td>\n<\/tr>\n<tr>\n<td class=\"left\">Stil<\/td>\n<td>casual<\/td>\n<\/tr>\n<tr>\n<td class=\"left\">Color<\/td>\n<td>schwarz<\/td>\n<\/tr>\n<tr>\n<td class=\"left\">Kragen<\/td>\n<td>Fellimitatkragen<\/td>\n<\/tr>\n<tr>\n<td class=\"left\">Kragendetails<\/td>\n<td>abnehmbarer Besatz<\/td>\n<\/tr>\n<tr>\n<td class=\"left\">\u00c4rmel<\/td>\n<td>Manga larga<\/td>\n<\/tr>\n<tr>\n<td class=\"left\">\u00c4rmelabschluss<\/td>\n<td>Pu\u00f1os de canal\u00e9<\/td>\n<\/tr>\n<tr>\n<td class=\"left\">Rumpfabschluss<\/td>\n<td>gerader Abschluss<\/td>\n<\/tr>\n<tr>\n<td class=\"left\">Ajuste<\/td>\n<td>bequem<\/td>\n<\/tr>\n<tr>\n<td class=\"left\">Cap\u00f3<\/td>\n<td>mit Kapuze<\/td>\n<\/tr>\n<tr>\n<td class=\"left\">Kapuzendetails<\/td>\n<td>abnehmbar, Kante mit Gummizug verstellbar<\/td>\n<\/tr>\n<tr>\n<td class=\"left\">Kapuzenf\u00fctterung<\/td>\n<td>gef\u00fcttert, kontrastfarben<\/td>\n<\/tr>\n<tr>\n<td class=\"left\">Applikationen<\/td>\n<td>Badge<\/td>\n<\/tr>\n<tr>\n<td class=\"left\">Bolsas<\/td>\n<td>aufgesetzte Tasche, Eingrifftasche, Innentaschen, Rei\u00dfverschlusstaschen<\/td>\n<\/tr>\n<tr>\n<td class=\"left\">Verschluss<\/td>\n<td>2-Wege-Rei\u00dfverschluss, Knopfverschluss<\/td>\n<\/tr>\n<tr>\n<td class=\"left\">Verschlussdetails<\/td>\n<td>durchgehend<\/td>\n<\/tr>\n<tr>\n<td class=\"left\">Zus\u00e4tzlicher Verschluss<\/td>\n<td>Druckknopfverschluss<\/td>\n<\/tr>\n<\/tbody>\n<\/table>","protected":false},"featured_media":82360,"comment_status":"open","ping_status":"closed","template":"","meta":{"_seopress_robots_primary_cat":"","_seopress_titles_title":"","_seopress_titles_desc":"","_seopress_robots_index":""},"product_brand":[],"product_cat":[1345,1363,1377,1389],"product_tag":[],"class_list":{"0":"post-82233","1":"product","2":"type-product","3":"status-publish","4":"has-post-thumbnail","6":"product_cat-herrenmode","7":"product_cat-jacken-maentel-herrenmode","8":"product_cat-winterjacken-jacken-maentel-herrenmode","9":"product_cat-parkas","10":"product_shipping_class-standard-versand","12":"first","13":"instock","14":"taxable","15":"shipping-taxable","16":"purchasable","17":"product-type-simple"},"_links":{"self":[{"href":"https:\/\/www.soanam.de\/es\/wp-json\/wp\/v2\/product\/82233","targetHints":{"allow":["GET"]}}],"collection":[{"href":"https:\/\/www.soanam.de\/es\/wp-json\/wp\/v2\/product"}],"about":[{"href":"https:\/\/www.soanam.de\/es\/wp-json\/wp\/v2\/types\/product"}],"replies":[{"embeddable":true,"href":"https:\/\/www.soanam.de\/es\/wp-json\/wp\/v2\/comments?post=82233"}],"wp:featuredmedia":[{"embeddable":true,"href":"https:\/\/www.soanam.de\/es\/wp-json\/wp\/v2\/media\/82360"}],"wp:attachment":[{"href":"https:\/\/www.soanam.de\/es\/wp-json\/wp\/v2\/media?parent=82233"}],"wp:term":[{"taxonomy":"product_brand","embeddable":true,"href":"https:\/\/www.soanam.de\/es\/wp-json\/wp\/v2\/product_brand?post=82233"},{"taxonomy":"product_cat","embeddable":true,"href":"https:\/\/www.soanam.de\/es\/wp-json\/wp\/v2\/product_cat?post=82233"},{"taxonomy":"product_tag","embeddable":true,"href":"https:\/\/www.soanam.de\/es\/wp-json\/wp\/v2\/product_tag?post=82233"}],"curies":[{"name":"wp","href":"https:\/\/api.w.org\/{rel}","templated":true}]}}

<p>Stepp-Parka von Rhode Island<br />
Mit abnehmbarer Kapuze und abnehmbarem Fellimitatkragen<br />
Wind-und wasserabweisende Qualität<br />
Comfort-fit/ bequeme Form<br />
Mit Reißverschlusstaschen, großer Fronttaschen und seitlichem Eingriff</p>
<p>Perfekt für die kalten Wintertage - der Parka von Rhode Island.<br />
Das leicht schimmernde Obermaterial bekommt durch kleine Kontrastdetails an den Zippern und den kuscheligen Fellimitatkragen sowie lässiges Steppdesign eine edle Note.<br />
Im bequemen Comfort-fit mit figurbetonendem Taillengürtel ist der Steppmantel äußerst schmeichelhaft.<br />
Der Reißverschluss wird durch die Druckknopfblende geschickt verdeckt, geknöpfte Pattentaschen und Zipper-Brusttaschen runden das Design des Parkas von Rhode Island mit praktischen Attributen stilvoll ab.</p>
<p>Material: Parte superior: poliéster 100%<br />
Instrucciones de cuidado: Lavar a máquina</p>
<p>Color: negro<br />
Patrón: sin<br />
Talla: XXL</p>
<p>Schulterbreite: 55cm<br />
Anchura del pecho: 142 cm<br />
Longitud de la manga: 67 cm<br />
Longitud total: 88 cm</p>
<p>&nbsp;</p>
<p>Este nuevo artículo es una devolución de un cliente sin etiqueta.</p>

<table class="dv_characteristicsTable">
<tbody>
<tr>
<td class="left">Talla</td>
<td>XXL</td>
</tr>
<tr>
<td class="left">Größentyp</td>
<td>Normalgrößen</td>
</tr>
<tr>
<td class="left">Composición del material</td>
<td>Obermaterial: 100% Polyester. Futter: 100% Polyester. Kapuzenfutter: 100% Polyester. Besatz: 100% Polyester. Füllung: 100% Polyester</td>
</tr>
<tr>
<td class="left">Materialart</td>
<td>Web</td>
</tr>
<tr>
<td class="left">Instrucciones de cuidado</td>
<td>Lavado a máquina</td>
</tr>
<tr>
<td class="left">Optik</td>
<td>unifarben</td>
</tr>
<tr>
<td class="left">Stil</td>
<td>casual</td>
</tr>
<tr>
<td class="left">Color</td>
<td>schwarz</td>
</tr>
<tr>
<td class="left">Kragen</td>
<td>Fellimitatkragen</td>
</tr>
<tr>
<td class="left">Kragendetails</td>
<td>abnehmbarer Besatz</td>
</tr>
<tr>
<td class="left">Ärmel</td>
<td>Manga larga</td>
</tr>
<tr>
<td class="left">Ärmelabschluss</td>
<td>Puños de canalé</td>
</tr>
<tr>
<td class="left">Rumpfabschluss</td>
<td>gerader Abschluss</td>
</tr>
<tr>
<td class="left">Ajuste</td>
<td>bequem</td>
</tr>
<tr>
<td class="left">Capó</td>
<td>mit Kapuze</td>
</tr>
<tr>
<td class="left">Kapuzendetails</td>
<td>abnehmbar, Kante mit Gummizug verstellbar</td>
</tr>
<tr>
<td class="left">Kapuzenfütterung</td>
<td>gefüttert, kontrastfarben</td>
</tr>
<tr>
<td class="left">Applikationen</td>
<td>Badge</td>
</tr>
<tr>
<td class="left">Bolsas</td>
<td>aufgesetzte Tasche, Eingrifftasche, Innentaschen, Reißverschlusstaschen</td>
</tr>
<tr>
<td class="left">Verschluss</td>
<td>2-Wege-Reißverschluss, Knopfverschluss</td>
</tr>
<tr>
<td class="left">Verschlussdetails</td>
<td>durchgehend</td>
</tr>
<tr>
<td class="left">Zusätzlicher Verschluss</td>
<td>Druckknopfverschluss</td>
</tr>
</tbody>
</table>
