{"id":82212,"date":"2023-12-14T02:14:32","date_gmt":"2023-12-14T01:14:32","guid":{"rendered":"https:\/\/www.soanam.de\/?post_type=product&#038;p=82212"},"modified":"2023-12-14T02:22:11","modified_gmt":"2023-12-14T01:22:11","slug":"blend-herren-winter-blouson-in-navy-groesse-xl","status":"publish","type":"product","link":"https:\/\/www.soanam.de\/es\/produkt\/blend-herren-winter-blouson-in-navy-groesse-xl\/","title":{"rendered":"Blus\u00f3n de invierno Blend para hombre, en azul marino, talla XL"},"content":{"rendered":"<p>Sportive Steppjacke von Blend<br \/>\nHoher Stehkragen<br \/>\nKapuze mit Tunnelzug<br \/>\nSeitliche Taschen<br \/>\nmit Brusttasche und Innentasche<br \/>\nMarkenapplikation am \u00c4rmel<br \/>\nTrageangenehmer Qualit\u00e4t<\/p>\n<p>Der Blouson von Blend ist eine praktische Winterjacke f\u00fcr Herren.<br \/>\nSie besitzt eine gro\u00dfe Kapuze, seitliche Taschen, eine Brust- und Innentasche, einen durchgehenden Rei\u00dfverschluss und \u00c4rmel mit Rippb\u00fcndchen.<br \/>\nDas robuste, strapazierf\u00e4hige Material macht sie unentberhrlich bei Wind und Wetter.<\/p>\n<p>Material: Obermaterial: 65% Nylon, 35% Polyester<br \/>\nForro: poli\u00e9ster 100%<br \/>\nRelleno: poli\u00e9ster 100%<br \/>\nInstrucciones de cuidado: Lavar a m\u00e1quina<\/p>\n<p>Color: azul marino<br \/>\nPatr\u00f3n: sin<br \/>\nTalla: XL<\/p>\n<p>Anchura de los hombros: 50 cm<br \/>\nAnchura del pecho: 122 cm<br \/>\n\u00c4rmell\u00e4nge: 71cm<br \/>\nLongitud total: 71 cm<\/p>","protected":false},"excerpt":{"rendered":"<table class=\"dv_characteristicsTable\">\n<tbody>\n<tr>\n<td class=\"left\">Talla<\/td>\n<td>XL<\/td>\n<\/tr>\n<tr>\n<td class=\"left\">Composici\u00f3n del material<\/td>\n<td>65% Nylon, 35% Polyester<\/td>\n<\/tr>\n<tr>\n<td class=\"left\">Materialart<\/td>\n<td>Stoff<\/td>\n<\/tr>\n<tr>\n<td class=\"left\">Instrucciones de cuidado<\/td>\n<td>Schonw\u00e4sche<\/td>\n<\/tr>\n<tr>\n<td class=\"left\">Optik<\/td>\n<td>meliert<\/td>\n<\/tr>\n<tr>\n<td class=\"left\">Stil<\/td>\n<td>casual<\/td>\n<\/tr>\n<tr>\n<td class=\"left\">Color<\/td>\n<td>Dress Blues (194024)<\/td>\n<\/tr>\n<tr>\n<td class=\"left\">Kragen<\/td>\n<td>hochschlie\u00dfender Kragen<\/td>\n<\/tr>\n<tr>\n<td class=\"left\">\u00c4rmel<\/td>\n<td>Manga larga<\/td>\n<\/tr>\n<tr>\n<td class=\"left\">Ajuste<\/td>\n<td>regular fit<\/td>\n<\/tr>\n<tr>\n<td class=\"left\">Herstellerpassform<\/td>\n<td>regular fit<\/td>\n<\/tr>\n<tr>\n<td class=\"left\">Schnittform L\u00e4nge<\/td>\n<td>normal<\/td>\n<\/tr>\n<tr>\n<td class=\"left\">Cap\u00f3<\/td>\n<td>mit Kapuze<\/td>\n<\/tr>\n<tr>\n<td class=\"left\">Kapuzendetails<\/td>\n<td>Kante mit Gummizug verstellbar<\/td>\n<\/tr>\n<tr>\n<td class=\"left\">Bolsas<\/td>\n<td>seitliche Taschen<\/td>\n<\/tr>\n<tr>\n<td class=\"left\">Verschluss<\/td>\n<td>Cierre de cremallera<\/td>\n<\/tr>\n<\/tbody>\n<\/table>","protected":false},"featured_media":82336,"comment_status":"open","ping_status":"closed","template":"","meta":{"_seopress_robots_primary_cat":"","_seopress_titles_title":"","_seopress_titles_desc":"","_seopress_robots_index":""},"product_brand":[],"product_cat":[1345,1363,1377,1378],"product_tag":[],"class_list":{"0":"post-82212","1":"product","2":"type-product","3":"status-publish","4":"has-post-thumbnail","6":"product_cat-herrenmode","7":"product_cat-jacken-maentel-herrenmode","8":"product_cat-winterjacken-jacken-maentel-herrenmode","9":"product_cat-daunen-steppjacken","10":"product_shipping_class-standard-versand","12":"first","13":"instock","14":"sale","15":"taxable","16":"shipping-taxable","17":"purchasable","18":"product-type-simple"},"_links":{"self":[{"href":"https:\/\/www.soanam.de\/es\/wp-json\/wp\/v2\/product\/82212","targetHints":{"allow":["GET"]}}],"collection":[{"href":"https:\/\/www.soanam.de\/es\/wp-json\/wp\/v2\/product"}],"about":[{"href":"https:\/\/www.soanam.de\/es\/wp-json\/wp\/v2\/types\/product"}],"replies":[{"embeddable":true,"href":"https:\/\/www.soanam.de\/es\/wp-json\/wp\/v2\/comments?post=82212"}],"wp:featuredmedia":[{"embeddable":true,"href":"https:\/\/www.soanam.de\/es\/wp-json\/wp\/v2\/media\/82336"}],"wp:attachment":[{"href":"https:\/\/www.soanam.de\/es\/wp-json\/wp\/v2\/media?parent=82212"}],"wp:term":[{"taxonomy":"product_brand","embeddable":true,"href":"https:\/\/www.soanam.de\/es\/wp-json\/wp\/v2\/product_brand?post=82212"},{"taxonomy":"product_cat","embeddable":true,"href":"https:\/\/www.soanam.de\/es\/wp-json\/wp\/v2\/product_cat?post=82212"},{"taxonomy":"product_tag","embeddable":true,"href":"https:\/\/www.soanam.de\/es\/wp-json\/wp\/v2\/product_tag?post=82212"}],"curies":[{"name":"wp","href":"https:\/\/api.w.org\/{rel}","templated":true}]}}

Blusón de invierno Blend para hombre, en azul marino, talla XL

<p>Sportive Steppjacke von Blend<br />
Hoher Stehkragen<br />
Kapuze mit Tunnelzug<br />
Seitliche Taschen<br />
mit Brusttasche und Innentasche<br />
Markenapplikation am Ärmel<br />
Trageangenehmer Qualität</p>
<p>Der Blouson von Blend ist eine praktische Winterjacke für Herren.<br />
Sie besitzt eine große Kapuze, seitliche Taschen, eine Brust- und Innentasche, einen durchgehenden Reißverschluss und Ärmel mit Rippbündchen.<br />
Das robuste, strapazierfähige Material macht sie unentberhrlich bei Wind und Wetter.</p>
<p>Material: Obermaterial: 65% Nylon, 35% Polyester<br />
Forro: poliéster 100%<br />
Relleno: poliéster 100%<br />
Instrucciones de cuidado: Lavar a máquina</p>
<p>Color: azul marino<br />
Patrón: sin<br />
Talla: XL</p>
<p>Anchura de los hombros: 50 cm<br />
Anchura del pecho: 122 cm<br />
Ärmellänge: 71cm<br />
Longitud total: 71 cm</p>

<table class="dv_characteristicsTable">
<tbody>
<tr>
<td class="left">Talla</td>
<td>XL</td>
</tr>
<tr>
<td class="left">Composición del material</td>
<td>65% Nylon, 35% Polyester</td>
</tr>
<tr>
<td class="left">Materialart</td>
<td>Stoff</td>
</tr>
<tr>
<td class="left">Instrucciones de cuidado</td>
<td>Schonwäsche</td>
</tr>
<tr>
<td class="left">Optik</td>
<td>meliert</td>
</tr>
<tr>
<td class="left">Stil</td>
<td>casual</td>
</tr>
<tr>
<td class="left">Color</td>
<td>Dress Blues (194024)</td>
</tr>
<tr>
<td class="left">Kragen</td>
<td>hochschließender Kragen</td>
</tr>
<tr>
<td class="left">Ärmel</td>
<td>Manga larga</td>
</tr>
<tr>
<td class="left">Ajuste</td>
<td>regular fit</td>
</tr>
<tr>
<td class="left">Herstellerpassform</td>
<td>regular fit</td>
</tr>
<tr>
<td class="left">Schnittform Länge</td>
<td>normal</td>
</tr>
<tr>
<td class="left">Capó</td>
<td>mit Kapuze</td>
</tr>
<tr>
<td class="left">Kapuzendetails</td>
<td>Kante mit Gummizug verstellbar</td>
</tr>
<tr>
<td class="left">Bolsas</td>
<td>seitliche Taschen</td>
</tr>
<tr>
<td class="left">Verschluss</td>
<td>Cierre de cremallera</td>
</tr>
</tbody>
</table>
