{"id":82169,"date":"2023-12-14T02:13:36","date_gmt":"2023-12-14T01:13:36","guid":{"rendered":"https:\/\/www.soanam.de\/?post_type=product&#038;p=82169"},"modified":"2023-12-14T02:21:10","modified_gmt":"2023-12-14T01:21:10","slug":"parka-laura-scott-con-capucha-desmontable-en-azul-noche-talla-40","status":"publish","type":"product","link":"https:\/\/www.soanam.de\/es\/produkt\/laura-scott-parka-mit-abnehmbarer-kapuze-in-nachtblau-groesse-40\/","title":{"rendered":"Parka Laura Scott con capucha desmontable, en azul noche, talla 40"},"content":{"rendered":"<p>Parka con accesorios dorados de Laura Scott<br \/>\nChaqueta de invierno para exteriores, capucha desmontable y ribete de piel sint\u00e9tica<br \/>\nParka de silueta ce\u00f1ida, m\u00e1s corta por delante que por detr\u00e1s<br \/>\nAcolchado de poli\u00e9ster muy c\u00e1lido<br \/>\nMangas largas con pu\u00f1os de canal\u00e9<\/p>\n<p>La parka de Laura Scott, con un c\u00e1lido forro y una gran capucha desmontable, es la compa\u00f1era perfecta para las actividades al aire libre.<br \/>\nEl suave ribete de piel sint\u00e9tica del cuello es muy acogedor.<br \/>\nEl corte c\u00f3modo y el fruncido en la cintura realzan maravillosamente la figura.<br \/>\nEl aspecto elegante de la parka con detalles dorados garantiza un efecto llamativo.<\/p>\n<p>Material: Exterior: poli\u00e9ster 100%. Forro: 100% poli\u00e9ster. Ribete: 80% poliacr\u00edlico, 20% poli\u00e9ster. Relleno: 100% poli\u00e9ster. Pu\u00f1os: 95% poli\u00e9ster, 5% elastano.<br \/>\nInstrucciones de cuidado: Lavar a m\u00e1quina<\/p>\n<p>Color: azul noche<br \/>\nPatr\u00f3n: sin<br \/>\nTalla: 40<\/p>\n<p>Anchura de los hombros: 39 cm<br \/>\nBrustweite: 111cm<br \/>\nLongitud de la manga: 63 cm<br \/>\nLongitud total: 89 cm<\/p>","protected":false},"excerpt":{"rendered":"<table class=\"dv_characteristicsTable\">\n<tbody>\n<tr>\n<td class=\"left\">Talla<\/td>\n<td>40<\/td>\n<\/tr>\n<tr>\n<td class=\"left\">Gr\u00f6\u00dfentyp<\/td>\n<td>Normalgr\u00f6\u00dfen<\/td>\n<\/tr>\n<tr>\n<td class=\"left\">Composici\u00f3n del material<\/td>\n<td>Obermaterial: 100% Polyester. Futter: 100% Polyester. Besatz: 80% Polyacryl, 20% Polyester. Wattierung: 100% Polyester. B\u00fcndchen: 95% Polyester, 5% Elasthan<\/td>\n<\/tr>\n<tr>\n<td class=\"left\">Instrucciones de cuidado<\/td>\n<td>Lavado a m\u00e1quina<\/td>\n<\/tr>\n<tr>\n<td class=\"left\">Optik<\/td>\n<td>unifarben<\/td>\n<\/tr>\n<tr>\n<td class=\"left\">Stil<\/td>\n<td>feminin<\/td>\n<\/tr>\n<tr>\n<td class=\"left\">Color<\/td>\n<td>azul noche<\/td>\n<\/tr>\n<tr>\n<td class=\"left\">Kragen<\/td>\n<td>Fellimitatkragen<\/td>\n<\/tr>\n<tr>\n<td class=\"left\">Kragendetails<\/td>\n<td>abnehmbar<\/td>\n<\/tr>\n<tr>\n<td class=\"left\">\u00c4rmel<\/td>\n<td>Manga larga<\/td>\n<\/tr>\n<tr>\n<td class=\"left\">Rumpfabschlussdetails<\/td>\n<td>mit Kordelzug<\/td>\n<\/tr>\n<tr>\n<td class=\"left\">Ajuste<\/td>\n<td>l\u00e4ssig geschnitten<\/td>\n<\/tr>\n<tr>\n<td class=\"left\">Schnittdetails<\/td>\n<td>L\u00e4ngsteilungsnaht<\/td>\n<\/tr>\n<tr>\n<td class=\"left\">Schnittform L\u00e4nge<\/td>\n<td>ca. Mitte Oberschenkel<\/td>\n<\/tr>\n<tr>\n<td class=\"left\">Cap\u00f3<\/td>\n<td>mit Kapuze<\/td>\n<\/tr>\n<tr>\n<td class=\"left\">Kapuzendetails<\/td>\n<td>abnehmbar<\/td>\n<\/tr>\n<tr>\n<td class=\"left\">Applikationen<\/td>\n<td>Druckkn\u00f6pfe<\/td>\n<\/tr>\n<tr>\n<td class=\"left\">Bolsas<\/td>\n<td>Rei\u00dfverschlusstaschen<\/td>\n<\/tr>\n<tr>\n<td class=\"left\">Verschluss<\/td>\n<td>Rei\u00dfverschluss, Knopfleiste<\/td>\n<\/tr>\n<tr>\n<td class=\"left\">Besondere Merkmale<\/td>\n<td>mit abnehmbarer Kapuze<\/td>\n<\/tr>\n<\/tbody>\n<\/table>","protected":false},"featured_media":82287,"comment_status":"open","ping_status":"closed","template":"","meta":{"_seopress_robots_primary_cat":"","_seopress_titles_title":"","_seopress_titles_desc":"","_seopress_robots_index":""},"product_brand":[],"product_cat":[1348,1354,1375,1440],"product_tag":[],"class_list":{"0":"post-82169","1":"product","2":"type-product","3":"status-publish","4":"has-post-thumbnail","6":"product_cat-damen-mode","7":"product_cat-jacken-maentel","8":"product_cat-winterjacken","9":"product_cat-parkas-winterjacken","10":"product_shipping_class-standard-versand","12":"first","13":"instock","14":"taxable","15":"shipping-taxable","16":"purchasable","17":"product-type-simple"},"_links":{"self":[{"href":"https:\/\/www.soanam.de\/es\/wp-json\/wp\/v2\/product\/82169","targetHints":{"allow":["GET"]}}],"collection":[{"href":"https:\/\/www.soanam.de\/es\/wp-json\/wp\/v2\/product"}],"about":[{"href":"https:\/\/www.soanam.de\/es\/wp-json\/wp\/v2\/types\/product"}],"replies":[{"embeddable":true,"href":"https:\/\/www.soanam.de\/es\/wp-json\/wp\/v2\/comments?post=82169"}],"wp:featuredmedia":[{"embeddable":true,"href":"https:\/\/www.soanam.de\/es\/wp-json\/wp\/v2\/media\/82287"}],"wp:attachment":[{"href":"https:\/\/www.soanam.de\/es\/wp-json\/wp\/v2\/media?parent=82169"}],"wp:term":[{"taxonomy":"product_brand","embeddable":true,"href":"https:\/\/www.soanam.de\/es\/wp-json\/wp\/v2\/product_brand?post=82169"},{"taxonomy":"product_cat","embeddable":true,"href":"https:\/\/www.soanam.de\/es\/wp-json\/wp\/v2\/product_cat?post=82169"},{"taxonomy":"product_tag","embeddable":true,"href":"https:\/\/www.soanam.de\/es\/wp-json\/wp\/v2\/product_tag?post=82169"}],"curies":[{"name":"wp","href":"https:\/\/api.w.org\/{rel}","templated":true}]}}

<p>Parka con accesorios dorados de Laura Scott<br />
Chaqueta de invierno para exteriores, capucha desmontable y ribete de piel sintética<br />
Parka de silueta ceñida, más corta por delante que por detrás<br />
Acolchado de poliéster muy cálido<br />
Mangas largas con puños de canalé</p>
<p>La parka de Laura Scott, con un cálido forro y una gran capucha desmontable, es la compañera perfecta para las actividades al aire libre.<br />
El suave ribete de piel sintética del cuello es muy acogedor.<br />
El corte cómodo y el fruncido en la cintura realzan maravillosamente la figura.<br />
El aspecto elegante de la parka con detalles dorados garantiza un efecto llamativo.</p>
<p>Material: Exterior: poliéster 100%. Forro: 100% poliéster. Ribete: 80% poliacrílico, 20% poliéster. Relleno: 100% poliéster. Puños: 95% poliéster, 5% elastano.<br />
Instrucciones de cuidado: Lavar a máquina</p>
<p>Color: azul noche<br />
Patrón: sin<br />
Talla: 40</p>
<p>Anchura de los hombros: 39 cm<br />
Brustweite: 111cm<br />
Longitud de la manga: 63 cm<br />
Longitud total: 89 cm</p>

<table class="dv_characteristicsTable">
<tbody>
<tr>
<td class="left">Talla</td>
<td>40</td>
</tr>
<tr>
<td class="left">Größentyp</td>
<td>Normalgrößen</td>
</tr>
<tr>
<td class="left">Composición del material</td>
<td>Obermaterial: 100% Polyester. Futter: 100% Polyester. Besatz: 80% Polyacryl, 20% Polyester. Wattierung: 100% Polyester. Bündchen: 95% Polyester, 5% Elasthan</td>
</tr>
<tr>
<td class="left">Instrucciones de cuidado</td>
<td>Lavado a máquina</td>
</tr>
<tr>
<td class="left">Optik</td>
<td>unifarben</td>
</tr>
<tr>
<td class="left">Stil</td>
<td>feminin</td>
</tr>
<tr>
<td class="left">Color</td>
<td>azul noche</td>
</tr>
<tr>
<td class="left">Kragen</td>
<td>Fellimitatkragen</td>
</tr>
<tr>
<td class="left">Kragendetails</td>
<td>abnehmbar</td>
</tr>
<tr>
<td class="left">Ärmel</td>
<td>Manga larga</td>
</tr>
<tr>
<td class="left">Rumpfabschlussdetails</td>
<td>mit Kordelzug</td>
</tr>
<tr>
<td class="left">Ajuste</td>
<td>lässig geschnitten</td>
</tr>
<tr>
<td class="left">Schnittdetails</td>
<td>Längsteilungsnaht</td>
</tr>
<tr>
<td class="left">Schnittform Länge</td>
<td>ca. Mitte Oberschenkel</td>
</tr>
<tr>
<td class="left">Capó</td>
<td>mit Kapuze</td>
</tr>
<tr>
<td class="left">Kapuzendetails</td>
<td>abnehmbar</td>
</tr>
<tr>
<td class="left">Applikationen</td>
<td>Druckknöpfe</td>
</tr>
<tr>
<td class="left">Bolsas</td>
<td>Reißverschlusstaschen</td>
</tr>
<tr>
<td class="left">Verschluss</td>
<td>Reißverschluss, Knopfleiste</td>
</tr>
<tr>
<td class="left">Besondere Merkmale</td>
<td>mit abnehmbarer Kapuze</td>
</tr>
</tbody>
</table>
