{"id":82152,"date":"2023-12-14T02:13:10","date_gmt":"2023-12-14T01:13:10","guid":{"rendered":"https:\/\/www.soanam.de\/?post_type=product&#038;p=82152"},"modified":"2023-12-14T02:21:01","modified_gmt":"2023-12-14T01:21:01","slug":"gipsy-lederjacke-bikerjacke-julja-in-anthrazit-groesse-l","status":"publish","type":"product","link":"https:\/\/www.soanam.de\/es\/produkt\/gipsy-lederjacke-bikerjacke-julja-in-anthrazit-groesse-l\/","title":{"rendered":"Cazadora de cuero Gipsy Cazadora biker Julja, en antracita, talla L"},"content":{"rendered":"<p>Chaqueta de cuero Julja by Gipsy de estilo motero para mujer<br \/>\nLook 2 en 1 con capucha de suave tejido transpirable<br \/>\nCorte entallado con cuello vuelto variable<br \/>\nBolsillos laterales con cremallera y pespuntes caracter\u00edsticos<br \/>\nCremallera asim\u00e9trica<br \/>\nTirantes ajustables en el lateral del dobladillo<br \/>\nAcabado forrado<\/p>\n<p>Chaqueta de cuero para mujer Julja de Gipsy en look motero.<br \/>\nLa chaqueta tiene un corte entallado, un look 2 en 1 con una capucha insertada confeccionada en suave tejido transpirable, un corte entallado, cuello vuelto variable, bolsillos laterales con cremallera y pespuntes caracter\u00edsticos.<br \/>\nSie schlie\u00dft mit diagonalem Rei\u00dfverschluss, besitzt verstellbare Riegel seitlich am Saum, ist gef\u00fcttert und aus einer hochwertigen Qualit\u00e4t.<\/p>\n<p>Material: Exterior: 100% piel de oveja. Forro: 100% algod\u00f3n. Forro de las mangas: 100% poli\u00e9ster. Capucha: 55% poli\u00e9ster, 45% algod\u00f3n.<br \/>\nInstrucciones de cuidado: Limpieza del cuero<\/p>\n<p>Farbe: anthrazit<br \/>\nPatr\u00f3n: sin<br \/>\nTalla: L<\/p>\n<p>Schulterbreite: 42 cm<br \/>\nAnchura del pecho: 106 cm<br \/>\nLongitud de la manga: 62 cm<br \/>\nLongitud total: 54 cm<\/p>","protected":false},"excerpt":{"rendered":"<table class=\"dv_characteristicsTable\">\n<tbody>\n<tr>\n<td class=\"left\">Talla<\/td>\n<td>L<\/td>\n<\/tr>\n<tr>\n<td class=\"left\">Gr\u00f6\u00dfentyp<\/td>\n<td>Normalgr\u00f6\u00dfen<\/td>\n<\/tr>\n<tr>\n<td class=\"left\">Composici\u00f3n del material<\/td>\n<td>Kapuze: 55% Polyester, 45% Baumwolle, Obermaterial: 100% Schafsleder, Futter: 100% Baumwolle, \u00c4rmelfutter: 100% Polyester<\/td>\n<\/tr>\n<tr>\n<td class=\"left\">Materialart<\/td>\n<td>Schafsleder<\/td>\n<\/tr>\n<tr>\n<td class=\"left\">Materialart Innenfutter<\/td>\n<td>Stoff<\/td>\n<\/tr>\n<tr>\n<td class=\"left\">Materialhinweis<\/td>\n<td>Enth\u00e4lt nichttextile Teile tierischen Ursprungs<\/td>\n<\/tr>\n<tr>\n<td class=\"left\">Instrucciones de cuidado<\/td>\n<td>Lederreinigung<\/td>\n<\/tr>\n<tr>\n<td class=\"left\">Optik<\/td>\n<td>unifarben<\/td>\n<\/tr>\n<tr>\n<td class=\"left\">Stil<\/td>\n<td>casual, feminin, klassisch<\/td>\n<\/tr>\n<tr>\n<td class=\"left\">Color<\/td>\n<td>anthrazit<\/td>\n<\/tr>\n<tr>\n<td class=\"left\">Kragen<\/td>\n<td>Bikerkragen<\/td>\n<\/tr>\n<tr>\n<td class=\"left\">Kragendetails<\/td>\n<td>mit Rei\u00dfverschluss, mit Druckkn\u00f6pfen<\/td>\n<\/tr>\n<tr>\n<td class=\"left\">\u00c4rmel<\/td>\n<td>Manga larga<\/td>\n<\/tr>\n<tr>\n<td class=\"left\">\u00c4rmeldetails<\/td>\n<td>\u00c4rmel mit Zipper<\/td>\n<\/tr>\n<tr>\n<td class=\"left\">\u00c4rmelabschlussdetails<\/td>\n<td>\u00c4rmel mit Zipper<\/td>\n<\/tr>\n<tr>\n<td class=\"left\">Rumpfabschlussdetails<\/td>\n<td>Tirantes ajustables en el lateral del dobladillo<\/td>\n<\/tr>\n<tr>\n<td class=\"left\">Ajuste<\/td>\n<td>slim fit<\/td>\n<\/tr>\n<tr>\n<td class=\"left\">Herstellerpassform<\/td>\n<td>slim fit<\/td>\n<\/tr>\n<tr>\n<td class=\"left\">Cap\u00f3<\/td>\n<td>mit Kapuze<\/td>\n<\/tr>\n<tr>\n<td class=\"left\">Kapuzendetails<\/td>\n<td>abnehmbar<\/td>\n<\/tr>\n<tr>\n<td class=\"left\">Applikationen<\/td>\n<td>Logo-Badge<\/td>\n<\/tr>\n<tr>\n<td class=\"left\">Anzahl Taschen<\/td>\n<td>2 St.<\/td>\n<\/tr>\n<tr>\n<td class=\"left\">Bolsas<\/td>\n<td>Rei\u00dfverschlusstaschen<\/td>\n<\/tr>\n<tr>\n<td class=\"left\">Verschluss<\/td>\n<td>Metallrei\u00dfverschluss<\/td>\n<\/tr>\n<tr>\n<td class=\"left\">Verschlussdetails<\/td>\n<td>asymmetrisch<\/td>\n<\/tr>\n<tr>\n<td class=\"left\">Besondere Merkmale<\/td>\n<td>2-in-1-Look mit abnehmbarem Kapuzeneinsatz aus weicher Sweatware<\/td>\n<\/tr>\n<tr>\n<td class=\"left\"><\/td>\n<td><\/td>\n<\/tr>\n<\/tbody>\n<\/table>","protected":false},"featured_media":82284,"comment_status":"open","ping_status":"closed","template":"","meta":{"_seopress_robots_primary_cat":"","_seopress_titles_title":"","_seopress_titles_desc":"","_seopress_robots_index":""},"product_brand":[],"product_cat":[1348,1354,1405],"product_tag":[],"class_list":{"0":"post-82152","1":"product","2":"type-product","3":"status-publish","4":"has-post-thumbnail","6":"product_cat-damen-mode","7":"product_cat-jacken-maentel","8":"product_cat-lederjacken-jacken-maentel","9":"product_shipping_class-standard-versand","11":"first","12":"instock","13":"taxable","14":"shipping-taxable","15":"purchasable","16":"product-type-simple"},"_links":{"self":[{"href":"https:\/\/www.soanam.de\/es\/wp-json\/wp\/v2\/product\/82152","targetHints":{"allow":["GET"]}}],"collection":[{"href":"https:\/\/www.soanam.de\/es\/wp-json\/wp\/v2\/product"}],"about":[{"href":"https:\/\/www.soanam.de\/es\/wp-json\/wp\/v2\/types\/product"}],"replies":[{"embeddable":true,"href":"https:\/\/www.soanam.de\/es\/wp-json\/wp\/v2\/comments?post=82152"}],"wp:featuredmedia":[{"embeddable":true,"href":"https:\/\/www.soanam.de\/es\/wp-json\/wp\/v2\/media\/82284"}],"wp:attachment":[{"href":"https:\/\/www.soanam.de\/es\/wp-json\/wp\/v2\/media?parent=82152"}],"wp:term":[{"taxonomy":"product_brand","embeddable":true,"href":"https:\/\/www.soanam.de\/es\/wp-json\/wp\/v2\/product_brand?post=82152"},{"taxonomy":"product_cat","embeddable":true,"href":"https:\/\/www.soanam.de\/es\/wp-json\/wp\/v2\/product_cat?post=82152"},{"taxonomy":"product_tag","embeddable":true,"href":"https:\/\/www.soanam.de\/es\/wp-json\/wp\/v2\/product_tag?post=82152"}],"curies":[{"name":"wp","href":"https:\/\/api.w.org\/{rel}","templated":true}]}}

<p>Chaqueta de cuero Julja by Gipsy de estilo motero para mujer<br />
Look 2 en 1 con capucha de suave tejido transpirable<br />
Corte entallado con cuello vuelto variable<br />
Bolsillos laterales con cremallera y pespuntes característicos<br />
Cremallera asimétrica<br />
Tirantes ajustables en el lateral del dobladillo<br />
Acabado forrado</p>
<p>Chaqueta de cuero para mujer Julja de Gipsy en look motero.<br />
La chaqueta tiene un corte entallado, un look 2 en 1 con una capucha insertada confeccionada en suave tejido transpirable, un corte entallado, cuello vuelto variable, bolsillos laterales con cremallera y pespuntes característicos.<br />
Sie schließt mit diagonalem Reißverschluss, besitzt verstellbare Riegel seitlich am Saum, ist gefüttert und aus einer hochwertigen Qualität.</p>
<p>Material: Exterior: 100% piel de oveja. Forro: 100% algodón. Forro de las mangas: 100% poliéster. Capucha: 55% poliéster, 45% algodón.<br />
Instrucciones de cuidado: Limpieza del cuero</p>
<p>Farbe: anthrazit<br />
Patrón: sin<br />
Talla: L</p>
<p>Schulterbreite: 42 cm<br />
Anchura del pecho: 106 cm<br />
Longitud de la manga: 62 cm<br />
Longitud total: 54 cm</p>

<table class="dv_characteristicsTable">
<tbody>
<tr>
<td class="left">Talla</td>
<td>L</td>
</tr>
<tr>
<td class="left">Größentyp</td>
<td>Normalgrößen</td>
</tr>
<tr>
<td class="left">Composición del material</td>
<td>Kapuze: 55% Polyester, 45% Baumwolle, Obermaterial: 100% Schafsleder, Futter: 100% Baumwolle, Ärmelfutter: 100% Polyester</td>
</tr>
<tr>
<td class="left">Materialart</td>
<td>Schafsleder</td>
</tr>
<tr>
<td class="left">Materialart Innenfutter</td>
<td>Stoff</td>
</tr>
<tr>
<td class="left">Materialhinweis</td>
<td>Enthält nichttextile Teile tierischen Ursprungs</td>
</tr>
<tr>
<td class="left">Instrucciones de cuidado</td>
<td>Lederreinigung</td>
</tr>
<tr>
<td class="left">Optik</td>
<td>unifarben</td>
</tr>
<tr>
<td class="left">Stil</td>
<td>casual, feminin, klassisch</td>
</tr>
<tr>
<td class="left">Color</td>
<td>anthrazit</td>
</tr>
<tr>
<td class="left">Kragen</td>
<td>Bikerkragen</td>
</tr>
<tr>
<td class="left">Kragendetails</td>
<td>mit Reißverschluss, mit Druckknöpfen</td>
</tr>
<tr>
<td class="left">Ärmel</td>
<td>Manga larga</td>
</tr>
<tr>
<td class="left">Ärmeldetails</td>
<td>Ärmel mit Zipper</td>
</tr>
<tr>
<td class="left">Ärmelabschlussdetails</td>
<td>Ärmel mit Zipper</td>
</tr>
<tr>
<td class="left">Rumpfabschlussdetails</td>
<td>Tirantes ajustables en el lateral del dobladillo</td>
</tr>
<tr>
<td class="left">Ajuste</td>
<td>slim fit</td>
</tr>
<tr>
<td class="left">Herstellerpassform</td>
<td>slim fit</td>
</tr>
<tr>
<td class="left">Capó</td>
<td>mit Kapuze</td>
</tr>
<tr>
<td class="left">Kapuzendetails</td>
<td>abnehmbar</td>
</tr>
<tr>
<td class="left">Applikationen</td>
<td>Logo-Badge</td>
</tr>
<tr>
<td class="left">Anzahl Taschen</td>
<td>2 St.</td>
</tr>
<tr>
<td class="left">Bolsas</td>
<td>Reißverschlusstaschen</td>
</tr>
<tr>
<td class="left">Verschluss</td>
<td>Metallreißverschluss</td>
</tr>
<tr>
<td class="left">Verschlussdetails</td>
<td>asymmetrisch</td>
</tr>
<tr>
<td class="left">Besondere Merkmale</td>
<td>2-in-1-Look mit abnehmbarem Kapuzeneinsatz aus weicher Sweatware</td>
</tr>
<tr>
<td class="left"></td>
<td></td>
</tr>
</tbody>
</table>
