{"id":82149,"date":"2023-12-14T02:13:09","date_gmt":"2023-12-14T01:13:09","guid":{"rendered":"https:\/\/www.soanam.de\/?post_type=product&#038;p=82149"},"modified":"2023-12-14T02:15:48","modified_gmt":"2023-12-14T01:15:48","slug":"gipsy-ledermantel-seneka-in-cognac-groesse-3xl","status":"publish","type":"product","link":"https:\/\/www.soanam.de\/es\/produkt\/gipsy-ledermantel-seneka-in-cognac-groesse-3xl\/","title":{"rendered":"Abrigo de piel gipsy Seneka, en co\u00f1ac, talla 3XL"},"content":{"rendered":"<p>Leicht taillierte Lederjacke in angesagter Longform von Gipsy<br \/>\nHochwertiges Lammnappa mit glatter Optik, mit Baumwoll-Innenfutter<br \/>\nFigurbetonender Ledermantel in Biker-Optik mit abnehmbarer Kapuze aus weichem Jersey<br \/>\nKlassischer Reverskragen mit asymmetrischem Rei\u00dfverschluss<\/p>\n<p>Bikerjacke und Ledermantel in einem - das ist Seneka von Gipsy.<br \/>\nDie coolen Features einer Bikerjacke werden um eine smarte Long-Passform erg\u00e4nzt.<br \/>\nDazu z\u00e4hlen der Reverskragen mit Logo verzierten Druckkn\u00f6pfen, der asymmetrische Rei\u00dfverschluss, die Zipper-Taschen sowie die Zipper an den \u00c4rmels\u00e4umen.<br \/>\nInnen ist der Mantel aus Lammnappe aufwendig bedruckt, mit einer Kapuze im Lagen-Look und modischen Steppungen versehen.<\/p>\n<p>Material: Obermaterial: 100% Lammleder. Futter: 100% Baumwolle. \u00c4rmelfutter: 100% Polyester. Kapuze: 55% Polyester, 45% Baumwolle<br \/>\nInstrucciones de cuidado: Limpieza del cuero<\/p>\n<p>Color: co\u00f1ac<br \/>\nPatr\u00f3n: sin<br \/>\nTalla: 3XL<\/p>\n<p>Schulterbreite: 43 cm<br \/>\nAnchura del pecho: 120 cm<br \/>\nLongitud de la manga: 67 cm<br \/>\nLongitud total: 93 cm<\/p>","protected":false},"excerpt":{"rendered":"<table class=\"dv_characteristicsTable\">\n<tbody>\n<tr>\n<td class=\"left\">Talla<\/td>\n<td>3XL<\/td>\n<\/tr>\n<tr>\n<td class=\"left\">Gr\u00f6\u00dfentyp<\/td>\n<td>Normalgr\u00f6\u00dfen<\/td>\n<\/tr>\n<tr>\n<td class=\"left\">Composici\u00f3n del material<\/td>\n<td>Obermaterial: 100% Lammleder. Futter: 100% Baumwolle. \u00c4rmelfutter: 100% Polyester. Kapuze: 55% Polyester, 45% Baumwolle<\/td>\n<\/tr>\n<tr>\n<td class=\"left\">Materialhinweis<\/td>\n<td>enth\u00e4lt nichttextile Teile tierischen Ursprungs<\/td>\n<\/tr>\n<tr>\n<td class=\"left\">Instrucciones de cuidado<\/td>\n<td>Lederreinigung<\/td>\n<\/tr>\n<tr>\n<td class=\"left\">Stil<\/td>\n<td>modisch<\/td>\n<\/tr>\n<tr>\n<td class=\"left\">Color<\/td>\n<td>cognac<\/td>\n<\/tr>\n<tr>\n<td class=\"left\">Kragen<\/td>\n<td>Cuello con solapa<\/td>\n<\/tr>\n<tr>\n<td class=\"left\">\u00c4rmel<\/td>\n<td>Manga larga<\/td>\n<\/tr>\n<tr>\n<td class=\"left\">\u00c4rmeldetails<\/td>\n<td>\u00c4rmel mit \u00c4rmelschlitz<\/td>\n<\/tr>\n<tr>\n<td class=\"left\">\u00c4rmelabschlussdetails<\/td>\n<td>mit Rei\u00dfverschluss<\/td>\n<\/tr>\n<tr>\n<td class=\"left\">Ajuste<\/td>\n<td>figurbetont<\/td>\n<\/tr>\n<tr>\n<td class=\"left\">Schnittdetails<\/td>\n<td>Costuras divisorias<\/td>\n<\/tr>\n<tr>\n<td class=\"left\">Schnittform L\u00e4nge<\/td>\n<td>lang<\/td>\n<\/tr>\n<tr>\n<td class=\"left\">Cap\u00f3<\/td>\n<td>mit Kapuze<\/td>\n<\/tr>\n<tr>\n<td class=\"left\">Kapuzendetails<\/td>\n<td>abnehmbar<\/td>\n<\/tr>\n<tr>\n<td class=\"left\">Kapuzenf\u00fctterung<\/td>\n<td>gef\u00fcttert<\/td>\n<\/tr>\n<tr>\n<td class=\"left\">Bolsas<\/td>\n<td>Rei\u00dfverschlusstaschen<\/td>\n<\/tr>\n<tr>\n<td class=\"left\">Verschluss<\/td>\n<td>Cierre de cremallera<\/td>\n<\/tr>\n<tr>\n<td class=\"left\">Besondere Merkmale<\/td>\n<td>lange Lederjacke mit abzippbarem Kapuzen-Einsatz<\/td>\n<\/tr>\n<\/tbody>\n<\/table>","protected":false},"featured_media":82269,"comment_status":"open","ping_status":"closed","template":"","meta":{"_seopress_robots_primary_cat":"","_seopress_titles_title":"","_seopress_titles_desc":"","_seopress_robots_index":""},"product_brand":[],"product_cat":[1348,1354,1405],"product_tag":[],"class_list":{"0":"post-82149","1":"product","2":"type-product","3":"status-publish","4":"has-post-thumbnail","6":"product_cat-damen-mode","7":"product_cat-jacken-maentel","8":"product_cat-lederjacken-jacken-maentel","9":"product_shipping_class-standard-versand","11":"first","12":"instock","13":"taxable","14":"shipping-taxable","15":"purchasable","16":"product-type-simple"},"_links":{"self":[{"href":"https:\/\/www.soanam.de\/es\/wp-json\/wp\/v2\/product\/82149","targetHints":{"allow":["GET"]}}],"collection":[{"href":"https:\/\/www.soanam.de\/es\/wp-json\/wp\/v2\/product"}],"about":[{"href":"https:\/\/www.soanam.de\/es\/wp-json\/wp\/v2\/types\/product"}],"replies":[{"embeddable":true,"href":"https:\/\/www.soanam.de\/es\/wp-json\/wp\/v2\/comments?post=82149"}],"wp:featuredmedia":[{"embeddable":true,"href":"https:\/\/www.soanam.de\/es\/wp-json\/wp\/v2\/media\/82269"}],"wp:attachment":[{"href":"https:\/\/www.soanam.de\/es\/wp-json\/wp\/v2\/media?parent=82149"}],"wp:term":[{"taxonomy":"product_brand","embeddable":true,"href":"https:\/\/www.soanam.de\/es\/wp-json\/wp\/v2\/product_brand?post=82149"},{"taxonomy":"product_cat","embeddable":true,"href":"https:\/\/www.soanam.de\/es\/wp-json\/wp\/v2\/product_cat?post=82149"},{"taxonomy":"product_tag","embeddable":true,"href":"https:\/\/www.soanam.de\/es\/wp-json\/wp\/v2\/product_tag?post=82149"}],"curies":[{"name":"wp","href":"https:\/\/api.w.org\/{rel}","templated":true}]}}

Abrigo de piel gipsy Seneka, en coñac, talla 3XL

<p>Leicht taillierte Lederjacke in angesagter Longform von Gipsy<br />
Hochwertiges Lammnappa mit glatter Optik, mit Baumwoll-Innenfutter<br />
Figurbetonender Ledermantel in Biker-Optik mit abnehmbarer Kapuze aus weichem Jersey<br />
Klassischer Reverskragen mit asymmetrischem Reißverschluss</p>
<p>Bikerjacke und Ledermantel in einem - das ist Seneka von Gipsy.<br />
Die coolen Features einer Bikerjacke werden um eine smarte Long-Passform ergänzt.<br />
Dazu zählen der Reverskragen mit Logo verzierten Druckknöpfen, der asymmetrische Reißverschluss, die Zipper-Taschen sowie die Zipper an den Ärmelsäumen.<br />
Innen ist der Mantel aus Lammnappe aufwendig bedruckt, mit einer Kapuze im Lagen-Look und modischen Steppungen versehen.</p>
<p>Material: Obermaterial: 100% Lammleder. Futter: 100% Baumwolle. Ärmelfutter: 100% Polyester. Kapuze: 55% Polyester, 45% Baumwolle<br />
Instrucciones de cuidado: Limpieza del cuero</p>
<p>Color: coñac<br />
Patrón: sin<br />
Talla: 3XL</p>
<p>Schulterbreite: 43 cm<br />
Anchura del pecho: 120 cm<br />
Longitud de la manga: 67 cm<br />
Longitud total: 93 cm</p>

<table class="dv_characteristicsTable">
<tbody>
<tr>
<td class="left">Talla</td>
<td>3XL</td>
</tr>
<tr>
<td class="left">Größentyp</td>
<td>Normalgrößen</td>
</tr>
<tr>
<td class="left">Composición del material</td>
<td>Obermaterial: 100% Lammleder. Futter: 100% Baumwolle. Ärmelfutter: 100% Polyester. Kapuze: 55% Polyester, 45% Baumwolle</td>
</tr>
<tr>
<td class="left">Materialhinweis</td>
<td>enthält nichttextile Teile tierischen Ursprungs</td>
</tr>
<tr>
<td class="left">Instrucciones de cuidado</td>
<td>Lederreinigung</td>
</tr>
<tr>
<td class="left">Stil</td>
<td>modisch</td>
</tr>
<tr>
<td class="left">Color</td>
<td>cognac</td>
</tr>
<tr>
<td class="left">Kragen</td>
<td>Cuello con solapa</td>
</tr>
<tr>
<td class="left">Ärmel</td>
<td>Manga larga</td>
</tr>
<tr>
<td class="left">Ärmeldetails</td>
<td>Ärmel mit Ärmelschlitz</td>
</tr>
<tr>
<td class="left">Ärmelabschlussdetails</td>
<td>mit Reißverschluss</td>
</tr>
<tr>
<td class="left">Ajuste</td>
<td>figurbetont</td>
</tr>
<tr>
<td class="left">Schnittdetails</td>
<td>Costuras divisorias</td>
</tr>
<tr>
<td class="left">Schnittform Länge</td>
<td>lang</td>
</tr>
<tr>
<td class="left">Capó</td>
<td>mit Kapuze</td>
</tr>
<tr>
<td class="left">Kapuzendetails</td>
<td>abnehmbar</td>
</tr>
<tr>
<td class="left">Kapuzenfütterung</td>
<td>gefüttert</td>
</tr>
<tr>
<td class="left">Bolsas</td>
<td>Reißverschlusstaschen</td>
</tr>
<tr>
<td class="left">Verschluss</td>
<td>Cierre de cremallera</td>
</tr>
<tr>
<td class="left">Besondere Merkmale</td>
<td>lange Lederjacke mit abzippbarem Kapuzen-Einsatz</td>
</tr>
</tbody>
</table>
