{"id":82131,"date":"2023-12-14T02:12:47","date_gmt":"2023-12-14T01:12:47","guid":{"rendered":"https:\/\/www.soanam.de\/?post_type=product&#038;p=82131"},"modified":"2023-12-14T02:15:44","modified_gmt":"2023-12-14T01:15:44","slug":"polarino-chaqueta-acolchada-de-invierno-en-azul-marino-talla-56","status":"publish","type":"product","link":"https:\/\/www.soanam.de\/es\/produkt\/polarino-wattierte-winterjacke-in-marine-groesse-56\/","title":{"rendered":"Chaqueta de invierno acolchada Polarino, en azul marino, talla 56"},"content":{"rendered":"<p>Chaqueta funcional con capucha de Polarino<br \/>\nAcolchado c\u00e1lido con forro acolchado<br \/>\n2 bolsillos laterales con cremallera, 1 bolsillo en el pecho y bolsillos interiores<br \/>\nTranspirable, cortaviento e hidr\u00f3fugo<br \/>\nPu\u00f1os y dobladillo ajustables<\/p>\n<p>Sus propiedades cortaviento, repelente al agua y transpirable hacen del modelo Polarino el compa\u00f1ero perfecto en la estaci\u00f3n fr\u00eda. El acogedor acolchado del forro acolchado tambi\u00e9n proporciona una agradable calidez.<br \/>\nEl dise\u00f1o presenta componentes de estilo funcional, como correas ajustables en las mangas y una cremallera con borde y protector de barbilla.<br \/>\nLa pr\u00e1ctica capucha con cord\u00f3n ajustable evita que se te congele la cabeza con las r\u00e1fagas de viento.<br \/>\nEl bolsillo Napole\u00f3n a la altura del pecho y los bolsillos con aberturas laterales ofrecen un espacio perfecto para guardar sus pertenencias.<br \/>\nEl dobladillo ajustable permite personalizar el ajuste.<\/p>\n<p>Material: Exterior: poli\u00e9ster 96%, elastano 4%. Forro: 100% poli\u00e9ster. Relleno: 100% poli\u00e9ster.<br \/>\nInstrucciones de cuidado: Lavar a m\u00e1quina<\/p>\n<p>Color: azul marino<br \/>\nPatr\u00f3n: sin<br \/>\nTama\u00f1o: 56<\/p>\n<p>Anchura de los hombros: 52 cm<br \/>\nAnchura del pecho: 128 cm<br \/>\nLongitud de la manga: 70 cm<br \/>\nLongitud total: 81 cm<\/p>","protected":false},"excerpt":{"rendered":"<table class=\"dv_characteristicsTable\">\n<tbody>\n<tr>\n<td class=\"left\">Talla<\/td>\n<td>56<\/td>\n<\/tr>\n<tr>\n<td class=\"left\">Gr\u00f6\u00dfentyp<\/td>\n<td>Normalgr\u00f6\u00dfen<\/td>\n<\/tr>\n<tr>\n<td class=\"left\">Composici\u00f3n del material<\/td>\n<td>Obermaterial: 96% Polyester\u00a0, 4% Elasthan. Futter: 100% Polyester. Wattierung: 100% Polyester<\/td>\n<\/tr>\n<tr>\n<td class=\"left\">Materialart<\/td>\n<td>Softshell<\/td>\n<\/tr>\n<tr>\n<td class=\"left\">Instrucciones de cuidado<\/td>\n<td>Lavado a m\u00e1quina<\/td>\n<\/tr>\n<tr>\n<td class=\"left\">Stil<\/td>\n<td>sportlich<\/td>\n<\/tr>\n<tr>\n<td class=\"left\">Color<\/td>\n<td>marina<\/td>\n<\/tr>\n<tr>\n<td class=\"left\">\u00c4rmelabschlussdetails<\/td>\n<td>mit verstellbarem Klettverschluss<\/td>\n<\/tr>\n<tr>\n<td class=\"left\">Rumpfabschlussdetails<\/td>\n<td>mit verstellbarem Gummizug<\/td>\n<\/tr>\n<tr>\n<td class=\"left\">Cap\u00f3<\/td>\n<td>mit Kapuze<\/td>\n<\/tr>\n<tr>\n<td class=\"left\">Kapuzendetails<\/td>\n<td>mit regulierbarem Elastikband, Weite regulierbar<\/td>\n<\/tr>\n<tr>\n<td class=\"left\">Kapuzenf\u00fctterung<\/td>\n<td>gef\u00fcttert<\/td>\n<\/tr>\n<tr>\n<td class=\"left\">Applikationen<\/td>\n<td>Badge<\/td>\n<\/tr>\n<tr>\n<td class=\"left\">Bolsas<\/td>\n<td>Rei\u00dfverschlusstaschen, Brusttasche, Innentaschen<\/td>\n<\/tr>\n<tr>\n<td class=\"left\">Verschluss<\/td>\n<td>Cierre de cremallera<\/td>\n<\/tr>\n<tr>\n<td class=\"left\">Besondere Merkmale<\/td>\n<td>mit vielen praktischen Taschen<\/td>\n<\/tr>\n<\/tbody>\n<\/table>","protected":false},"featured_media":82264,"comment_status":"open","ping_status":"closed","template":"","meta":{"_seopress_robots_primary_cat":"","_seopress_titles_title":"","_seopress_titles_desc":"","_seopress_robots_index":""},"product_brand":[],"product_cat":[1345,1363,1364,1377],"product_tag":[],"class_list":{"0":"post-82131","1":"product","2":"type-product","3":"status-publish","4":"has-post-thumbnail","6":"product_cat-herrenmode","7":"product_cat-jacken-maentel-herrenmode","8":"product_cat-funktionsjacken","9":"product_cat-winterjacken-jacken-maentel-herrenmode","10":"product_shipping_class-standard-versand","12":"first","13":"instock","14":"taxable","15":"shipping-taxable","16":"purchasable","17":"product-type-simple"},"_links":{"self":[{"href":"https:\/\/www.soanam.de\/es\/wp-json\/wp\/v2\/product\/82131","targetHints":{"allow":["GET"]}}],"collection":[{"href":"https:\/\/www.soanam.de\/es\/wp-json\/wp\/v2\/product"}],"about":[{"href":"https:\/\/www.soanam.de\/es\/wp-json\/wp\/v2\/types\/product"}],"replies":[{"embeddable":true,"href":"https:\/\/www.soanam.de\/es\/wp-json\/wp\/v2\/comments?post=82131"}],"wp:featuredmedia":[{"embeddable":true,"href":"https:\/\/www.soanam.de\/es\/wp-json\/wp\/v2\/media\/82264"}],"wp:attachment":[{"href":"https:\/\/www.soanam.de\/es\/wp-json\/wp\/v2\/media?parent=82131"}],"wp:term":[{"taxonomy":"product_brand","embeddable":true,"href":"https:\/\/www.soanam.de\/es\/wp-json\/wp\/v2\/product_brand?post=82131"},{"taxonomy":"product_cat","embeddable":true,"href":"https:\/\/www.soanam.de\/es\/wp-json\/wp\/v2\/product_cat?post=82131"},{"taxonomy":"product_tag","embeddable":true,"href":"https:\/\/www.soanam.de\/es\/wp-json\/wp\/v2\/product_tag?post=82131"}],"curies":[{"name":"wp","href":"https:\/\/api.w.org\/{rel}","templated":true}]}}

<p>Chaqueta funcional con capucha de Polarino<br />
Acolchado cálido con forro acolchado<br />
2 bolsillos laterales con cremallera, 1 bolsillo en el pecho y bolsillos interiores<br />
Transpirable, cortaviento e hidrófugo<br />
Puños y dobladillo ajustables</p>
<p>Sus propiedades cortaviento, repelente al agua y transpirable hacen del modelo Polarino el compañero perfecto en la estación fría. El acogedor acolchado del forro acolchado también proporciona una agradable calidez.<br />
El diseño presenta componentes de estilo funcional, como correas ajustables en las mangas y una cremallera con borde y protector de barbilla.<br />
La práctica capucha con cordón ajustable evita que se te congele la cabeza con las ráfagas de viento.<br />
El bolsillo Napoleón a la altura del pecho y los bolsillos con aberturas laterales ofrecen un espacio perfecto para guardar sus pertenencias.<br />
El dobladillo ajustable permite personalizar el ajuste.</p>
<p>Material: Exterior: poliéster 96%, elastano 4%. Forro: 100% poliéster. Relleno: 100% poliéster.<br />
Instrucciones de cuidado: Lavar a máquina</p>
<p>Color: azul marino<br />
Patrón: sin<br />
Tamaño: 56</p>
<p>Anchura de los hombros: 52 cm<br />
Anchura del pecho: 128 cm<br />
Longitud de la manga: 70 cm<br />
Longitud total: 81 cm</p>

<table class="dv_characteristicsTable">
<tbody>
<tr>
<td class="left">Talla</td>
<td>56</td>
</tr>
<tr>
<td class="left">Größentyp</td>
<td>Normalgrößen</td>
</tr>
<tr>
<td class="left">Composición del material</td>
<td>Obermaterial: 96% Polyester , 4% Elasthan. Futter: 100% Polyester. Wattierung: 100% Polyester</td>
</tr>
<tr>
<td class="left">Materialart</td>
<td>Softshell</td>
</tr>
<tr>
<td class="left">Instrucciones de cuidado</td>
<td>Lavado a máquina</td>
</tr>
<tr>
<td class="left">Stil</td>
<td>sportlich</td>
</tr>
<tr>
<td class="left">Color</td>
<td>marina</td>
</tr>
<tr>
<td class="left">Ärmelabschlussdetails</td>
<td>mit verstellbarem Klettverschluss</td>
</tr>
<tr>
<td class="left">Rumpfabschlussdetails</td>
<td>mit verstellbarem Gummizug</td>
</tr>
<tr>
<td class="left">Capó</td>
<td>mit Kapuze</td>
</tr>
<tr>
<td class="left">Kapuzendetails</td>
<td>mit regulierbarem Elastikband, Weite regulierbar</td>
</tr>
<tr>
<td class="left">Kapuzenfütterung</td>
<td>gefüttert</td>
</tr>
<tr>
<td class="left">Applikationen</td>
<td>Badge</td>
</tr>
<tr>
<td class="left">Bolsas</td>
<td>Reißverschlusstaschen, Brusttasche, Innentaschen</td>
</tr>
<tr>
<td class="left">Verschluss</td>
<td>Cierre de cremallera</td>
</tr>
<tr>
<td class="left">Besondere Merkmale</td>
<td>mit vielen praktischen Taschen</td>
</tr>
</tbody>
</table>
