{"id":82128,"date":"2023-12-14T02:12:46","date_gmt":"2023-12-14T01:12:46","guid":{"rendered":"https:\/\/www.soanam.de\/?post_type=product&#038;p=82128"},"modified":"2023-12-14T02:15:21","modified_gmt":"2023-12-14T01:15:21","slug":"polarino-calido-forro-polar-en-negro-talla-42","status":"publish","type":"product","link":"https:\/\/www.soanam.de\/es\/produkt\/polarino-warme-fleecejacke-in-schwarz-groesse-42\/","title":{"rendered":"Chaqueta polar polarino, en negro, talla 42"},"content":{"rendered":"<p>Jacke aus weichem Polarfleece von Polarino<br \/>\nMit hohem W\u00e4rmer\u00fcckhalteverm\u00f6gen<br \/>\nHoher Kragen mit Kinnschutz und Kapuze<br \/>\n2-Wege Rei\u00dfverschluss<br \/>\nExtralange \u00c4rmel mit Daumenl\u00f6chern<br \/>\nAtmungsaktiv und antistatisch<\/p>\n<p>Der weiche Polarfleece mit W\u00e4rmer\u00fcckhalteverm\u00f6gen sowie atmungsaktiven und antistatischen Eigenschaften sorgt f\u00fcr den Feelgood-Faktor der Jacke von Polarino, die mit ihrer taillierten Passform und der gro\u00dfen Kapuze mit hohem Stehkragen als perfekte Basis f\u00fcr legere Outfitkombinationen dient.<br \/>\nDie extralangen \u00c4rmeln erhalten mit den Daumenl\u00f6chern einen praktischen Auftrag, Eingrifftaschen, Kinnschutz und Zweiwege-Rei\u00dfverschluss erweitern die Ausstattung.<\/p>\n<p>Material: poli\u00e9ster 100%<br \/>\nInstrucciones de cuidado: Lavar a m\u00e1quina<\/p>\n<p>Color: negro<br \/>\nPatr\u00f3n: sin<br \/>\nTalla: 42<\/p>\n<p>Anchura de los hombros: 42 cm<br \/>\nAnchura del pecho: 106 cm<br \/>\n\u00c4rmell\u00e4nge: 71cm<br \/>\nLongitud total: 79 cm<\/p>\n<p>&nbsp;<\/p>\n<p>Este nuevo art\u00edculo es una devoluci\u00f3n de un cliente sin etiqueta.<\/p>","protected":false},"excerpt":{"rendered":"<table class=\"dv_characteristicsTable\">\n<tbody>\n<tr>\n<td class=\"left\">Talla<\/td>\n<td>42<\/td>\n<\/tr>\n<tr>\n<td class=\"left\">Gr\u00f6\u00dfentyp<\/td>\n<td>Normalgr\u00f6\u00dfen<\/td>\n<\/tr>\n<tr>\n<td class=\"left\">Composici\u00f3n del material<\/td>\n<td>Material superior: poli\u00e9ster 100%<\/td>\n<\/tr>\n<tr>\n<td class=\"left\">Materialart<\/td>\n<td>Vell\u00f3n<\/td>\n<\/tr>\n<tr>\n<td class=\"left\">Materialeigenschaften<\/td>\n<td>atmungsaktiv, elastisch, pflegeleicht, schnell trocknend, w\u00e4rmend<\/td>\n<\/tr>\n<tr>\n<td class=\"left\">Instrucciones de cuidado<\/td>\n<td>Lavado a m\u00e1quina<\/td>\n<\/tr>\n<tr>\n<td class=\"left\">Optik<\/td>\n<td>unifarben<\/td>\n<\/tr>\n<tr>\n<td class=\"left\">Stil<\/td>\n<td>sportlich<\/td>\n<\/tr>\n<tr>\n<td class=\"left\">Color<\/td>\n<td>schwarz<\/td>\n<\/tr>\n<tr>\n<td class=\"left\">Kragen<\/td>\n<td>hochschlie\u00dfender Kragen<\/td>\n<\/tr>\n<tr>\n<td class=\"left\">\u00c4rmel<\/td>\n<td>Manga larga<\/td>\n<\/tr>\n<tr>\n<td class=\"left\">\u00c4rmelabschluss<\/td>\n<td>angesetztes B\u00fcndchen<\/td>\n<\/tr>\n<tr>\n<td class=\"left\">\u00c4rmelabschlussdetails<\/td>\n<td>mit Daumenl\u00f6chern<\/td>\n<\/tr>\n<tr>\n<td class=\"left\">Cap\u00f3<\/td>\n<td>mit Kapuze<\/td>\n<\/tr>\n<tr>\n<td class=\"left\">Kapuzendetails<\/td>\n<td>mit Kordelzug, Weite regulierbar<\/td>\n<\/tr>\n<tr>\n<td class=\"left\">Kapuzenf\u00fctterung<\/td>\n<td>Vell\u00f3n<\/td>\n<\/tr>\n<tr>\n<td class=\"left\">Applikationen<\/td>\n<td>Badge<\/td>\n<\/tr>\n<tr>\n<td class=\"left\">Bolsas<\/td>\n<td>Rei\u00dfverschlusstaschen<\/td>\n<\/tr>\n<tr>\n<td class=\"left\">Verschluss<\/td>\n<td>2-Wege-Rei\u00dfverschluss<\/td>\n<\/tr>\n<tr>\n<td class=\"left\">Verschlussdetails<\/td>\n<td>mit Kinnschutz<\/td>\n<\/tr>\n<tr>\n<td class=\"left\">Besondere Merkmale<\/td>\n<td>l\u00e4nger geschnitten und kuschelig warm<\/td>\n<\/tr>\n<\/tbody>\n<\/table>","protected":false},"featured_media":82246,"comment_status":"open","ping_status":"closed","template":"","meta":{"_seopress_robots_primary_cat":"","_seopress_titles_title":"","_seopress_titles_desc":"","_seopress_robots_index":""},"product_brand":[],"product_cat":[1348,1354,1647],"product_tag":[],"class_list":{"0":"post-82128","1":"product","2":"type-product","3":"status-publish","4":"has-post-thumbnail","6":"product_cat-damen-mode","7":"product_cat-jacken-maentel","8":"product_cat-fleecejacken-jacken-maentel","9":"product_shipping_class-standard-versand","11":"first","12":"instock","13":"sale","14":"taxable","15":"shipping-taxable","16":"purchasable","17":"product-type-simple"},"_links":{"self":[{"href":"https:\/\/www.soanam.de\/es\/wp-json\/wp\/v2\/product\/82128","targetHints":{"allow":["GET"]}}],"collection":[{"href":"https:\/\/www.soanam.de\/es\/wp-json\/wp\/v2\/product"}],"about":[{"href":"https:\/\/www.soanam.de\/es\/wp-json\/wp\/v2\/types\/product"}],"replies":[{"embeddable":true,"href":"https:\/\/www.soanam.de\/es\/wp-json\/wp\/v2\/comments?post=82128"}],"wp:featuredmedia":[{"embeddable":true,"href":"https:\/\/www.soanam.de\/es\/wp-json\/wp\/v2\/media\/82246"}],"wp:attachment":[{"href":"https:\/\/www.soanam.de\/es\/wp-json\/wp\/v2\/media?parent=82128"}],"wp:term":[{"taxonomy":"product_brand","embeddable":true,"href":"https:\/\/www.soanam.de\/es\/wp-json\/wp\/v2\/product_brand?post=82128"},{"taxonomy":"product_cat","embeddable":true,"href":"https:\/\/www.soanam.de\/es\/wp-json\/wp\/v2\/product_cat?post=82128"},{"taxonomy":"product_tag","embeddable":true,"href":"https:\/\/www.soanam.de\/es\/wp-json\/wp\/v2\/product_tag?post=82128"}],"curies":[{"name":"wp","href":"https:\/\/api.w.org\/{rel}","templated":true}]}}

<p>Jacke aus weichem Polarfleece von Polarino<br />
Mit hohem Wärmerückhaltevermögen<br />
Hoher Kragen mit Kinnschutz und Kapuze<br />
2-Wege Reißverschluss<br />
Extralange Ärmel mit Daumenlöchern<br />
Atmungsaktiv und antistatisch</p>
<p>Der weiche Polarfleece mit Wärmerückhaltevermögen sowie atmungsaktiven und antistatischen Eigenschaften sorgt für den Feelgood-Faktor der Jacke von Polarino, die mit ihrer taillierten Passform und der großen Kapuze mit hohem Stehkragen als perfekte Basis für legere Outfitkombinationen dient.<br />
Die extralangen Ärmeln erhalten mit den Daumenlöchern einen praktischen Auftrag, Eingrifftaschen, Kinnschutz und Zweiwege-Reißverschluss erweitern die Ausstattung.</p>
<p>Material: poliéster 100%<br />
Instrucciones de cuidado: Lavar a máquina</p>
<p>Color: negro<br />
Patrón: sin<br />
Talla: 42</p>
<p>Anchura de los hombros: 42 cm<br />
Anchura del pecho: 106 cm<br />
Ärmellänge: 71cm<br />
Longitud total: 79 cm</p>
<p>&nbsp;</p>
<p>Este nuevo artículo es una devolución de un cliente sin etiqueta.</p>

<table class="dv_characteristicsTable">
<tbody>
<tr>
<td class="left">Talla</td>
<td>42</td>
</tr>
<tr>
<td class="left">Größentyp</td>
<td>Normalgrößen</td>
</tr>
<tr>
<td class="left">Composición del material</td>
<td>Material superior: poliéster 100%</td>
</tr>
<tr>
<td class="left">Materialart</td>
<td>Vellón</td>
</tr>
<tr>
<td class="left">Materialeigenschaften</td>
<td>atmungsaktiv, elastisch, pflegeleicht, schnell trocknend, wärmend</td>
</tr>
<tr>
<td class="left">Instrucciones de cuidado</td>
<td>Lavado a máquina</td>
</tr>
<tr>
<td class="left">Optik</td>
<td>unifarben</td>
</tr>
<tr>
<td class="left">Stil</td>
<td>sportlich</td>
</tr>
<tr>
<td class="left">Color</td>
<td>schwarz</td>
</tr>
<tr>
<td class="left">Kragen</td>
<td>hochschließender Kragen</td>
</tr>
<tr>
<td class="left">Ärmel</td>
<td>Manga larga</td>
</tr>
<tr>
<td class="left">Ärmelabschluss</td>
<td>angesetztes Bündchen</td>
</tr>
<tr>
<td class="left">Ärmelabschlussdetails</td>
<td>mit Daumenlöchern</td>
</tr>
<tr>
<td class="left">Capó</td>
<td>mit Kapuze</td>
</tr>
<tr>
<td class="left">Kapuzendetails</td>
<td>mit Kordelzug, Weite regulierbar</td>
</tr>
<tr>
<td class="left">Kapuzenfütterung</td>
<td>Vellón</td>
</tr>
<tr>
<td class="left">Applikationen</td>
<td>Badge</td>
</tr>
<tr>
<td class="left">Bolsas</td>
<td>Reißverschlusstaschen</td>
</tr>
<tr>
<td class="left">Verschluss</td>
<td>2-Wege-Reißverschluss</td>
</tr>
<tr>
<td class="left">Verschlussdetails</td>
<td>mit Kinnschutz</td>
</tr>
<tr>
<td class="left">Besondere Merkmale</td>
<td>länger geschnitten und kuschelig warm</td>
</tr>
</tbody>
</table>
