{"id":82104,"date":"2023-12-14T02:12:18","date_gmt":"2023-12-14T01:12:18","guid":{"rendered":"https:\/\/www.soanam.de\/?post_type=product&#038;p=82104"},"modified":"2023-12-14T02:15:03","modified_gmt":"2023-12-14T01:15:03","slug":"polarino-funktionsparka-mit-warmen-innenfutter-in-marine-groesse-40","status":"publish","type":"product","link":"https:\/\/www.soanam.de\/es\/produkt\/polarino-funktionsparka-mit-warmen-innenfutter-in-marine-groesse-40\/","title":{"rendered":"Polarino Funktionsparka mit warmen Innenfutter, in Marine, Gr\u00f6\u00dfe 40"},"content":{"rendered":"<p>Chaqueta de invierno con capucha de Polarino<br \/>\nCon piel sint\u00e9tica extra\u00edble<br \/>\nMaterial exterior blando y moteado con una columna de agua de 8000 mm<br \/>\nTranspirable, cortaviento e impermeable. Costuras selladas<br \/>\nPu\u00f1os cortavientos en las mangas<br \/>\nForro interior suave y acogedor<\/p>\n<p>Der Outdoorparka von Polarino ist die optimale Funktionsjacke f\u00fcr Alle, Outdoorfans - Atmungsaktiv, winddicht und wasserdicht.<br \/>\nGracias al cuello alto con capucha y piel sint\u00e9tica desmontable, tu cuello estar\u00e1 perfectamente abrigado.<br \/>\nOtras caracter\u00edsticas son la ingeniosa tapeta de botones a presi\u00f3n con cremallera en el interior y los pr\u00e1cticos pu\u00f1os cortavientos en las mangas.<br \/>\nEl cord\u00f3n de ajuste en la cintura permite moldear con eficacia el estilo exterior suavemente forrado, mientras que los bolsillos con solapa abotonada ofrecen mucho espacio.<br \/>\nEsta funcional chaqueta ofrece una protecci\u00f3n impermeable integral gracias a una columna de agua de 8000 mm y a las costuras selladas.<\/p>\n<p>Material: poli\u00e9ster 100%<br \/>\nInstrucciones de cuidado: Lavar a m\u00e1quina<\/p>\n<p>Color: azul marino<br \/>\nPatr\u00f3n: sin<br \/>\nTalla: 40<\/p>\n<p>Anchura de los hombros: 44 cm<br \/>\nBrustweite: 111cm<br \/>\nLongitud de la manga: 64 cm<br \/>\nLongitud total: 85 cm<\/p>\n<p>&nbsp;<\/p>\n<p>Este nuevo art\u00edculo es una devoluci\u00f3n de un cliente sin etiqueta.<\/p>","protected":false},"excerpt":{"rendered":"<table class=\"dv_characteristicsTable\">\n<tbody>\n<tr>\n<td class=\"left\">Talla<\/td>\n<td>40<\/td>\n<\/tr>\n<tr>\n<td class=\"left\">Gr\u00f6\u00dfentyp<\/td>\n<td>Normalgr\u00f6\u00dfen<\/td>\n<\/tr>\n<tr>\n<td class=\"left\">Composici\u00f3n del material<\/td>\n<td>Obermaterial: 100% Polyester. Futter: 100% Polyester. Wattierung: 100% Polyester<\/td>\n<\/tr>\n<tr>\n<td class=\"left\">Materialeigenschaften<\/td>\n<td>atmungsaktiv, winddicht, wasserdicht<\/td>\n<\/tr>\n<tr>\n<td class=\"left\">Wassers\u00e4ule<\/td>\n<td>8000 mm<\/td>\n<\/tr>\n<tr>\n<td class=\"left\">Instrucciones de cuidado<\/td>\n<td>Lavado a m\u00e1quina<\/td>\n<\/tr>\n<tr>\n<td class=\"left\">Optik<\/td>\n<td>meliert<\/td>\n<\/tr>\n<tr>\n<td class=\"left\">Stil<\/td>\n<td>casual<\/td>\n<\/tr>\n<tr>\n<td class=\"left\">Color<\/td>\n<td>marina<\/td>\n<\/tr>\n<tr>\n<td class=\"left\">\u00c4rmeldetails<\/td>\n<td>mit Riegel<\/td>\n<\/tr>\n<tr>\n<td class=\"left\">\u00c4rmelabschluss<\/td>\n<td>Windstopperb\u00fcndchen<\/td>\n<\/tr>\n<tr>\n<td class=\"left\">Cap\u00f3<\/td>\n<td>mit Kapuze<\/td>\n<\/tr>\n<tr>\n<td class=\"left\">Kapuzendetails<\/td>\n<td>abnehmbares Fellimitat, mit regulierbarem Elastikband, Weite regulierbar<\/td>\n<\/tr>\n<tr>\n<td class=\"left\">Kapuzenf\u00fctterung<\/td>\n<td>gef\u00fcttert<\/td>\n<\/tr>\n<tr>\n<td class=\"left\">Applikationen<\/td>\n<td>Badge<\/td>\n<\/tr>\n<tr>\n<td class=\"left\">Bolsas<\/td>\n<td>Rei\u00dfverschlusstaschen, Innentaschen<\/td>\n<\/tr>\n<tr>\n<td class=\"left\">Verschluss<\/td>\n<td>2-Wege-Rei\u00dfverschluss<\/td>\n<\/tr>\n<tr>\n<td class=\"left\">Verschlussdetails<\/td>\n<td>mit Windschutzblende<\/td>\n<\/tr>\n<tr>\n<td class=\"left\">Besondere Merkmale<\/td>\n<td>mit kuscheligem Innenfutter<\/td>\n<\/tr>\n<\/tbody>\n<\/table>","protected":false},"featured_media":82234,"comment_status":"open","ping_status":"closed","template":"","meta":{"_seopress_robots_primary_cat":"","_seopress_titles_title":"","_seopress_titles_desc":"","_seopress_robots_index":""},"product_brand":[],"product_cat":[1348,1354,1375,1440],"product_tag":[],"class_list":{"0":"post-82104","1":"product","2":"type-product","3":"status-publish","4":"has-post-thumbnail","6":"product_cat-damen-mode","7":"product_cat-jacken-maentel","8":"product_cat-winterjacken","9":"product_cat-parkas-winterjacken","10":"product_shipping_class-standard-versand","12":"first","13":"instock","14":"sale","15":"taxable","16":"shipping-taxable","17":"purchasable","18":"product-type-simple"},"_links":{"self":[{"href":"https:\/\/www.soanam.de\/es\/wp-json\/wp\/v2\/product\/82104","targetHints":{"allow":["GET"]}}],"collection":[{"href":"https:\/\/www.soanam.de\/es\/wp-json\/wp\/v2\/product"}],"about":[{"href":"https:\/\/www.soanam.de\/es\/wp-json\/wp\/v2\/types\/product"}],"replies":[{"embeddable":true,"href":"https:\/\/www.soanam.de\/es\/wp-json\/wp\/v2\/comments?post=82104"}],"wp:featuredmedia":[{"embeddable":true,"href":"https:\/\/www.soanam.de\/es\/wp-json\/wp\/v2\/media\/82234"}],"wp:attachment":[{"href":"https:\/\/www.soanam.de\/es\/wp-json\/wp\/v2\/media?parent=82104"}],"wp:term":[{"taxonomy":"product_brand","embeddable":true,"href":"https:\/\/www.soanam.de\/es\/wp-json\/wp\/v2\/product_brand?post=82104"},{"taxonomy":"product_cat","embeddable":true,"href":"https:\/\/www.soanam.de\/es\/wp-json\/wp\/v2\/product_cat?post=82104"},{"taxonomy":"product_tag","embeddable":true,"href":"https:\/\/www.soanam.de\/es\/wp-json\/wp\/v2\/product_tag?post=82104"}],"curies":[{"name":"wp","href":"https:\/\/api.w.org\/{rel}","templated":true}]}}

Polarino Funktionsparka mit warmen Innenfutter, in Marine, Größe 40

<p>Chaqueta de invierno con capucha de Polarino<br />
Con piel sintética extraíble<br />
Material exterior blando y moteado con una columna de agua de 8000 mm<br />
Transpirable, cortaviento e impermeable. Costuras selladas<br />
Puños cortavientos en las mangas<br />
Forro interior suave y acogedor</p>
<p>Der Outdoorparka von Polarino ist die optimale Funktionsjacke für Alle, Outdoorfans - Atmungsaktiv, winddicht und wasserdicht.<br />
Gracias al cuello alto con capucha y piel sintética desmontable, tu cuello estará perfectamente abrigado.<br />
Otras características son la ingeniosa tapeta de botones a presión con cremallera en el interior y los prácticos puños cortavientos en las mangas.<br />
El cordón de ajuste en la cintura permite moldear con eficacia el estilo exterior suavemente forrado, mientras que los bolsillos con solapa abotonada ofrecen mucho espacio.<br />
Esta funcional chaqueta ofrece una protección impermeable integral gracias a una columna de agua de 8000 mm y a las costuras selladas.</p>
<p>Material: poliéster 100%<br />
Instrucciones de cuidado: Lavar a máquina</p>
<p>Color: azul marino<br />
Patrón: sin<br />
Talla: 40</p>
<p>Anchura de los hombros: 44 cm<br />
Brustweite: 111cm<br />
Longitud de la manga: 64 cm<br />
Longitud total: 85 cm</p>
<p>&nbsp;</p>
<p>Este nuevo artículo es una devolución de un cliente sin etiqueta.</p>

<table class="dv_characteristicsTable">
<tbody>
<tr>
<td class="left">Talla</td>
<td>40</td>
</tr>
<tr>
<td class="left">Größentyp</td>
<td>Normalgrößen</td>
</tr>
<tr>
<td class="left">Composición del material</td>
<td>Obermaterial: 100% Polyester. Futter: 100% Polyester. Wattierung: 100% Polyester</td>
</tr>
<tr>
<td class="left">Materialeigenschaften</td>
<td>atmungsaktiv, winddicht, wasserdicht</td>
</tr>
<tr>
<td class="left">Wassersäule</td>
<td>8000 mm</td>
</tr>
<tr>
<td class="left">Instrucciones de cuidado</td>
<td>Lavado a máquina</td>
</tr>
<tr>
<td class="left">Optik</td>
<td>meliert</td>
</tr>
<tr>
<td class="left">Stil</td>
<td>casual</td>
</tr>
<tr>
<td class="left">Color</td>
<td>marina</td>
</tr>
<tr>
<td class="left">Ärmeldetails</td>
<td>mit Riegel</td>
</tr>
<tr>
<td class="left">Ärmelabschluss</td>
<td>Windstopperbündchen</td>
</tr>
<tr>
<td class="left">Capó</td>
<td>mit Kapuze</td>
</tr>
<tr>
<td class="left">Kapuzendetails</td>
<td>abnehmbares Fellimitat, mit regulierbarem Elastikband, Weite regulierbar</td>
</tr>
<tr>
<td class="left">Kapuzenfütterung</td>
<td>gefüttert</td>
</tr>
<tr>
<td class="left">Applikationen</td>
<td>Badge</td>
</tr>
<tr>
<td class="left">Bolsas</td>
<td>Reißverschlusstaschen, Innentaschen</td>
</tr>
<tr>
<td class="left">Verschluss</td>
<td>2-Wege-Reißverschluss</td>
</tr>
<tr>
<td class="left">Verschlussdetails</td>
<td>mit Windschutzblende</td>
</tr>
<tr>
<td class="left">Besondere Merkmale</td>
<td>mit kuscheligem Innenfutter</td>
</tr>
</tbody>
</table>
