{"id":82058,"date":"2023-12-14T02:11:26","date_gmt":"2023-12-14T01:11:26","guid":{"rendered":"https:\/\/www.soanam.de\/?post_type=product&#038;p=82058"},"modified":"2023-12-14T02:13:44","modified_gmt":"2023-12-14T01:13:44","slug":"alife-and-kickin-steppmantel-junaak-in-weiss-groesse-xl","status":"publish","type":"product","link":"https:\/\/www.soanam.de\/es\/produkt\/alife-and-kickin-steppmantel-junaak-in-weiss-groesse-xl\/","title":{"rendered":"Alife y Kickin abrigo acolchado JunaAK , en blanco, talla XL"},"content":{"rendered":"<p>Damen Steppmantel von alife and kickin<br \/>\nMaterial duradero<br \/>\nCorte recto<br \/>\nKapuze mit Tunnelzug<br \/>\nCuello alto<br \/>\nZweiwege-Rei\u00dfverschluss<br \/>\nRei\u00dfverschlusstaschen<br \/>\nSeitliche Rei\u00dfverschl\u00fcsse am Saum<br \/>\nStorm Cuffs<br \/>\nWattierung<\/p>\n<p>Der Steppmantel von alife and kickin ist aus strapazierf\u00e4higem Material gefertigt und gerade geschnitten.<br \/>\nEr kommt mit Kapuze, Zweiwege-Rei\u00dfverschluss und Wattierung.<br \/>\nNat\u00fcrlich darf auch die typische Markenlabelung nicht fehlen.<\/p>\n<p>Material: 100 % Polyester<br \/>\nInstrucciones de cuidado: Lavar a m\u00e1quina<\/p>\n<p>Farbe: cloudy<br \/>\nPatr\u00f3n: sin<br \/>\nTalla: XL<\/p>\n<p>Anchura de los hombros: 50 cm<br \/>\nAnchura del pecho: 124 cm<br \/>\nLongitud de la manga: 72 cm<br \/>\nLongitud total: 111 cm<\/p>","protected":false},"excerpt":{"rendered":"<p>Stil: Mantel<\/p>\n<p>Passform: Regular Fit<\/p>\n<p>W\u00e4rmegrad: Warm<\/p>\n<p>Wasserfestigkeit: Wasserabweisend<\/p>\n<p>Atmungsaktivit\u00e4t: Atmungsaktiv<\/p>\n<p>Kapuze: Kapuze mit Kordelzug<\/p>\n<p>Kragen: Erh\u00f6hter Kragen<\/p>\n<p>Rei\u00dfverschluss: Durchgehender Frontrei\u00dfverschluss, Rei\u00dfverschluss mit Kinnschutz<\/p>\n<p>Taschen: Seitentaschen<\/p>\n<p>\u00c4rmel: Gerippte \u00c4rmelb\u00fcndchen<\/p>\n<p>Bund: Gerippter Bund, Seitliche Rei\u00dfverschl\u00fcsse<\/p>\n<p>Look: Unifarben<\/p>\n<p>Logodetails: Kunstleder-Patch, Logostick, Logoemblem<\/p>\n<p>Futter: Stretchtaft<\/p>\n<p>F\u00fcllung: Synthetik-Wattierung<\/p>\n<p>Beschaffenheit: Windabweisendes Material<\/p>\n<p>HerstellerFarbe: cloudy<\/p>","protected":false},"featured_media":82172,"comment_status":"open","ping_status":"closed","template":"","meta":{"_seopress_robots_primary_cat":"","_seopress_titles_title":"","_seopress_titles_desc":"","_seopress_robots_index":""},"product_brand":[],"product_cat":[1348,1354,1356],"product_tag":[],"class_list":{"0":"post-82058","1":"product","2":"type-product","3":"status-publish","4":"has-post-thumbnail","6":"product_cat-damen-mode","7":"product_cat-jacken-maentel","8":"product_cat-wintermaentel","9":"product_shipping_class-standard-versand","11":"first","12":"instock","13":"taxable","14":"shipping-taxable","15":"purchasable","16":"product-type-simple"},"_links":{"self":[{"href":"https:\/\/www.soanam.de\/es\/wp-json\/wp\/v2\/product\/82058","targetHints":{"allow":["GET"]}}],"collection":[{"href":"https:\/\/www.soanam.de\/es\/wp-json\/wp\/v2\/product"}],"about":[{"href":"https:\/\/www.soanam.de\/es\/wp-json\/wp\/v2\/types\/product"}],"replies":[{"embeddable":true,"href":"https:\/\/www.soanam.de\/es\/wp-json\/wp\/v2\/comments?post=82058"}],"wp:featuredmedia":[{"embeddable":true,"href":"https:\/\/www.soanam.de\/es\/wp-json\/wp\/v2\/media\/82172"}],"wp:attachment":[{"href":"https:\/\/www.soanam.de\/es\/wp-json\/wp\/v2\/media?parent=82058"}],"wp:term":[{"taxonomy":"product_brand","embeddable":true,"href":"https:\/\/www.soanam.de\/es\/wp-json\/wp\/v2\/product_brand?post=82058"},{"taxonomy":"product_cat","embeddable":true,"href":"https:\/\/www.soanam.de\/es\/wp-json\/wp\/v2\/product_cat?post=82058"},{"taxonomy":"product_tag","embeddable":true,"href":"https:\/\/www.soanam.de\/es\/wp-json\/wp\/v2\/product_tag?post=82058"}],"curies":[{"name":"wp","href":"https:\/\/api.w.org\/{rel}","templated":true}]}}

<p>Damen Steppmantel von alife and kickin<br />
Material duradero<br />
Corte recto<br />
Kapuze mit Tunnelzug<br />
Cuello alto<br />
Zweiwege-Reißverschluss<br />
Reißverschlusstaschen<br />
Seitliche Reißverschlüsse am Saum<br />
Storm Cuffs<br />
Wattierung</p>
<p>Der Steppmantel von alife and kickin ist aus strapazierfähigem Material gefertigt und gerade geschnitten.<br />
Er kommt mit Kapuze, Zweiwege-Reißverschluss und Wattierung.<br />
Natürlich darf auch die typische Markenlabelung nicht fehlen.</p>
<p>Material: 100 % Polyester<br />
Instrucciones de cuidado: Lavar a máquina</p>
<p>Farbe: cloudy<br />
Patrón: sin<br />
Talla: XL</p>
<p>Anchura de los hombros: 50 cm<br />
Anchura del pecho: 124 cm<br />
Longitud de la manga: 72 cm<br />
Longitud total: 111 cm</p>

<p>Stil: Mantel</p>
<p>Passform: Regular Fit</p>
<p>Wärmegrad: Warm</p>
<p>Wasserfestigkeit: Wasserabweisend</p>
<p>Atmungsaktivität: Atmungsaktiv</p>
<p>Kapuze: Kapuze mit Kordelzug</p>
<p>Kragen: Erhöhter Kragen</p>
<p>Reißverschluss: Durchgehender Frontreißverschluss, Reißverschluss mit Kinnschutz</p>
<p>Taschen: Seitentaschen</p>
<p>Ärmel: Gerippte Ärmelbündchen</p>
<p>Bund: Gerippter Bund, Seitliche Reißverschlüsse</p>
<p>Look: Unifarben</p>
<p>Logodetails: Kunstleder-Patch, Logostick, Logoemblem</p>
<p>Futter: Stretchtaft</p>
<p>Füllung: Synthetik-Wattierung</p>
<p>Beschaffenheit: Windabweisendes Material</p>
<p>HerstellerFarbe: cloudy</p>
