{"id":82043,"date":"2023-12-14T02:11:02","date_gmt":"2023-12-14T01:11:02","guid":{"rendered":"https:\/\/www.soanam.de\/?post_type=product&#038;p=82043"},"modified":"2023-12-14T02:13:15","modified_gmt":"2023-12-14T01:13:15","slug":"hailys-amber-damen-winterjacke-in-curry-groesse-l","status":"publish","type":"product","link":"https:\/\/www.soanam.de\/es\/produkt\/hailys-amber-damen-winterjacke-in-curry-groesse-l\/","title":{"rendered":"Chaqueta de invierno Hailys Amber para mujer, en color curry, talla L"},"content":{"rendered":"<p>W\u00e4rmende Damenjacke von Hailys<br \/>\nWeich gef\u00fctterte Kapuze mit Kunstpelz<br \/>\nParka-Mantel<br \/>\nRei\u00dfverschluss vorne<br \/>\nDaumenloch<br \/>\nOberteil mit kuschelweichem Teddyfell gef\u00fcttert<\/p>\n<p>Steppjacke Amber mit farblich abgesetzen Kunstfell gef\u00fcttert, sowie im Kragen und an der Kapuze.<br \/>\nSeitliche Rei\u00dfverschlusstaschen und Taillierung, Markenlogo auf dem \u00c4rmel.<br \/>\nW\u00e4rmende Damenjacke f\u00fcr die \u00dcbergangs- und Winterzeit in Parkaform<\/p>\n<p>Material: 100 % Polyester<br \/>\nInstrucciones de cuidado: Lavar a m\u00e1quina<\/p>\n<p>Farbe: gelb<br \/>\nPatr\u00f3n: sin<br \/>\nTalla: L<\/p>\n<p>Anchura de los hombros: 43 cm<br \/>\nBrustweite: 11 0cm<br \/>\nLongitud de la manga: 64 cm<br \/>\nLongitud total: 64 cm<\/p>","protected":false},"excerpt":{"rendered":"<table class=\"dv_characteristicsTable\">\n<tbody>\n<tr>\n<td class=\"left\">Talla<\/td>\n<td>L<\/td>\n<\/tr>\n<tr>\n<td class=\"left\">Gr\u00f6\u00dfentyp<\/td>\n<td>Normalgr\u00f6\u00dfen<\/td>\n<\/tr>\n<tr>\n<td class=\"left\">Composici\u00f3n del material<\/td>\n<td>100% Poli\u00e9ster<\/td>\n<\/tr>\n<tr>\n<td class=\"left\">Materialeigenschaften<\/td>\n<td>wasserabweisend<\/td>\n<\/tr>\n<tr>\n<td class=\"left\">Instrucciones de cuidado<\/td>\n<td>Lavado a m\u00e1quina<\/td>\n<\/tr>\n<tr>\n<td class=\"left\">Stil<\/td>\n<td>sportlich<\/td>\n<\/tr>\n<tr>\n<td class=\"left\">Color<\/td>\n<td>Amarillo<\/td>\n<\/tr>\n<tr>\n<td class=\"left\">Ajuste<\/td>\n<td>schlank<\/td>\n<\/tr>\n<tr>\n<td class=\"left\">Herstellerpassform<\/td>\n<td>SLIM<\/td>\n<\/tr>\n<tr>\n<td class=\"left\">Schnittform L\u00e4nge<\/td>\n<td>h\u00fcftlang<\/td>\n<\/tr>\n<tr>\n<td class=\"left\">Cap\u00f3<\/td>\n<td>mit Kapuze<\/td>\n<\/tr>\n<\/tbody>\n<\/table>","protected":false},"featured_media":82153,"comment_status":"open","ping_status":"closed","template":"","meta":{"_seopress_robots_primary_cat":"","_seopress_titles_title":"","_seopress_titles_desc":"","_seopress_robots_index":""},"product_brand":[],"product_cat":[1348,1354,1375,1376],"product_tag":[],"class_list":{"0":"post-82043","1":"product","2":"type-product","3":"status-publish","4":"has-post-thumbnail","6":"product_cat-damen-mode","7":"product_cat-jacken-maentel","8":"product_cat-winterjacken","9":"product_cat-daunenjacken-steppjacken","10":"product_shipping_class-standard-versand","12":"first","13":"instock","14":"sale","15":"taxable","16":"shipping-taxable","17":"purchasable","18":"product-type-simple"},"_links":{"self":[{"href":"https:\/\/www.soanam.de\/es\/wp-json\/wp\/v2\/product\/82043","targetHints":{"allow":["GET"]}}],"collection":[{"href":"https:\/\/www.soanam.de\/es\/wp-json\/wp\/v2\/product"}],"about":[{"href":"https:\/\/www.soanam.de\/es\/wp-json\/wp\/v2\/types\/product"}],"replies":[{"embeddable":true,"href":"https:\/\/www.soanam.de\/es\/wp-json\/wp\/v2\/comments?post=82043"}],"wp:featuredmedia":[{"embeddable":true,"href":"https:\/\/www.soanam.de\/es\/wp-json\/wp\/v2\/media\/82153"}],"wp:attachment":[{"href":"https:\/\/www.soanam.de\/es\/wp-json\/wp\/v2\/media?parent=82043"}],"wp:term":[{"taxonomy":"product_brand","embeddable":true,"href":"https:\/\/www.soanam.de\/es\/wp-json\/wp\/v2\/product_brand?post=82043"},{"taxonomy":"product_cat","embeddable":true,"href":"https:\/\/www.soanam.de\/es\/wp-json\/wp\/v2\/product_cat?post=82043"},{"taxonomy":"product_tag","embeddable":true,"href":"https:\/\/www.soanam.de\/es\/wp-json\/wp\/v2\/product_tag?post=82043"}],"curies":[{"name":"wp","href":"https:\/\/api.w.org\/{rel}","templated":true}]}}

<p>Wärmende Damenjacke von Hailys<br />
Weich gefütterte Kapuze mit Kunstpelz<br />
Parka-Mantel<br />
Reißverschluss vorne<br />
Daumenloch<br />
Oberteil mit kuschelweichem Teddyfell gefüttert</p>
<p>Steppjacke Amber mit farblich abgesetzen Kunstfell gefüttert, sowie im Kragen und an der Kapuze.<br />
Seitliche Reißverschlusstaschen und Taillierung, Markenlogo auf dem Ärmel.<br />
Wärmende Damenjacke für die Übergangs- und Winterzeit in Parkaform</p>
<p>Material: 100 % Polyester<br />
Instrucciones de cuidado: Lavar a máquina</p>
<p>Farbe: gelb<br />
Patrón: sin<br />
Talla: L</p>
<p>Anchura de los hombros: 43 cm<br />
Brustweite: 11 0cm<br />
Longitud de la manga: 64 cm<br />
Longitud total: 64 cm</p>

<table class="dv_characteristicsTable">
<tbody>
<tr>
<td class="left">Talla</td>
<td>L</td>
</tr>
<tr>
<td class="left">Größentyp</td>
<td>Normalgrößen</td>
</tr>
<tr>
<td class="left">Composición del material</td>
<td>100% Poliéster</td>
</tr>
<tr>
<td class="left">Materialeigenschaften</td>
<td>wasserabweisend</td>
</tr>
<tr>
<td class="left">Instrucciones de cuidado</td>
<td>Lavado a máquina</td>
</tr>
<tr>
<td class="left">Stil</td>
<td>sportlich</td>
</tr>
<tr>
<td class="left">Color</td>
<td>Amarillo</td>
</tr>
<tr>
<td class="left">Ajuste</td>
<td>schlank</td>
</tr>
<tr>
<td class="left">Herstellerpassform</td>
<td>SLIM</td>
</tr>
<tr>
<td class="left">Schnittform Länge</td>
<td>hüftlang</td>
</tr>
<tr>
<td class="left">Capó</td>
<td>mit Kapuze</td>
</tr>
</tbody>
</table>
