{"id":81458,"date":"2023-12-14T01:59:20","date_gmt":"2023-12-14T00:59:20","guid":{"rendered":"https:\/\/www.soanam.de\/?post_type=product&#038;p=81458"},"modified":"2023-12-14T02:01:30","modified_gmt":"2023-12-14T01:01:30","slug":"markus-feldenkirchen-die-schulz-story-geb-ausgabe-deutsch-2018","status":"publish","type":"product","link":"https:\/\/www.soanam.de\/es\/produkt\/markus-feldenkirchen-die-schulz-story-geb-ausgabe-deutsch-2018\/","title":{"rendered":"Markus Feldenkirchen \"La historia de Schulz\" edici\u00f3n tapa dura, alem\u00e1n, 2018"},"content":{"rendered":"<h3>Descripci\u00f3n del producto<\/h3>\n<p>Ein Jahr zwischen H\u00f6henflug und Absturz - Ein SPIEGEL-Buch<\/p>\n<p>Noch nie hat ein Politiker so einen rasanten Aufstieg und so einen tiefen Fall erlebt wie Martin Schulz. W\u00e4hrend er zu Beginn des Wahlkampfs als Retter der SPD und m\u00f6glicher Bundeskanzler galt, ist er ein Jahr sp\u00e4ter mit seinem Anspruch, eine andere, ehrlichere Politik zu machen, auf ganzer Linie gescheitert. Erst verlor er die Wahl, dann den R\u00fcckhalt der Partei und seine Posten. Markus Feldenkirchen hat Martin Schulz durch die H\u00f6hen und Tiefen des Wahlkampfs und den darauffolgenden Absturz begleitet, so exklusiv und hautnah, wie es in Deutschland bislang nicht m\u00f6glich gewesen ist \u2013 selbst am Abend vor seinem R\u00fccktritt. Eindrucksvoll erz\u00e4hlt er in seinem Buch nun die ganze Geschichte eines politischen und pers\u00f6nlichen Dramas.<\/p>\n<p><strong>detalles<\/strong><br \/>\nEncuadernaci\u00f3n: r\u00fastica<br \/>\nSeitenzahl: 320<br \/>\nErscheinungsdatum: 26.03.2018<br \/>\nIdioma: alem\u00e1n<br \/>\nISBN: 978-3-421-04821-9<br \/>\nVerlag: DVA<br \/>\nMa\u00dfe (L\/B\/H): 22,2\/14,2\/3 cm<br \/>\nGewicht: 525 g<\/p>","protected":false},"excerpt":{"rendered":"<h3>Artikelmerkmale<\/h3>\n<p>Artikelzustand: Neu - Neues, ungelesenes, ungebrauchtes Buch in makellosem Zustand<\/p>\n<table dir=\"ltr\" border=\"1\" cellspacing=\"0\" cellpadding=\"0\">\n<colgroup>\n<col width=\"194\" \/>\n<col width=\"223\" \/><\/colgroup>\n<tbody>\n<tr>\n<td data-sheets-value=\"{&quot;1&quot;:2,&quot;2&quot;:&quot;Anzahl der Seiten:&quot;}\">Anzahl der Seiten:<\/td>\n<td data-sheets-value=\"{&quot;1&quot;:2,&quot;2&quot;:&quot;320 Seiten&quot;}\">320 Seiten<\/td>\n<\/tr>\n<tr>\n<td data-sheets-value=\"{&quot;1&quot;:2,&quot;2&quot;:&quot;Autor:&quot;}\">Autor:<\/td>\n<td data-sheets-value=\"{&quot;1&quot;:2,&quot;2&quot;:&quot;Markus Feldenkirchen&quot;}\">Markus Feldenkirchen<\/td>\n<\/tr>\n<tr>\n<td data-sheets-value=\"{&quot;1&quot;:2,&quot;2&quot;:&quot;Bildungsweg:&quot;}\">Bildungsweg:<\/td>\n<td data-sheets-value=\"{&quot;1&quot;:2,&quot;2&quot;:&quot;Allgemeinbildung&quot;}\">Allgemeinbildung<\/td>\n<\/tr>\n<tr>\n<td data-sheets-value=\"{&quot;1&quot;:2,&quot;2&quot;:&quot;Bundesland:&quot;}\">Bundesland:<\/td>\n<td data-sheets-value=\"{&quot;1&quot;:2,&quot;2&quot;:&quot;Berlin&quot;}\">Berlin<\/td>\n<\/tr>\n<tr>\n<td data-sheets-value=\"{&quot;1&quot;:2,&quot;2&quot;:&quot;Erscheinungsjahr:&quot;}\">Erscheinungsjahr:<\/td>\n<td data-sheets-value=\"{&quot;1&quot;:3,&quot;3&quot;:2018}\">2018<\/td>\n<\/tr>\n<tr>\n<td data-sheets-value=\"{&quot;1&quot;:2,&quot;2&quot;:&quot;Fach:&quot;}\">Fach:<\/td>\n<td data-sheets-value=\"{&quot;1&quot;:2,&quot;2&quot;:&quot;Politik&quot;}\">Politik<\/td>\n<\/tr>\n<tr>\n<td data-sheets-value=\"{&quot;1&quot;:2,&quot;2&quot;:&quot;Fachbereich:&quot;}\">Fachbereich:<\/td>\n<td data-sheets-value=\"{&quot;1&quot;:2,&quot;2&quot;:&quot;Politwissenschaft&quot;}\">Politwissenschaft<\/td>\n<\/tr>\n<tr>\n<td data-sheets-value=\"{&quot;1&quot;:2,&quot;2&quot;:&quot;Format:&quot;}\">Format:<\/td>\n<td data-sheets-value=\"{&quot;1&quot;:2,&quot;2&quot;:&quot;Gebundene Ausgabe&quot;}\">Edici\u00f3n de tapa dura<\/td>\n<\/tr>\n<tr>\n<td data-sheets-value=\"{&quot;1&quot;:2,&quot;2&quot;:&quot;ISBN:&quot;}\">ISBN:<\/td>\n<td data-sheets-value=\"{&quot;1&quot;:3,&quot;3&quot;:9783421048219}\">9783421048219<\/td>\n<\/tr>\n<tr>\n<td data-sheets-value=\"{&quot;1&quot;:2,&quot;2&quot;:&quot;Niveau:&quot;}\">Niveau:<\/td>\n<td data-sheets-value=\"{&quot;1&quot;:2,&quot;2&quot;:&quot;Anf\u00e4nger, Zwischenstufe, Fortgeschrittene&quot;}\">\n<div>\n<div>Anf\u00e4nger, Zwischenstufe, Fortgeschrittene<\/div>\n<\/div>\n<\/td>\n<\/tr>\n<tr>\n<td data-sheets-value=\"{&quot;1&quot;:2,&quot;2&quot;:&quot;Produktart:&quot;}\">Produktart:<\/td>\n<td data-sheets-value=\"{&quot;1&quot;:2,&quot;2&quot;:&quot;Politreportage&quot;}\">Politreportage<\/td>\n<\/tr>\n<tr>\n<td data-sheets-value=\"{&quot;1&quot;:2,&quot;2&quot;:&quot;Publikationsname:&quot;}\">Publikationsname:<\/td>\n<td data-sheets-value=\"{&quot;1&quot;:2,&quot;2&quot;:&quot;Die Schulz-Story&quot;}\">Die Schulz-Story<\/td>\n<\/tr>\n<tr>\n<td data-sheets-value=\"{&quot;1&quot;:2,&quot;2&quot;:&quot;Reihe:&quot;}\">Reihe:<\/td>\n<td data-sheets-value=\"{&quot;1&quot;:2,&quot;2&quot;:&quot;nicht zutreffend&quot;}\">nicht zutreffend<\/td>\n<\/tr>\n<tr>\n<td data-sheets-value=\"{&quot;1&quot;:2,&quot;2&quot;:&quot;Sprache:&quot;}\">Sprache:<\/td>\n<td data-sheets-value=\"{&quot;1&quot;:2,&quot;2&quot;:&quot;Deutsch&quot;}\">Alem\u00e1n<\/td>\n<\/tr>\n<tr>\n<td data-sheets-value=\"{&quot;1&quot;:2,&quot;2&quot;:&quot;Verlag:&quot;}\">Verlag:<\/td>\n<td data-sheets-value=\"{&quot;1&quot;:2,&quot;2&quot;:&quot;Dva Dt.Verlags-Anstalt, Dva&quot;}\">Dva Dt.Verlags-Anstalt, Dva<\/td>\n<\/tr>\n<\/tbody>\n<\/table>","protected":false},"featured_media":81568,"comment_status":"open","ping_status":"closed","template":"","meta":{"_seopress_robots_primary_cat":"","_seopress_titles_title":"","_seopress_titles_desc":"","_seopress_robots_index":""},"product_brand":[],"product_cat":[1428,1429,1430,1434,1439],"product_tag":[],"class_list":{"0":"post-81458","1":"product","2":"type-product","3":"status-publish","4":"has-post-thumbnail","6":"product_cat-buecher","7":"product_cat-jugend","8":"product_cat-lehrbuecher","9":"product_cat-erwachsene","10":"product_cat-lehrbuecher-erwachsene","11":"product_shipping_class-standard-versand","13":"first","14":"instock","15":"taxable","16":"shipping-taxable","17":"purchasable","18":"product-type-simple"},"_links":{"self":[{"href":"https:\/\/www.soanam.de\/es\/wp-json\/wp\/v2\/product\/81458","targetHints":{"allow":["GET"]}}],"collection":[{"href":"https:\/\/www.soanam.de\/es\/wp-json\/wp\/v2\/product"}],"about":[{"href":"https:\/\/www.soanam.de\/es\/wp-json\/wp\/v2\/types\/product"}],"replies":[{"embeddable":true,"href":"https:\/\/www.soanam.de\/es\/wp-json\/wp\/v2\/comments?post=81458"}],"wp:featuredmedia":[{"embeddable":true,"href":"https:\/\/www.soanam.de\/es\/wp-json\/wp\/v2\/media\/81568"}],"wp:attachment":[{"href":"https:\/\/www.soanam.de\/es\/wp-json\/wp\/v2\/media?parent=81458"}],"wp:term":[{"taxonomy":"product_brand","embeddable":true,"href":"https:\/\/www.soanam.de\/es\/wp-json\/wp\/v2\/product_brand?post=81458"},{"taxonomy":"product_cat","embeddable":true,"href":"https:\/\/www.soanam.de\/es\/wp-json\/wp\/v2\/product_cat?post=81458"},{"taxonomy":"product_tag","embeddable":true,"href":"https:\/\/www.soanam.de\/es\/wp-json\/wp\/v2\/product_tag?post=81458"}],"curies":[{"name":"wp","href":"https:\/\/api.w.org\/{rel}","templated":true}]}}

Markus Feldenkirchen "La historia de Schulz" edición tapa dura, alemán, 2018

<h3>Descripción del producto</h3>
<p>Ein Jahr zwischen Höhenflug und Absturz - Ein SPIEGEL-Buch</p>
<p>Noch nie hat ein Politiker so einen rasanten Aufstieg und so einen tiefen Fall erlebt wie Martin Schulz. Während er zu Beginn des Wahlkampfs als Retter der SPD und möglicher Bundeskanzler galt, ist er ein Jahr später mit seinem Anspruch, eine andere, ehrlichere Politik zu machen, auf ganzer Linie gescheitert. Erst verlor er die Wahl, dann den Rückhalt der Partei und seine Posten. Markus Feldenkirchen hat Martin Schulz durch die Höhen und Tiefen des Wahlkampfs und den darauffolgenden Absturz begleitet, so exklusiv und hautnah, wie es in Deutschland bislang nicht möglich gewesen ist – selbst am Abend vor seinem Rücktritt. Eindrucksvoll erzählt er in seinem Buch nun die ganze Geschichte eines politischen und persönlichen Dramas.</p>
<p><strong>detalles</strong><br />
Encuadernación: rústica<br />
Seitenzahl: 320<br />
Erscheinungsdatum: 26.03.2018<br />
Idioma: alemán<br />
ISBN: 978-3-421-04821-9<br />
Verlag: DVA<br />
Maße (L/B/H): 22,2/14,2/3 cm<br />
Gewicht: 525 g</p>

<h3>Artikelmerkmale</h3>
<p>Artikelzustand: Neu - Neues, ungelesenes, ungebrauchtes Buch in makellosem Zustand</p>
<table dir="ltr" border="1" cellspacing="0" cellpadding="0">
<colgroup>
<col width="194" />
<col width="223" /></colgroup>
<tbody>
<tr>
<td data-sheets-value="{&quot;1&quot;:2,&quot;2&quot;:&quot;Anzahl der Seiten:&quot;}">Anzahl der Seiten:</td>
<td data-sheets-value="{&quot;1&quot;:2,&quot;2&quot;:&quot;320 Seiten&quot;}">320 Seiten</td>
</tr>
<tr>
<td data-sheets-value="{&quot;1&quot;:2,&quot;2&quot;:&quot;Autor:&quot;}">Autor:</td>
<td data-sheets-value="{&quot;1&quot;:2,&quot;2&quot;:&quot;Markus Feldenkirchen&quot;}">Markus Feldenkirchen</td>
</tr>
<tr>
<td data-sheets-value="{&quot;1&quot;:2,&quot;2&quot;:&quot;Bildungsweg:&quot;}">Bildungsweg:</td>
<td data-sheets-value="{&quot;1&quot;:2,&quot;2&quot;:&quot;Allgemeinbildung&quot;}">Allgemeinbildung</td>
</tr>
<tr>
<td data-sheets-value="{&quot;1&quot;:2,&quot;2&quot;:&quot;Bundesland:&quot;}">Bundesland:</td>
<td data-sheets-value="{&quot;1&quot;:2,&quot;2&quot;:&quot;Berlin&quot;}">Berlin</td>
</tr>
<tr>
<td data-sheets-value="{&quot;1&quot;:2,&quot;2&quot;:&quot;Erscheinungsjahr:&quot;}">Erscheinungsjahr:</td>
<td data-sheets-value="{&quot;1&quot;:3,&quot;3&quot;:2018}">2018</td>
</tr>
<tr>
<td data-sheets-value="{&quot;1&quot;:2,&quot;2&quot;:&quot;Fach:&quot;}">Fach:</td>
<td data-sheets-value="{&quot;1&quot;:2,&quot;2&quot;:&quot;Politik&quot;}">Politik</td>
</tr>
<tr>
<td data-sheets-value="{&quot;1&quot;:2,&quot;2&quot;:&quot;Fachbereich:&quot;}">Fachbereich:</td>
<td data-sheets-value="{&quot;1&quot;:2,&quot;2&quot;:&quot;Politwissenschaft&quot;}">Politwissenschaft</td>
</tr>
<tr>
<td data-sheets-value="{&quot;1&quot;:2,&quot;2&quot;:&quot;Format:&quot;}">Format:</td>
<td data-sheets-value="{&quot;1&quot;:2,&quot;2&quot;:&quot;Gebundene Ausgabe&quot;}">Edición de tapa dura</td>
</tr>
<tr>
<td data-sheets-value="{&quot;1&quot;:2,&quot;2&quot;:&quot;ISBN:&quot;}">ISBN:</td>
<td data-sheets-value="{&quot;1&quot;:3,&quot;3&quot;:9783421048219}">9783421048219</td>
</tr>
<tr>
<td data-sheets-value="{&quot;1&quot;:2,&quot;2&quot;:&quot;Niveau:&quot;}">Niveau:</td>
<td data-sheets-value="{&quot;1&quot;:2,&quot;2&quot;:&quot;Anfänger, Zwischenstufe, Fortgeschrittene&quot;}">
<div>
<div>Anfänger, Zwischenstufe, Fortgeschrittene</div>
</div>
</td>
</tr>
<tr>
<td data-sheets-value="{&quot;1&quot;:2,&quot;2&quot;:&quot;Produktart:&quot;}">Produktart:</td>
<td data-sheets-value="{&quot;1&quot;:2,&quot;2&quot;:&quot;Politreportage&quot;}">Politreportage</td>
</tr>
<tr>
<td data-sheets-value="{&quot;1&quot;:2,&quot;2&quot;:&quot;Publikationsname:&quot;}">Publikationsname:</td>
<td data-sheets-value="{&quot;1&quot;:2,&quot;2&quot;:&quot;Die Schulz-Story&quot;}">Die Schulz-Story</td>
</tr>
<tr>
<td data-sheets-value="{&quot;1&quot;:2,&quot;2&quot;:&quot;Reihe:&quot;}">Reihe:</td>
<td data-sheets-value="{&quot;1&quot;:2,&quot;2&quot;:&quot;nicht zutreffend&quot;}">nicht zutreffend</td>
</tr>
<tr>
<td data-sheets-value="{&quot;1&quot;:2,&quot;2&quot;:&quot;Sprache:&quot;}">Sprache:</td>
<td data-sheets-value="{&quot;1&quot;:2,&quot;2&quot;:&quot;Deutsch&quot;}">Alemán</td>
</tr>
<tr>
<td data-sheets-value="{&quot;1&quot;:2,&quot;2&quot;:&quot;Verlag:&quot;}">Verlag:</td>
<td data-sheets-value="{&quot;1&quot;:2,&quot;2&quot;:&quot;Dva Dt.Verlags-Anstalt, Dva&quot;}">Dva Dt.Verlags-Anstalt, Dva</td>
</tr>
</tbody>
</table>
