{"id":81434,"date":"2023-12-14T01:58:53","date_gmt":"2023-12-14T00:58:53","guid":{"rendered":"https:\/\/www.soanam.de\/?post_type=product&#038;p=81434"},"modified":"2023-12-14T02:00:58","modified_gmt":"2023-12-14T01:00:58","slug":"pantalon-de-pijama-lascana-con-rayas-de-encaje-en-negro-talla-40-42","status":"publish","type":"product","link":"https:\/\/www.soanam.de\/es\/produkt\/lascana-pyjamahose-mit-spitzenstreifen-in-schwarz-groesse-40-42\/","title":{"rendered":"LASCANA Pyjamahose mit Spitzenstreifen, in Schwarz, Gr\u00f6\u00dfe 40\/42"},"content":{"rendered":"<p>Pantalones de pijama sencillos de Lascana<br \/>\nMit Seitenstreifen aus transparenter Spitze<br \/>\nIn hochwertigem Design<br \/>\nMit elastischem Bund<br \/>\nAus weichflie\u00dfender Viskosemischung<\/p>\n<p>Die Pyjamahose von Lascana mit dem gewissen Extra: Sie bietet einen verf\u00fchrerischen Spitzeneinsatz an den Seitenn\u00e4hten.<br \/>\nEl material de viscosa el\u00e1stica y fluida acaricia la piel con suavidad y garantiza una sensaci\u00f3n de comodidad absoluta al llevarlo, que se ve reforzada por el corte informal y la cintura el\u00e1stica.<\/p>\n<p>Material: 95% viscosa, 5% elast\u00e1n<br \/>\nInstrucciones de cuidado: Lavar a m\u00e1quina<\/p>\n<p>Color: blanco y negro<br \/>\nPatr\u00f3n: Encaje<br \/>\nTalla: 40\/42<\/p>\n<p>Schrittl\u00e4nge: 63cm<br \/>\nLongitud total: 95 cm<\/p>\n<p>&nbsp;<\/p>","protected":false},"excerpt":{"rendered":"<table class=\"dv_characteristicsTable\">\n<tbody>\n<tr>\n<td class=\"left\">Talla<\/td>\n<td>40\/42<\/td>\n<\/tr>\n<tr>\n<td class=\"left\">Gr\u00f6\u00dfentyp<\/td>\n<td>Normalgr\u00f6\u00dfen<\/td>\n<\/tr>\n<tr>\n<td class=\"left\">Composici\u00f3n del material<\/td>\n<td>Obermaterial: 95% Viskose, 5% Elasthan<\/td>\n<\/tr>\n<tr>\n<td class=\"left\">Instrucciones de cuidado<\/td>\n<td>Lavado a m\u00e1quina<\/td>\n<\/tr>\n<tr>\n<td class=\"left\">Optik<\/td>\n<td>unifarben<\/td>\n<\/tr>\n<tr>\n<td class=\"left\">Stil<\/td>\n<td>sexy<\/td>\n<\/tr>\n<tr>\n<td class=\"left\">Color<\/td>\n<td>schwarz<\/td>\n<\/tr>\n<tr>\n<td class=\"left\">Bundabschluss<\/td>\n<td>elastischer Bund<\/td>\n<\/tr>\n<tr>\n<td class=\"left\">Beinform<\/td>\n<td>gerade<\/td>\n<\/tr>\n<tr>\n<td class=\"left\">Ajuste<\/td>\n<td>Basic<\/td>\n<\/tr>\n<tr>\n<td class=\"left\">Schnittform L\u00e4nge<\/td>\n<td>lang<\/td>\n<\/tr>\n<tr>\n<td class=\"left\">Applikationen<\/td>\n<td>Top<\/td>\n<\/tr>\n<tr>\n<td class=\"left\">Besondere Merkmale<\/td>\n<td>mit Seitenstreifen aus transparenter Spitze<\/td>\n<\/tr>\n<\/tbody>\n<\/table>\n<div class=\"spec-holder\">\n<div class=\"row\">\n<div class=\"col-xs-5 spec-name\"><\/div>\n<\/div>\n<\/div>","protected":false},"featured_media":81539,"comment_status":"open","ping_status":"closed","template":"","meta":{"_seopress_robots_primary_cat":"","_seopress_titles_title":"","_seopress_titles_desc":"","_seopress_robots_index":""},"product_brand":[],"product_cat":[1348,1520,1521],"product_tag":[],"class_list":{"0":"post-81434","1":"product","2":"type-product","3":"status-publish","4":"has-post-thumbnail","6":"product_cat-damen-mode","7":"product_cat-nachtwaesche","8":"product_cat-einzelteile","9":"product_shipping_class-standard-versand","11":"first","12":"instock","13":"taxable","14":"shipping-taxable","15":"purchasable","16":"product-type-simple"},"_links":{"self":[{"href":"https:\/\/www.soanam.de\/es\/wp-json\/wp\/v2\/product\/81434","targetHints":{"allow":["GET"]}}],"collection":[{"href":"https:\/\/www.soanam.de\/es\/wp-json\/wp\/v2\/product"}],"about":[{"href":"https:\/\/www.soanam.de\/es\/wp-json\/wp\/v2\/types\/product"}],"replies":[{"embeddable":true,"href":"https:\/\/www.soanam.de\/es\/wp-json\/wp\/v2\/comments?post=81434"}],"wp:featuredmedia":[{"embeddable":true,"href":"https:\/\/www.soanam.de\/es\/wp-json\/wp\/v2\/media\/81539"}],"wp:attachment":[{"href":"https:\/\/www.soanam.de\/es\/wp-json\/wp\/v2\/media?parent=81434"}],"wp:term":[{"taxonomy":"product_brand","embeddable":true,"href":"https:\/\/www.soanam.de\/es\/wp-json\/wp\/v2\/product_brand?post=81434"},{"taxonomy":"product_cat","embeddable":true,"href":"https:\/\/www.soanam.de\/es\/wp-json\/wp\/v2\/product_cat?post=81434"},{"taxonomy":"product_tag","embeddable":true,"href":"https:\/\/www.soanam.de\/es\/wp-json\/wp\/v2\/product_tag?post=81434"}],"curies":[{"name":"wp","href":"https:\/\/api.w.org\/{rel}","templated":true}]}}

LASCANA Pyjamahose mit Spitzenstreifen, in Schwarz, Größe 40/42

<p>Pantalones de pijama sencillos de Lascana<br />
Mit Seitenstreifen aus transparenter Spitze<br />
In hochwertigem Design<br />
Mit elastischem Bund<br />
Aus weichfließender Viskosemischung</p>
<p>Die Pyjamahose von Lascana mit dem gewissen Extra: Sie bietet einen verführerischen Spitzeneinsatz an den Seitennähten.<br />
El material de viscosa elástica y fluida acaricia la piel con suavidad y garantiza una sensación de comodidad absoluta al llevarlo, que se ve reforzada por el corte informal y la cintura elástica.</p>
<p>Material: 95% viscosa, 5% elastán<br />
Instrucciones de cuidado: Lavar a máquina</p>
<p>Color: blanco y negro<br />
Patrón: Encaje<br />
Talla: 40/42</p>
<p>Schrittlänge: 63cm<br />
Longitud total: 95 cm</p>
<p>&nbsp;</p>

<table class="dv_characteristicsTable">
<tbody>
<tr>
<td class="left">Talla</td>
<td>40/42</td>
</tr>
<tr>
<td class="left">Größentyp</td>
<td>Normalgrößen</td>
</tr>
<tr>
<td class="left">Composición del material</td>
<td>Obermaterial: 95% Viskose, 5% Elasthan</td>
</tr>
<tr>
<td class="left">Instrucciones de cuidado</td>
<td>Lavado a máquina</td>
</tr>
<tr>
<td class="left">Optik</td>
<td>unifarben</td>
</tr>
<tr>
<td class="left">Stil</td>
<td>sexy</td>
</tr>
<tr>
<td class="left">Color</td>
<td>schwarz</td>
</tr>
<tr>
<td class="left">Bundabschluss</td>
<td>elastischer Bund</td>
</tr>
<tr>
<td class="left">Beinform</td>
<td>gerade</td>
</tr>
<tr>
<td class="left">Ajuste</td>
<td>Basic</td>
</tr>
<tr>
<td class="left">Schnittform Länge</td>
<td>lang</td>
</tr>
<tr>
<td class="left">Applikationen</td>
<td>Top</td>
</tr>
<tr>
<td class="left">Besondere Merkmale</td>
<td>mit Seitenstreifen aus transparenter Spitze</td>
</tr>
</tbody>
</table>
<div class="spec-holder">
<div class="row">
<div class="col-xs-5 spec-name"></div>
</div>
</div>
