{"id":80870,"date":"2023-12-14T01:40:06","date_gmt":"2023-12-14T00:40:06","guid":{"rendered":"https:\/\/www.soanam.de\/?post_type=product&#038;p=80870"},"modified":"2023-12-14T01:42:18","modified_gmt":"2023-12-14T00:42:18","slug":"ajc-basic-strickjacke-in-marineblau-groesse-44-46","status":"publish","type":"product","link":"https:\/\/www.soanam.de\/es\/produkt\/ajc-basic-strickjacke-in-marineblau-groesse-44-46\/","title":{"rendered":"AJC Basic Strickjacke, in Marineblau, Gr\u00f6\u00dfe 44\/46"},"content":{"rendered":"<p>Cardigan\/Strickjacke von AJC<br \/>\nSehr figurbetonte, taillierte Passform<br \/>\nMit V-f\u00f6rmigen Ausschnitt<br \/>\nAus weicher Feinstrickqualit\u00e4t<br \/>\nAngenehmer Baumwollmix<\/p>\n<p>Der Schnitt der Basic Strickjacke von AJC ist h\u00fcftlang und sehr figurbetont.<br \/>\nDie langen \u00c4rmel schlie\u00dfen, wie auch der Saumabschluss, mit einem Rippb\u00fcndchen ab.<br \/>\nDer Feinstrick aus Baumwollmischung h\u00e4lt dich warm und bietet hohen Tragekomfort.<\/p>\n<p>Material: algod\u00f3n 50%, poliacr\u00edlico 50%<br \/>\nInstrucciones de cuidado: Lavar a m\u00e1quina<\/p>\n<p>Color: azul marino<br \/>\nPatr\u00f3n: sin<br \/>\nTalla: L<\/p>\n<p>Anchura de los hombros: 40 cm<br \/>\nAnchura del pecho: 102 cm<br \/>\nLongitud de la manga: 63 cm<br \/>\nLongitud total: 67 cm<\/p>","protected":false},"excerpt":{"rendered":"<table class=\"dv_characteristicsTable\">\n<tbody>\n<tr>\n<td class=\"left\">Talla<\/td>\n<td>44\/46 (L)<\/td>\n<\/tr>\n<tr>\n<td class=\"left\">Gr\u00f6\u00dfentyp<\/td>\n<td>Normalgr\u00f6\u00dfen<\/td>\n<\/tr>\n<tr>\n<td class=\"left\">Composici\u00f3n del material<\/td>\n<td>Obermaterial: 50% Baumwolle, 50% Polyacryl<\/td>\n<\/tr>\n<tr>\n<td class=\"left\">Materialart<\/td>\n<td>Feinstrick<\/td>\n<\/tr>\n<tr>\n<td class=\"left\">Instrucciones de cuidado<\/td>\n<td>Lavado a m\u00e1quina<\/td>\n<\/tr>\n<tr>\n<td class=\"left\">Stil<\/td>\n<td>Basic<\/td>\n<\/tr>\n<tr>\n<td class=\"left\">Color<\/td>\n<td>marina<\/td>\n<\/tr>\n<tr>\n<td class=\"left\">Kragen<\/td>\n<td>ohne Kragen<\/td>\n<\/tr>\n<tr>\n<td class=\"left\">Ausschnitt<\/td>\n<td>tiefer V-Ausschnitt<\/td>\n<\/tr>\n<tr>\n<td class=\"left\">\u00c4rmel<\/td>\n<td>Manga larga<\/td>\n<\/tr>\n<tr>\n<td class=\"left\">\u00c4rmeldetails<\/td>\n<td>eingesetzt<\/td>\n<\/tr>\n<tr>\n<td class=\"left\">\u00c4rmelabschluss<\/td>\n<td>Pu\u00f1os de canal\u00e9<\/td>\n<\/tr>\n<tr>\n<td class=\"left\">Rumpfabschluss<\/td>\n<td>Pu\u00f1os de canal\u00e9<\/td>\n<\/tr>\n<tr>\n<td class=\"left\">Ajuste<\/td>\n<td>sehr figurbetont<\/td>\n<\/tr>\n<tr>\n<td class=\"left\">Schnittdetails<\/td>\n<td>keine<\/td>\n<\/tr>\n<tr>\n<td class=\"left\">Schnittform L\u00e4nge<\/td>\n<td>h\u00fcftlang<\/td>\n<\/tr>\n<tr>\n<td class=\"left\">Cap\u00f3<\/td>\n<td>ohne Kapuze<\/td>\n<\/tr>\n<tr>\n<td class=\"left\">Applikationen<\/td>\n<td>Markenlabel<\/td>\n<\/tr>\n<tr>\n<td class=\"left\">Bolsas<\/td>\n<td>Ohne Taschen<\/td>\n<\/tr>\n<tr>\n<td class=\"left\">Verschluss<\/td>\n<td>Tapeta de botones<\/td>\n<\/tr>\n<tr>\n<td class=\"left\">Verschlussdetails<\/td>\n<td>durchgehend, einreihig, vorn<\/td>\n<\/tr>\n<tr>\n<td class=\"left\">Besondere Merkmale<\/td>\n<td>mit V-Ausschnitt in Basic Form<\/td>\n<\/tr>\n<\/tbody>\n<\/table>\n<p>&nbsp;<\/p>","protected":false},"featured_media":80973,"comment_status":"open","ping_status":"closed","template":"","meta":{"_seopress_robots_primary_cat":"","_seopress_titles_title":"","_seopress_titles_desc":"","_seopress_robots_index":""},"product_brand":[],"product_cat":[1348,1354,1617],"product_tag":[],"class_list":{"0":"post-80870","1":"product","2":"type-product","3":"status-publish","4":"has-post-thumbnail","6":"product_cat-damen-mode","7":"product_cat-jacken-maentel","8":"product_cat-strickjacken","9":"product_shipping_class-standard-versand","11":"first","12":"instock","13":"taxable","14":"shipping-taxable","15":"purchasable","16":"product-type-simple"},"_links":{"self":[{"href":"https:\/\/www.soanam.de\/es\/wp-json\/wp\/v2\/product\/80870","targetHints":{"allow":["GET"]}}],"collection":[{"href":"https:\/\/www.soanam.de\/es\/wp-json\/wp\/v2\/product"}],"about":[{"href":"https:\/\/www.soanam.de\/es\/wp-json\/wp\/v2\/types\/product"}],"replies":[{"embeddable":true,"href":"https:\/\/www.soanam.de\/es\/wp-json\/wp\/v2\/comments?post=80870"}],"wp:featuredmedia":[{"embeddable":true,"href":"https:\/\/www.soanam.de\/es\/wp-json\/wp\/v2\/media\/80973"}],"wp:attachment":[{"href":"https:\/\/www.soanam.de\/es\/wp-json\/wp\/v2\/media?parent=80870"}],"wp:term":[{"taxonomy":"product_brand","embeddable":true,"href":"https:\/\/www.soanam.de\/es\/wp-json\/wp\/v2\/product_brand?post=80870"},{"taxonomy":"product_cat","embeddable":true,"href":"https:\/\/www.soanam.de\/es\/wp-json\/wp\/v2\/product_cat?post=80870"},{"taxonomy":"product_tag","embeddable":true,"href":"https:\/\/www.soanam.de\/es\/wp-json\/wp\/v2\/product_tag?post=80870"}],"curies":[{"name":"wp","href":"https:\/\/api.w.org\/{rel}","templated":true}]}}

AJC Basic Strickjacke, in Marineblau, Größe 44/46

<p>Cardigan/Strickjacke von AJC<br />
Sehr figurbetonte, taillierte Passform<br />
Mit V-förmigen Ausschnitt<br />
Aus weicher Feinstrickqualität<br />
Angenehmer Baumwollmix</p>
<p>Der Schnitt der Basic Strickjacke von AJC ist hüftlang und sehr figurbetont.<br />
Die langen Ärmel schließen, wie auch der Saumabschluss, mit einem Rippbündchen ab.<br />
Der Feinstrick aus Baumwollmischung hält dich warm und bietet hohen Tragekomfort.</p>
<p>Material: algodón 50%, poliacrílico 50%<br />
Instrucciones de cuidado: Lavar a máquina</p>
<p>Color: azul marino<br />
Patrón: sin<br />
Talla: L</p>
<p>Anchura de los hombros: 40 cm<br />
Anchura del pecho: 102 cm<br />
Longitud de la manga: 63 cm<br />
Longitud total: 67 cm</p>

<table class="dv_characteristicsTable">
<tbody>
<tr>
<td class="left">Talla</td>
<td>44/46 (L)</td>
</tr>
<tr>
<td class="left">Größentyp</td>
<td>Normalgrößen</td>
</tr>
<tr>
<td class="left">Composición del material</td>
<td>Obermaterial: 50% Baumwolle, 50% Polyacryl</td>
</tr>
<tr>
<td class="left">Materialart</td>
<td>Feinstrick</td>
</tr>
<tr>
<td class="left">Instrucciones de cuidado</td>
<td>Lavado a máquina</td>
</tr>
<tr>
<td class="left">Stil</td>
<td>Basic</td>
</tr>
<tr>
<td class="left">Color</td>
<td>marina</td>
</tr>
<tr>
<td class="left">Kragen</td>
<td>ohne Kragen</td>
</tr>
<tr>
<td class="left">Ausschnitt</td>
<td>tiefer V-Ausschnitt</td>
</tr>
<tr>
<td class="left">Ärmel</td>
<td>Manga larga</td>
</tr>
<tr>
<td class="left">Ärmeldetails</td>
<td>eingesetzt</td>
</tr>
<tr>
<td class="left">Ärmelabschluss</td>
<td>Puños de canalé</td>
</tr>
<tr>
<td class="left">Rumpfabschluss</td>
<td>Puños de canalé</td>
</tr>
<tr>
<td class="left">Ajuste</td>
<td>sehr figurbetont</td>
</tr>
<tr>
<td class="left">Schnittdetails</td>
<td>keine</td>
</tr>
<tr>
<td class="left">Schnittform Länge</td>
<td>hüftlang</td>
</tr>
<tr>
<td class="left">Capó</td>
<td>ohne Kapuze</td>
</tr>
<tr>
<td class="left">Applikationen</td>
<td>Markenlabel</td>
</tr>
<tr>
<td class="left">Bolsas</td>
<td>Ohne Taschen</td>
</tr>
<tr>
<td class="left">Verschluss</td>
<td>Tapeta de botones</td>
</tr>
<tr>
<td class="left">Verschlussdetails</td>
<td>durchgehend, einreihig, vorn</td>
</tr>
<tr>
<td class="left">Besondere Merkmale</td>
<td>mit V-Ausschnitt in Basic Form</td>
</tr>
</tbody>
</table>
<p>&nbsp;</p>
