{"id":80839,"date":"2023-12-14T01:39:18","date_gmt":"2023-12-14T00:39:18","guid":{"rendered":"https:\/\/www.soanam.de\/?post_type=product&#038;p=80839"},"modified":"2023-12-14T01:41:50","modified_gmt":"2023-12-14T00:41:50","slug":"bench-sweatjacke-im-collegestyle-in-ecru-groesse-36-38","status":"publish","type":"product","link":"https:\/\/www.soanam.de\/es\/produkt\/bench-sweatjacke-im-collegestyle-in-ecru-groesse-36-38\/","title":{"rendered":"Banco. Sudadera de estilo universitario, en color crudo, talla 36\/38"},"content":{"rendered":"<p>Sweatjacke im Collegestyle von Bench<br \/>\nCon cuello alto<br \/>\nLogotipo bordado<br \/>\nBolsillos con aberturas laterales<br \/>\nRippb\u00fcndchen an Kragen und \u00c4rmeln<br \/>\nAlgod\u00f3n fino y suave<\/p>\n<p>Durch die feine Baumwollqualit\u00e4t, den Stehkragen und den durchgehenden Rei\u00dfverschluss bringt die Bench-Jacke jeden Tragekomfort mit, den du dir w\u00fcnschst.<br \/>\nSie hat praktische Eingrifftaschen, die seitlich aufgen\u00e4ht sind und jede Menge Platz bieten.<br \/>\nDer sportliche Schnitt wird durch Rippb\u00fcndchen mit farblich abgesetzten Streifen am Kragen und am Bund sowie kontrastierende Streifen entlang der \u00c4rmel komplettiert.<\/p>\n<p>Material: algod\u00f3n 65% , poli\u00e9ster 35%<br \/>\nInstrucciones de cuidado: Lavar a m\u00e1quina<\/p>\n<p>Color: crudo<br \/>\nMuster: Tapestreifen<br \/>\nTalla: 36\/38<\/p>\n<p>Anchura de los hombros: 39 cm<br \/>\nAnchura del pecho: 98 cm<br \/>\nLongitud de la manga: 59 cm<br \/>\nLongitud total: 65 cm<\/p>","protected":false},"excerpt":{"rendered":"<table class=\"dv_characteristicsTable\">\n<tbody>\n<tr>\n<td class=\"left\">Talla<\/td>\n<td>36\/38<\/td>\n<\/tr>\n<tr>\n<td class=\"left\">Gr\u00f6\u00dfentyp<\/td>\n<td>Normalgr\u00f6\u00dfen<\/td>\n<\/tr>\n<tr>\n<td class=\"left\">Composici\u00f3n del material<\/td>\n<td>Obermaterial: 65% Baumwolle\u00a0, 35% Polyester<\/td>\n<\/tr>\n<tr>\n<td class=\"left\">Materialart<\/td>\n<td>Sweatware<\/td>\n<\/tr>\n<tr>\n<td class=\"left\">Instrucciones de cuidado<\/td>\n<td>Lavado a m\u00e1quina<\/td>\n<\/tr>\n<tr>\n<td class=\"left\">Optik<\/td>\n<td>unifarben<\/td>\n<\/tr>\n<tr>\n<td class=\"left\">Stil<\/td>\n<td>modisch<\/td>\n<\/tr>\n<tr>\n<td class=\"left\">Color<\/td>\n<td>offwhite-ecru-altwei\u00df<\/td>\n<\/tr>\n<tr>\n<td class=\"left\">Kragen<\/td>\n<td>Cuello alto<\/td>\n<\/tr>\n<tr>\n<td class=\"left\">Ausschnitt<\/td>\n<td>ohne Ausschnitt<\/td>\n<\/tr>\n<tr>\n<td class=\"left\">Ausschnittdetails<\/td>\n<td>mit Rei\u00dfverschluss, Rippb\u00fcndchen<\/td>\n<\/tr>\n<tr>\n<td class=\"left\">\u00c4rmel<\/td>\n<td>Manga larga<\/td>\n<\/tr>\n<tr>\n<td class=\"left\">\u00c4rmelabschluss<\/td>\n<td>Pu\u00f1os de canal\u00e9<\/td>\n<\/tr>\n<tr>\n<td class=\"left\">Rumpfabschluss<\/td>\n<td>Pu\u00f1os de canal\u00e9<\/td>\n<\/tr>\n<tr>\n<td class=\"left\">Rumpfabschlussdetails<\/td>\n<td>mit Rei\u00dfverschluss<\/td>\n<\/tr>\n<tr>\n<td class=\"left\">Ajuste<\/td>\n<td>l\u00e4ssig geschnitten<\/td>\n<\/tr>\n<tr>\n<td class=\"left\">Schnittform L\u00e4nge<\/td>\n<td>h\u00fcftlang<\/td>\n<\/tr>\n<tr>\n<td class=\"left\">Cap\u00f3<\/td>\n<td>ohne Kapuze<\/td>\n<\/tr>\n<tr>\n<td class=\"left\">Applikationen<\/td>\n<td>Logostickerei, Logoschriftzug, Rei\u00dfverschluss<\/td>\n<\/tr>\n<tr>\n<td class=\"left\">Bolsas<\/td>\n<td>Bolsillos<\/td>\n<\/tr>\n<tr>\n<td class=\"left\">Verschluss<\/td>\n<td>Cierre de cremallera<\/td>\n<\/tr>\n<tr>\n<td class=\"left\">Verschlussdetails<\/td>\n<td>durchgehend, vorn<\/td>\n<\/tr>\n<tr>\n<td class=\"left\">Besondere Merkmale<\/td>\n<td>im Collegestyle<\/td>\n<\/tr>\n<\/tbody>\n<\/table>","protected":false},"featured_media":80949,"comment_status":"open","ping_status":"closed","template":"","meta":{"_seopress_robots_primary_cat":"","_seopress_titles_title":"","_seopress_titles_desc":"","_seopress_robots_index":""},"product_brand":[],"product_cat":[1348,1354,1402,1585,1599],"product_tag":[],"class_list":{"0":"post-80839","1":"product","2":"type-product","3":"status-publish","4":"has-post-thumbnail","6":"product_cat-damen-mode","7":"product_cat-jacken-maentel","8":"product_cat-sportbekleidung-damen-mode","9":"product_cat-jacken-sportbekleidung-damen-mode","10":"product_cat-shirtjacken","11":"product_shipping_class-standard-versand","13":"first","14":"instock","15":"sale","16":"taxable","17":"shipping-taxable","18":"purchasable","19":"product-type-simple"},"_links":{"self":[{"href":"https:\/\/www.soanam.de\/es\/wp-json\/wp\/v2\/product\/80839","targetHints":{"allow":["GET"]}}],"collection":[{"href":"https:\/\/www.soanam.de\/es\/wp-json\/wp\/v2\/product"}],"about":[{"href":"https:\/\/www.soanam.de\/es\/wp-json\/wp\/v2\/types\/product"}],"replies":[{"embeddable":true,"href":"https:\/\/www.soanam.de\/es\/wp-json\/wp\/v2\/comments?post=80839"}],"wp:featuredmedia":[{"embeddable":true,"href":"https:\/\/www.soanam.de\/es\/wp-json\/wp\/v2\/media\/80949"}],"wp:attachment":[{"href":"https:\/\/www.soanam.de\/es\/wp-json\/wp\/v2\/media?parent=80839"}],"wp:term":[{"taxonomy":"product_brand","embeddable":true,"href":"https:\/\/www.soanam.de\/es\/wp-json\/wp\/v2\/product_brand?post=80839"},{"taxonomy":"product_cat","embeddable":true,"href":"https:\/\/www.soanam.de\/es\/wp-json\/wp\/v2\/product_cat?post=80839"},{"taxonomy":"product_tag","embeddable":true,"href":"https:\/\/www.soanam.de\/es\/wp-json\/wp\/v2\/product_tag?post=80839"}],"curies":[{"name":"wp","href":"https:\/\/api.w.org\/{rel}","templated":true}]}}

<p>Sweatjacke im Collegestyle von Bench<br />
Con cuello alto<br />
Logotipo bordado<br />
Bolsillos con aberturas laterales<br />
Rippbündchen an Kragen und Ärmeln<br />
Algodón fino y suave</p>
<p>Durch die feine Baumwollqualität, den Stehkragen und den durchgehenden Reißverschluss bringt die Bench-Jacke jeden Tragekomfort mit, den du dir wünschst.<br />
Sie hat praktische Eingrifftaschen, die seitlich aufgenäht sind und jede Menge Platz bieten.<br />
Der sportliche Schnitt wird durch Rippbündchen mit farblich abgesetzten Streifen am Kragen und am Bund sowie kontrastierende Streifen entlang der Ärmel komplettiert.</p>
<p>Material: algodón 65% , poliéster 35%<br />
Instrucciones de cuidado: Lavar a máquina</p>
<p>Color: crudo<br />
Muster: Tapestreifen<br />
Talla: 36/38</p>
<p>Anchura de los hombros: 39 cm<br />
Anchura del pecho: 98 cm<br />
Longitud de la manga: 59 cm<br />
Longitud total: 65 cm</p>

<table class="dv_characteristicsTable">
<tbody>
<tr>
<td class="left">Talla</td>
<td>36/38</td>
</tr>
<tr>
<td class="left">Größentyp</td>
<td>Normalgrößen</td>
</tr>
<tr>
<td class="left">Composición del material</td>
<td>Obermaterial: 65% Baumwolle , 35% Polyester</td>
</tr>
<tr>
<td class="left">Materialart</td>
<td>Sweatware</td>
</tr>
<tr>
<td class="left">Instrucciones de cuidado</td>
<td>Lavado a máquina</td>
</tr>
<tr>
<td class="left">Optik</td>
<td>unifarben</td>
</tr>
<tr>
<td class="left">Stil</td>
<td>modisch</td>
</tr>
<tr>
<td class="left">Color</td>
<td>offwhite-ecru-altweiß</td>
</tr>
<tr>
<td class="left">Kragen</td>
<td>Cuello alto</td>
</tr>
<tr>
<td class="left">Ausschnitt</td>
<td>ohne Ausschnitt</td>
</tr>
<tr>
<td class="left">Ausschnittdetails</td>
<td>mit Reißverschluss, Rippbündchen</td>
</tr>
<tr>
<td class="left">Ärmel</td>
<td>Manga larga</td>
</tr>
<tr>
<td class="left">Ärmelabschluss</td>
<td>Puños de canalé</td>
</tr>
<tr>
<td class="left">Rumpfabschluss</td>
<td>Puños de canalé</td>
</tr>
<tr>
<td class="left">Rumpfabschlussdetails</td>
<td>mit Reißverschluss</td>
</tr>
<tr>
<td class="left">Ajuste</td>
<td>lässig geschnitten</td>
</tr>
<tr>
<td class="left">Schnittform Länge</td>
<td>hüftlang</td>
</tr>
<tr>
<td class="left">Capó</td>
<td>ohne Kapuze</td>
</tr>
<tr>
<td class="left">Applikationen</td>
<td>Logostickerei, Logoschriftzug, Reißverschluss</td>
</tr>
<tr>
<td class="left">Bolsas</td>
<td>Bolsillos</td>
</tr>
<tr>
<td class="left">Verschluss</td>
<td>Cierre de cremallera</td>
</tr>
<tr>
<td class="left">Verschlussdetails</td>
<td>durchgehend, vorn</td>
</tr>
<tr>
<td class="left">Besondere Merkmale</td>
<td>im Collegestyle</td>
</tr>
</tbody>
</table>
