{"id":80574,"date":"2023-12-14T01:33:37","date_gmt":"2023-12-14T00:33:37","guid":{"rendered":"https:\/\/www.soanam.de\/?post_type=product&#038;p=80574"},"modified":"2023-12-14T01:36:04","modified_gmt":"2023-12-14T00:36:04","slug":"lascana-klassischer-blazermantel-in-schwarz-groesse-44","status":"publish","type":"product","link":"https:\/\/www.soanam.de\/es\/produkt\/lascana-klassischer-blazermantel-in-schwarz-groesse-44\/","title":{"rendered":"LASCANA blazer cl\u00e1sico, negro, talla 44"},"content":{"rendered":"<p>Klassischer Blazermantel von Lascana<br \/>\nMit breitem Reverskragen<br \/>\nDurchgehend gef\u00fcttert<br \/>\nEinreihige Knopfleiste<br \/>\nL\u00e4ssige Form<br \/>\nAus w\u00e4rmender Qualit\u00e4t<\/p>\n<p>Der schicke Blazermantel von Lascana begeistert mit seinem klassischen Schnitt und der angedeutet l\u00e4ssigen Form.<br \/>\nDer breite Reverskragen und die einreihige Knopfleiste sind mond\u00e4ne Elemente, die dem Mantel den typischen Business-Look verleihen.<br \/>\nBei einer k\u00fchlen Brise h\u00e4lt dich die durchgehend gef\u00fctterte Jacke in femininer und eleganter Optik sch\u00f6n warm.<\/p>\n<p>Material: poli\u00e9ster 100%<br \/>\nInstrucciones de cuidado: Limpieza<\/p>\n<p>Color: negro<br \/>\nPatr\u00f3n: sin<br \/>\nTalla: 44<\/p>\n<p>Anchura de los hombros: 41 cm<br \/>\nAnchura del pecho: 110 cm<br \/>\nLongitud de la manga: 62 cm<br \/>\nLongitud total: 95 cm<\/p>","protected":false},"excerpt":{"rendered":"<table class=\"dv_characteristicsTable\">\n<tbody>\n<tr>\n<td class=\"left\">Talla<\/td>\n<td>44<\/td>\n<\/tr>\n<tr>\n<td class=\"left\">Gr\u00f6\u00dfentyp<\/td>\n<td>Normalgr\u00f6\u00dfen<\/td>\n<\/tr>\n<tr>\n<td class=\"left\">Composici\u00f3n del material<\/td>\n<td>Obermaterial: 100% Polyester. Futter: 100% Polyester<\/td>\n<\/tr>\n<tr>\n<td class=\"left\">Materialart<\/td>\n<td>Web<\/td>\n<\/tr>\n<tr>\n<td class=\"left\">Instrucciones de cuidado<\/td>\n<td>Reinigung<\/td>\n<\/tr>\n<tr>\n<td class=\"left\">Optik<\/td>\n<td>unifarben<\/td>\n<\/tr>\n<tr>\n<td class=\"left\">Stil<\/td>\n<td>modisch<\/td>\n<\/tr>\n<tr>\n<td class=\"left\">Color<\/td>\n<td>schwarz<\/td>\n<\/tr>\n<tr>\n<td class=\"left\">Kragen<\/td>\n<td>Cuello con solapa<\/td>\n<\/tr>\n<tr>\n<td class=\"left\">\u00c4rmel<\/td>\n<td>Manga larga<\/td>\n<\/tr>\n<tr>\n<td class=\"left\">Ajuste<\/td>\n<td>figurumspielend<\/td>\n<\/tr>\n<tr>\n<td class=\"left\">Schnittform L\u00e4nge<\/td>\n<td>kniefrei<\/td>\n<\/tr>\n<tr>\n<td class=\"left\">Bolsas<\/td>\n<td>Leistentaschen<\/td>\n<\/tr>\n<tr>\n<td class=\"left\">Verschluss<\/td>\n<td>2-Knopf-Form<\/td>\n<\/tr>\n<tr>\n<td class=\"left\">Verschlussdetails<\/td>\n<td>einreihig<\/td>\n<\/tr>\n<tr>\n<td class=\"left\">Besondere Merkmale<\/td>\n<td>im klassischen Design<\/td>\n<\/tr>\n<\/tbody>\n<\/table>","protected":false},"featured_media":80682,"comment_status":"open","ping_status":"closed","template":"","meta":{"_seopress_robots_primary_cat":"","_seopress_titles_title":"","_seopress_titles_desc":"","_seopress_robots_index":""},"product_brand":[],"product_cat":[1348,1354,1355,1356],"product_tag":[],"class_list":{"0":"post-80574","1":"product","2":"type-product","3":"status-publish","4":"has-post-thumbnail","6":"product_cat-damen-mode","7":"product_cat-jacken-maentel","8":"product_cat-maentel","9":"product_cat-wintermaentel","10":"product_shipping_class-standard-versand","12":"first","13":"instock","14":"sale","15":"taxable","16":"shipping-taxable","17":"purchasable","18":"product-type-simple"},"_links":{"self":[{"href":"https:\/\/www.soanam.de\/es\/wp-json\/wp\/v2\/product\/80574","targetHints":{"allow":["GET"]}}],"collection":[{"href":"https:\/\/www.soanam.de\/es\/wp-json\/wp\/v2\/product"}],"about":[{"href":"https:\/\/www.soanam.de\/es\/wp-json\/wp\/v2\/types\/product"}],"replies":[{"embeddable":true,"href":"https:\/\/www.soanam.de\/es\/wp-json\/wp\/v2\/comments?post=80574"}],"wp:featuredmedia":[{"embeddable":true,"href":"https:\/\/www.soanam.de\/es\/wp-json\/wp\/v2\/media\/80682"}],"wp:attachment":[{"href":"https:\/\/www.soanam.de\/es\/wp-json\/wp\/v2\/media?parent=80574"}],"wp:term":[{"taxonomy":"product_brand","embeddable":true,"href":"https:\/\/www.soanam.de\/es\/wp-json\/wp\/v2\/product_brand?post=80574"},{"taxonomy":"product_cat","embeddable":true,"href":"https:\/\/www.soanam.de\/es\/wp-json\/wp\/v2\/product_cat?post=80574"},{"taxonomy":"product_tag","embeddable":true,"href":"https:\/\/www.soanam.de\/es\/wp-json\/wp\/v2\/product_tag?post=80574"}],"curies":[{"name":"wp","href":"https:\/\/api.w.org\/{rel}","templated":true}]}}

LASCANA blazer clásico, negro, talla 44

<p>Klassischer Blazermantel von Lascana<br />
Mit breitem Reverskragen<br />
Durchgehend gefüttert<br />
Einreihige Knopfleiste<br />
Lässige Form<br />
Aus wärmender Qualität</p>
<p>Der schicke Blazermantel von Lascana begeistert mit seinem klassischen Schnitt und der angedeutet lässigen Form.<br />
Der breite Reverskragen und die einreihige Knopfleiste sind mondäne Elemente, die dem Mantel den typischen Business-Look verleihen.<br />
Bei einer kühlen Brise hält dich die durchgehend gefütterte Jacke in femininer und eleganter Optik schön warm.</p>
<p>Material: poliéster 100%<br />
Instrucciones de cuidado: Limpieza</p>
<p>Color: negro<br />
Patrón: sin<br />
Talla: 44</p>
<p>Anchura de los hombros: 41 cm<br />
Anchura del pecho: 110 cm<br />
Longitud de la manga: 62 cm<br />
Longitud total: 95 cm</p>

<table class="dv_characteristicsTable">
<tbody>
<tr>
<td class="left">Talla</td>
<td>44</td>
</tr>
<tr>
<td class="left">Größentyp</td>
<td>Normalgrößen</td>
</tr>
<tr>
<td class="left">Composición del material</td>
<td>Obermaterial: 100% Polyester. Futter: 100% Polyester</td>
</tr>
<tr>
<td class="left">Materialart</td>
<td>Web</td>
</tr>
<tr>
<td class="left">Instrucciones de cuidado</td>
<td>Reinigung</td>
</tr>
<tr>
<td class="left">Optik</td>
<td>unifarben</td>
</tr>
<tr>
<td class="left">Stil</td>
<td>modisch</td>
</tr>
<tr>
<td class="left">Color</td>
<td>schwarz</td>
</tr>
<tr>
<td class="left">Kragen</td>
<td>Cuello con solapa</td>
</tr>
<tr>
<td class="left">Ärmel</td>
<td>Manga larga</td>
</tr>
<tr>
<td class="left">Ajuste</td>
<td>figurumspielend</td>
</tr>
<tr>
<td class="left">Schnittform Länge</td>
<td>kniefrei</td>
</tr>
<tr>
<td class="left">Bolsas</td>
<td>Leistentaschen</td>
</tr>
<tr>
<td class="left">Verschluss</td>
<td>2-Knopf-Form</td>
</tr>
<tr>
<td class="left">Verschlussdetails</td>
<td>einreihig</td>
</tr>
<tr>
<td class="left">Besondere Merkmale</td>
<td>im klassischen Design</td>
</tr>
</tbody>
</table>
