{"id":79384,"date":"2023-12-13T22:38:31","date_gmt":"2023-12-13T21:38:31","guid":{"rendered":"https:\/\/www.soanam.de\/?post_type=product&#038;p=79384"},"modified":"2023-12-13T22:40:59","modified_gmt":"2023-12-13T21:40:59","slug":"abrigo-de-pluma-con-capucha-para-mujer-en-talla-petite-bright-evergreen-talla-m-p","status":"publish","type":"product","link":"https:\/\/www.soanam.de\/es\/produkt\/damen-daunen-mantel-mit-kapuze-in-petite-groesse-bright-evergreen-groesse-m-p\/","title":{"rendered":"Abrigo de plum\u00f3n para mujer con capucha, en talla petite, Bright Evergreen, talla M\/P"},"content":{"rendered":"<h3>Descripci\u00f3n de la<\/h3>\n<p>Preparados para el invierno<br \/>\nPuedes enfrentarte al invierno con confianza con este abrigo de plum\u00f3n con capucha. Con su material exterior repelente al agua, su relleno de plum\u00f3n HyperDRY repelente al agua, su capucha y su pr\u00e1ctico largo hasta la rodilla, estar\u00e1s perfectamente preparada para cualquier condici\u00f3n meteorol\u00f3gica. Las favorecedoras costuras princesa y el acolchado chevron adelgazante garantizan que tu abrigo de plum\u00f3n quede igual de bien con cualquier conjunto, ya sea un vestido, una falda o unos pantalones. Y si llueve, el acabado de cera natural del plum\u00f3n HyperDRY garantiza que el aislamiento siga siendo esponjoso y funcional.<\/p>\n<p><strong>Detalles del producto:<\/strong><\/p>\n<p>Repele el agua<br \/>\nPlum\u00f3n HyperDRY con 600 de poder de relleno (cuerpo\/mangas)<br \/>\nCapucha ajustable<br \/>\nCuello alto, protector de barbilla<br \/>\nCremallera de 2 v\u00edas, solapa de tormenta debajo<br \/>\nBolsillo interior con botones a presi\u00f3n<br \/>\nBolsillos con botones a presi\u00f3n sin costuras<br \/>\nPu\u00f1os el\u00e1sticos, pu\u00f1os interiores<br \/>\nMaterial exterior, forro y aislamiento de la capucha 100% poli\u00e9ster (material exterior en nylon moteado 58%\/42% poli\u00e9ster), relleno 80% plum\u00f3n\/20% plumas<br \/>\nLavado a m\u00e1quina<br \/>\nRecomendamos secar a m\u00e1quina con pelotas de tenis (nuevas)<br \/>\nLargo para talla petite M aprox. 92 cm<br \/>\nPEOR: Adecuado para temperaturas de -16\u00b0 (rango de confort) a -31\u00b0C (rango extremo)<\/p>","protected":false},"excerpt":{"rendered":"<h3>Artikelmerkmale<\/h3>\n<p>Estado del art\u00edculo: Nuevo con etiqueta: Art\u00edculo nuevo, sin usar y sin estrenar, en su embalaje original.<\/p>\n<table border=\"0\" frame=\"VOID\" rules=\"NONE\" cellspacing=\"0\">\n<colgroup>\n<col width=\"137\" \/>\n<col width=\"107\" \/><\/colgroup>\n<tbody>\n<tr>\n<td align=\"LEFT\" width=\"137\" height=\"17\">Abteilung:<\/td>\n<td align=\"LEFT\" width=\"107\">Damen<\/td>\n<\/tr>\n<tr>\n<td align=\"LEFT\" height=\"17\">Akzente:<\/td>\n<td align=\"LEFT\">Gesteppt<\/td>\n<\/tr>\n<tr>\n<td align=\"LEFT\" height=\"17\">Anlass:<\/td>\n<td align=\"LEFT\">Freizeit<\/td>\n<\/tr>\n<tr>\n<td align=\"LEFT\" height=\"17\">Au\u00dfenmaterial:<\/td>\n<td align=\"LEFT\">Poli\u00e9ster<\/td>\n<\/tr>\n<tr>\n<td align=\"LEFT\" height=\"17\">Caracter\u00edsticas especiales:<\/td>\n<td align=\"LEFT\">Con capucha<\/td>\n<\/tr>\n<tr>\n<td align=\"LEFT\" height=\"17\">Charakter:<\/td>\n<td align=\"LEFT\">ohne<\/td>\n<\/tr>\n<tr>\n<td align=\"LEFT\" height=\"17\">EAN:<\/td>\n<td align=\"LEFT\">nichtzutreffend<\/td>\n<\/tr>\n<tr>\n<td align=\"LEFT\" height=\"17\">Color:<\/td>\n<td align=\"LEFT\">Verde<\/td>\n<\/tr>\n<tr>\n<td align=\"LEFT\" height=\"17\">Futtermaterial:<\/td>\n<td align=\"LEFT\">Poli\u00e9ster<\/td>\n<\/tr>\n<tr>\n<td align=\"LEFT\" height=\"17\">Gewebeart:<\/td>\n<td align=\"LEFT\">ohne Angabe<\/td>\n<\/tr>\n<tr>\n<td align=\"LEFT\" height=\"17\">Gr\u00f6\u00dfe:<\/td>\n<td align=\"LEFT\">M\/P<\/td>\n<\/tr>\n<tr>\n<td align=\"LEFT\" height=\"17\">Gr\u00f6\u00dfenkategorie:<\/td>\n<td align=\"LEFT\">Kurzgr\u00f6\u00dfe<\/td>\n<\/tr>\n<tr>\n<td align=\"LEFT\" height=\"17\">Isoliermaterial:<\/td>\n<td align=\"LEFT\">Abajo<\/td>\n<\/tr>\n<tr>\n<td align=\"LEFT\" height=\"17\">Jacken-\/Mantell\u00e4nge:<\/td>\n<td align=\"LEFT\">Halblang<\/td>\n<\/tr>\n<tr>\n<td align=\"LEFT\" height=\"17\">Jahreszeit:<\/td>\n<td align=\"LEFT\">Winter<\/td>\n<\/tr>\n<tr>\n<td align=\"LEFT\" height=\"17\">Marke:<\/td>\n<td align=\"LEFT\">Lands' End<\/td>\n<\/tr>\n<tr>\n<td align=\"LEFT\" height=\"17\">Modell:<\/td>\n<td align=\"LEFT\">ohne Angabe<\/td>\n<\/tr>\n<tr>\n<td align=\"LEFT\" height=\"17\">Patr\u00f3n:<\/td>\n<td align=\"LEFT\">Ohne Muster<\/td>\n<\/tr>\n<tr>\n<td align=\"LEFT\" height=\"17\">Produktart:<\/td>\n<td align=\"LEFT\">Mantel<\/td>\n<\/tr>\n<tr>\n<td align=\"LEFT\" height=\"17\">Stil:<\/td>\n<td align=\"LEFT\">Mantel<\/td>\n<\/tr>\n<tr>\n<td align=\"LEFT\" height=\"17\">Thema:<\/td>\n<td align=\"LEFT\">Outdoor<\/td>\n<\/tr>\n<tr>\n<td align=\"LEFT\" height=\"17\">Verschluss:<\/td>\n<td align=\"LEFT\">Cierre de cremallera<\/td>\n<\/tr>\n<tr>\n<td align=\"LEFT\" height=\"17\">Vintage:<\/td>\n<td align=\"LEFT\">Nein<\/td>\n<\/tr>\n<\/tbody>\n<\/table>","protected":false},"featured_media":79499,"comment_status":"open","ping_status":"closed","template":"","meta":{"_seopress_robots_primary_cat":"","_seopress_titles_title":"","_seopress_titles_desc":"","_seopress_robots_index":""},"product_brand":[],"product_cat":[1348,1354,1375,1376],"product_tag":[],"class_list":{"0":"post-79384","1":"product","2":"type-product","3":"status-publish","4":"has-post-thumbnail","6":"product_cat-damen-mode","7":"product_cat-jacken-maentel","8":"product_cat-winterjacken","9":"product_cat-daunenjacken-steppjacken","10":"product_shipping_class-standard-versand","12":"first","13":"instock","14":"sale","15":"taxable","16":"shipping-taxable","17":"purchasable","18":"product-type-simple"},"_links":{"self":[{"href":"https:\/\/www.soanam.de\/es\/wp-json\/wp\/v2\/product\/79384","targetHints":{"allow":["GET"]}}],"collection":[{"href":"https:\/\/www.soanam.de\/es\/wp-json\/wp\/v2\/product"}],"about":[{"href":"https:\/\/www.soanam.de\/es\/wp-json\/wp\/v2\/types\/product"}],"replies":[{"embeddable":true,"href":"https:\/\/www.soanam.de\/es\/wp-json\/wp\/v2\/comments?post=79384"}],"wp:featuredmedia":[{"embeddable":true,"href":"https:\/\/www.soanam.de\/es\/wp-json\/wp\/v2\/media\/79499"}],"wp:attachment":[{"href":"https:\/\/www.soanam.de\/es\/wp-json\/wp\/v2\/media?parent=79384"}],"wp:term":[{"taxonomy":"product_brand","embeddable":true,"href":"https:\/\/www.soanam.de\/es\/wp-json\/wp\/v2\/product_brand?post=79384"},{"taxonomy":"product_cat","embeddable":true,"href":"https:\/\/www.soanam.de\/es\/wp-json\/wp\/v2\/product_cat?post=79384"},{"taxonomy":"product_tag","embeddable":true,"href":"https:\/\/www.soanam.de\/es\/wp-json\/wp\/v2\/product_tag?post=79384"}],"curies":[{"name":"wp","href":"https:\/\/api.w.org\/{rel}","templated":true}]}}

Abrigo de plumón para mujer con capucha, en talla petite, Bright Evergreen, talla M/P

<h3>Descripción de la</h3>
<p>Preparados para el invierno<br />
Puedes enfrentarte al invierno con confianza con este abrigo de plumón con capucha. Con su material exterior repelente al agua, su relleno de plumón HyperDRY repelente al agua, su capucha y su práctico largo hasta la rodilla, estarás perfectamente preparada para cualquier condición meteorológica. Las favorecedoras costuras princesa y el acolchado chevron adelgazante garantizan que tu abrigo de plumón quede igual de bien con cualquier conjunto, ya sea un vestido, una falda o unos pantalones. Y si llueve, el acabado de cera natural del plumón HyperDRY garantiza que el aislamiento siga siendo esponjoso y funcional.</p>
<p><strong>Detalles del producto:</strong></p>
<p>Repele el agua<br />
Plumón HyperDRY con 600 de poder de relleno (cuerpo/mangas)<br />
Capucha ajustable<br />
Cuello alto, protector de barbilla<br />
Cremallera de 2 vías, solapa de tormenta debajo<br />
Bolsillo interior con botones a presión<br />
Bolsillos con botones a presión sin costuras<br />
Puños elásticos, puños interiores<br />
Material exterior, forro y aislamiento de la capucha 100% poliéster (material exterior en nylon moteado 58%/42% poliéster), relleno 80% plumón/20% plumas<br />
Lavado a máquina<br />
Recomendamos secar a máquina con pelotas de tenis (nuevas)<br />
Largo para talla petite M aprox. 92 cm<br />
PEOR: Adecuado para temperaturas de -16° (rango de confort) a -31°C (rango extremo)</p>

<h3>Artikelmerkmale</h3>
<p>Estado del artículo: Nuevo con etiqueta: Artículo nuevo, sin usar y sin estrenar, en su embalaje original.</p>
<table border="0" frame="VOID" rules="NONE" cellspacing="0">
<colgroup>
<col width="137" />
<col width="107" /></colgroup>
<tbody>
<tr>
<td align="LEFT" width="137" height="17">Abteilung:</td>
<td align="LEFT" width="107">Damen</td>
</tr>
<tr>
<td align="LEFT" height="17">Akzente:</td>
<td align="LEFT">Gesteppt</td>
</tr>
<tr>
<td align="LEFT" height="17">Anlass:</td>
<td align="LEFT">Freizeit</td>
</tr>
<tr>
<td align="LEFT" height="17">Außenmaterial:</td>
<td align="LEFT">Poliéster</td>
</tr>
<tr>
<td align="LEFT" height="17">Características especiales:</td>
<td align="LEFT">Con capucha</td>
</tr>
<tr>
<td align="LEFT" height="17">Charakter:</td>
<td align="LEFT">ohne</td>
</tr>
<tr>
<td align="LEFT" height="17">EAN:</td>
<td align="LEFT">nichtzutreffend</td>
</tr>
<tr>
<td align="LEFT" height="17">Color:</td>
<td align="LEFT">Verde</td>
</tr>
<tr>
<td align="LEFT" height="17">Futtermaterial:</td>
<td align="LEFT">Poliéster</td>
</tr>
<tr>
<td align="LEFT" height="17">Gewebeart:</td>
<td align="LEFT">ohne Angabe</td>
</tr>
<tr>
<td align="LEFT" height="17">Größe:</td>
<td align="LEFT">M/P</td>
</tr>
<tr>
<td align="LEFT" height="17">Größenkategorie:</td>
<td align="LEFT">Kurzgröße</td>
</tr>
<tr>
<td align="LEFT" height="17">Isoliermaterial:</td>
<td align="LEFT">Abajo</td>
</tr>
<tr>
<td align="LEFT" height="17">Jacken-/Mantellänge:</td>
<td align="LEFT">Halblang</td>
</tr>
<tr>
<td align="LEFT" height="17">Jahreszeit:</td>
<td align="LEFT">Winter</td>
</tr>
<tr>
<td align="LEFT" height="17">Marke:</td>
<td align="LEFT">Lands' End</td>
</tr>
<tr>
<td align="LEFT" height="17">Modell:</td>
<td align="LEFT">ohne Angabe</td>
</tr>
<tr>
<td align="LEFT" height="17">Patrón:</td>
<td align="LEFT">Ohne Muster</td>
</tr>
<tr>
<td align="LEFT" height="17">Produktart:</td>
<td align="LEFT">Mantel</td>
</tr>
<tr>
<td align="LEFT" height="17">Stil:</td>
<td align="LEFT">Mantel</td>
</tr>
<tr>
<td align="LEFT" height="17">Thema:</td>
<td align="LEFT">Outdoor</td>
</tr>
<tr>
<td align="LEFT" height="17">Verschluss:</td>
<td align="LEFT">Cierre de cremallera</td>
</tr>
<tr>
<td align="LEFT" height="17">Vintage:</td>
<td align="LEFT">Nein</td>
</tr>
</tbody>
</table>
