{"id":79182,"date":"2023-12-13T22:33:58","date_gmt":"2023-12-13T21:33:58","guid":{"rendered":"https:\/\/www.soanam.de\/?post_type=product&#038;p=79182"},"modified":"2023-12-13T22:36:42","modified_gmt":"2023-12-13T21:36:42","slug":"abrigo-senora-chaqueta-confort-bi-elastico-transpirable-en-melba-talla-40","status":"publish","type":"product","link":"https:\/\/www.soanam.de\/es\/produkt\/damen-manteljacke-komfort-bi-elastisch-atmungsaktiv-in-melba-gr-40\/","title":{"rendered":"Chaqueta de se\u00f1ora confort, biel\u00e1stica, transpirable, en melba, talla 40"},"content":{"rendered":"<h3>Descripci\u00f3n de la<\/h3>\n<p>Tiene los elementos estil\u00edsticos t\u00edpicos de la gabardina: la chaqueta con botones grandes, los pu\u00f1os enrollados, las leng\u00fcetas de las mangas y el cuello alto. Por supuesto, el color Melba, fresco y contempor\u00e1neo, salta inmediatamente a la vista. Pero este estilo tiene a\u00fan m\u00e1s que ofrecer. Porque el tejido tambi\u00e9n es especial; la mezcla de algod\u00f3n es biel\u00e1stica y, por tanto, le ofrece la m\u00e1xima comodidad. El tejido es suave, transpirable y resistente a las arrugas. Las costuras divisorias longitudinales garantizan un buen ajuste. Si este no es tu compa\u00f1ero preferido para las altas temperaturas.<\/p>\n<p><strong>Tratamiento<\/strong>:<\/p>\n<p>Cuello alto.<br \/>\nSe abrocha con 5 botones decorativos.<br \/>\n2 bolsillos ribeteados.<br \/>\nCierre de manguito.<br \/>\nCosturas divisorias pespunteadas,<br \/>\nKoller al frente.<br \/>\nInterior: 2 bolsillos abotonados.<br \/>\nLongitud aprox. 80 cm en talla 42<br \/>\nForro: poli\u00e9ster 100%.<\/p>\n<p>Material: 59% algod\u00f3n, 30% poli\u00e9ster, 11% elast\u00e1n.<br \/>\nLavable a m\u00e1quina y f\u00e1cil de cuidar.<\/p>","protected":false},"excerpt":{"rendered":"<h3>Artikelmerkmale<\/h3>\n<p>Estado del art\u00edculo: Nuevo con etiqueta: Art\u00edculo nuevo, sin usar y sin estrenar, en su embalaje original.<\/p>\n<table border=\"0\" frame=\"VOID\" rules=\"NONE\" cellspacing=\"0\">\n<colgroup>\n<col width=\"141\" \/>\n<col width=\"198\" \/><\/colgroup>\n<tbody>\n<tr>\n<td align=\"LEFT\" width=\"141\" height=\"17\">Abteilung:<\/td>\n<td align=\"LEFT\" width=\"198\">Damen<\/td>\n<\/tr>\n<tr>\n<td align=\"LEFT\" height=\"17\">Anlass:<\/td>\n<td align=\"LEFT\">Business, Freizeit<\/td>\n<\/tr>\n<tr>\n<td align=\"LEFT\" height=\"17\">Au\u00dfenmaterial:<\/td>\n<td align=\"LEFT\">Baumwolle, Polyester, Elastan<\/td>\n<\/tr>\n<tr>\n<td align=\"LEFT\" height=\"17\">Caracter\u00edsticas especiales:<\/td>\n<td align=\"LEFT\">Transpirable<\/td>\n<\/tr>\n<tr>\n<td align=\"LEFT\" height=\"17\">Charakter:<\/td>\n<td align=\"LEFT\">ohne<\/td>\n<\/tr>\n<tr>\n<td align=\"LEFT\" height=\"17\">Color:<\/td>\n<td align=\"LEFT\">Melba<\/td>\n<\/tr>\n<tr>\n<td align=\"LEFT\" height=\"17\">Futtermaterial:<\/td>\n<td align=\"LEFT\">Poli\u00e9ster<\/td>\n<\/tr>\n<tr>\n<td align=\"LEFT\" height=\"17\">Gewebeart:<\/td>\n<td align=\"LEFT\">Mischgewebe<\/td>\n<\/tr>\n<tr>\n<td align=\"LEFT\" height=\"17\">Gr\u00f6\u00dfe:<\/td>\n<td align=\"LEFT\">40<\/td>\n<\/tr>\n<tr>\n<td align=\"LEFT\" height=\"17\">Gr\u00f6\u00dfenkategorie:<\/td>\n<td align=\"LEFT\">Normalgr\u00f6\u00dfe<\/td>\n<\/tr>\n<tr>\n<td align=\"LEFT\" height=\"17\">Jacken \/ Mantell\u00e4nge:<\/td>\n<td align=\"LEFT\">Halblang<\/td>\n<\/tr>\n<tr>\n<td align=\"LEFT\" height=\"17\">Jahreszeit:<\/td>\n<td align=\"LEFT\">Fr\u00fchling<\/td>\n<\/tr>\n<tr>\n<td align=\"LEFT\" height=\"17\">Marke:<\/td>\n<td align=\"LEFT\">Walbusch<\/td>\n<\/tr>\n<tr>\n<td align=\"LEFT\" height=\"17\">Modell:<\/td>\n<td align=\"LEFT\">Melba<\/td>\n<\/tr>\n<tr>\n<td align=\"LEFT\" height=\"17\">Patr\u00f3n:<\/td>\n<td align=\"LEFT\">Ohne Muster<\/td>\n<\/tr>\n<tr>\n<td align=\"LEFT\" height=\"17\">Produktart:<\/td>\n<td align=\"LEFT\">Mantel<\/td>\n<\/tr>\n<tr>\n<td align=\"LEFT\" height=\"17\">Stil:<\/td>\n<td align=\"LEFT\">Trenchcoat<\/td>\n<\/tr>\n<tr>\n<td align=\"LEFT\" height=\"17\">Thema:<\/td>\n<td align=\"LEFT\">Elegant<\/td>\n<\/tr>\n<tr>\n<td align=\"LEFT\" height=\"17\">Verschluss:<\/td>\n<td align=\"LEFT\">Knopf<\/td>\n<\/tr>\n<tr>\n<td align=\"LEFT\" height=\"17\">Vintage:<\/td>\n<td align=\"LEFT\">Nein<\/td>\n<\/tr>\n<\/tbody>\n<\/table>","protected":false},"featured_media":79292,"comment_status":"open","ping_status":"closed","template":"","meta":{"_seopress_robots_primary_cat":"","_seopress_titles_title":"","_seopress_titles_desc":"","_seopress_robots_index":""},"product_brand":[],"product_cat":[1348,1354,1355,1356],"product_tag":[],"class_list":{"0":"post-79182","1":"product","2":"type-product","3":"status-publish","4":"has-post-thumbnail","6":"product_cat-damen-mode","7":"product_cat-jacken-maentel","8":"product_cat-maentel","9":"product_cat-wintermaentel","10":"product_shipping_class-standard-versand","12":"first","13":"instock","14":"sale","15":"taxable","16":"shipping-taxable","17":"purchasable","18":"product-type-simple"},"_links":{"self":[{"href":"https:\/\/www.soanam.de\/es\/wp-json\/wp\/v2\/product\/79182","targetHints":{"allow":["GET"]}}],"collection":[{"href":"https:\/\/www.soanam.de\/es\/wp-json\/wp\/v2\/product"}],"about":[{"href":"https:\/\/www.soanam.de\/es\/wp-json\/wp\/v2\/types\/product"}],"replies":[{"embeddable":true,"href":"https:\/\/www.soanam.de\/es\/wp-json\/wp\/v2\/comments?post=79182"}],"wp:featuredmedia":[{"embeddable":true,"href":"https:\/\/www.soanam.de\/es\/wp-json\/wp\/v2\/media\/79292"}],"wp:attachment":[{"href":"https:\/\/www.soanam.de\/es\/wp-json\/wp\/v2\/media?parent=79182"}],"wp:term":[{"taxonomy":"product_brand","embeddable":true,"href":"https:\/\/www.soanam.de\/es\/wp-json\/wp\/v2\/product_brand?post=79182"},{"taxonomy":"product_cat","embeddable":true,"href":"https:\/\/www.soanam.de\/es\/wp-json\/wp\/v2\/product_cat?post=79182"},{"taxonomy":"product_tag","embeddable":true,"href":"https:\/\/www.soanam.de\/es\/wp-json\/wp\/v2\/product_tag?post=79182"}],"curies":[{"name":"wp","href":"https:\/\/api.w.org\/{rel}","templated":true}]}}

Chaqueta de señora confort, bielástica, transpirable, en melba, talla 40

<h3>Descripción de la</h3>
<p>Tiene los elementos estilísticos típicos de la gabardina: la chaqueta con botones grandes, los puños enrollados, las lengüetas de las mangas y el cuello alto. Por supuesto, el color Melba, fresco y contemporáneo, salta inmediatamente a la vista. Pero este estilo tiene aún más que ofrecer. Porque el tejido también es especial; la mezcla de algodón es bielástica y, por tanto, le ofrece la máxima comodidad. El tejido es suave, transpirable y resistente a las arrugas. Las costuras divisorias longitudinales garantizan un buen ajuste. Si este no es tu compañero preferido para las altas temperaturas.</p>
<p><strong>Tratamiento</strong>:</p>
<p>Cuello alto.<br />
Se abrocha con 5 botones decorativos.<br />
2 bolsillos ribeteados.<br />
Cierre de manguito.<br />
Costuras divisorias pespunteadas,<br />
Koller al frente.<br />
Interior: 2 bolsillos abotonados.<br />
Longitud aprox. 80 cm en talla 42<br />
Forro: poliéster 100%.</p>
<p>Material: 59% algodón, 30% poliéster, 11% elastán.<br />
Lavable a máquina y fácil de cuidar.</p>

<h3>Artikelmerkmale</h3>
<p>Estado del artículo: Nuevo con etiqueta: Artículo nuevo, sin usar y sin estrenar, en su embalaje original.</p>
<table border="0" frame="VOID" rules="NONE" cellspacing="0">
<colgroup>
<col width="141" />
<col width="198" /></colgroup>
<tbody>
<tr>
<td align="LEFT" width="141" height="17">Abteilung:</td>
<td align="LEFT" width="198">Damen</td>
</tr>
<tr>
<td align="LEFT" height="17">Anlass:</td>
<td align="LEFT">Business, Freizeit</td>
</tr>
<tr>
<td align="LEFT" height="17">Außenmaterial:</td>
<td align="LEFT">Baumwolle, Polyester, Elastan</td>
</tr>
<tr>
<td align="LEFT" height="17">Características especiales:</td>
<td align="LEFT">Transpirable</td>
</tr>
<tr>
<td align="LEFT" height="17">Charakter:</td>
<td align="LEFT">ohne</td>
</tr>
<tr>
<td align="LEFT" height="17">Color:</td>
<td align="LEFT">Melba</td>
</tr>
<tr>
<td align="LEFT" height="17">Futtermaterial:</td>
<td align="LEFT">Poliéster</td>
</tr>
<tr>
<td align="LEFT" height="17">Gewebeart:</td>
<td align="LEFT">Mischgewebe</td>
</tr>
<tr>
<td align="LEFT" height="17">Größe:</td>
<td align="LEFT">40</td>
</tr>
<tr>
<td align="LEFT" height="17">Größenkategorie:</td>
<td align="LEFT">Normalgröße</td>
</tr>
<tr>
<td align="LEFT" height="17">Jacken / Mantellänge:</td>
<td align="LEFT">Halblang</td>
</tr>
<tr>
<td align="LEFT" height="17">Jahreszeit:</td>
<td align="LEFT">Frühling</td>
</tr>
<tr>
<td align="LEFT" height="17">Marke:</td>
<td align="LEFT">Walbusch</td>
</tr>
<tr>
<td align="LEFT" height="17">Modell:</td>
<td align="LEFT">Melba</td>
</tr>
<tr>
<td align="LEFT" height="17">Patrón:</td>
<td align="LEFT">Ohne Muster</td>
</tr>
<tr>
<td align="LEFT" height="17">Produktart:</td>
<td align="LEFT">Mantel</td>
</tr>
<tr>
<td align="LEFT" height="17">Stil:</td>
<td align="LEFT">Trenchcoat</td>
</tr>
<tr>
<td align="LEFT" height="17">Thema:</td>
<td align="LEFT">Elegant</td>
</tr>
<tr>
<td align="LEFT" height="17">Verschluss:</td>
<td align="LEFT">Knopf</td>
</tr>
<tr>
<td align="LEFT" height="17">Vintage:</td>
<td align="LEFT">Nein</td>
</tr>
</tbody>
</table>
