{"id":78942,"date":"2023-12-13T21:56:22","date_gmt":"2023-12-13T20:56:22","guid":{"rendered":"https:\/\/www.soanam.de\/?post_type=product&#038;p=78942"},"modified":"2023-12-13T21:58:27","modified_gmt":"2023-12-13T20:58:27","slug":"eddie-bauer-cirruslite-classic-chaqueta-de-pluma-de-hombre-con-capucha-negro-gr-m","status":"publish","type":"product","link":"https:\/\/www.soanam.de\/es\/produkt\/eddie-bauer-cirruslite-klassische-herren-daunenjacke-mit-kapuze-schwarz-gr-m\/","title":{"rendered":"Chaqueta de plum\u00f3n Eddie Bauer Cirruslite classic para hombre, con capucha, negra, talla M"},"content":{"rendered":"<h3>Descripci\u00f3n de la<\/h3>\n<p>Las chaquetas de plum\u00f3n proporcionan un calor esencial en temperaturas fr\u00edas. Gracias a la ligereza del aislamiento de plum\u00f3n, esta chaqueta de estilo informal resulta muy c\u00f3moda incluso a temperaturas inferiores a cero grados, sin agobiar. El tejido exterior de fibra sint\u00e9tica repelente al agua y la capucha ofrecen una protecci\u00f3n adicional contra el viento y la intemperie. Otros detalles de esta chaqueta ce\u00f1ida de manga larga y aspecto liso son los bolsillos con cremallera de seguridad y los pu\u00f1os y la cintura el\u00e1sticos para mantener el cuerpo abrigado.<\/p>\n<p><strong>FIT<\/strong><br \/>\nClassic: Nuestro corte m\u00e1s cl\u00e1sico. Ni demasiado ajustado ni demasiado holgado. Dise\u00f1ado para llevar sobre una capa de peso medio.<\/p>\n<p>MATERIAL: Parte superior: poliamida 100% (en Atlantic, negro, azul Nilo). Material exterior: poli\u00e9ster 100% (en todos los dem\u00e1s colores). Forro: 100% poliamida. Aislamiento: plum\u00f3n de pato 80%, plumas de pato 20%.<br \/>\nINSTRUCCIONES DE CUIDADO: Lavar a m\u00e1quina<br \/>\nTIPO DE PRODUCTO: Chaqueta de pluma<br \/>\nOPTIK: Uni<br \/>\nESTILO: Deportivo<br \/>\nAJUSTE: ce\u00f1ido<br \/>\nTIPO DE CIERRE: cremallera<br \/>\nBOLSILLOS: bolsillos con cremallera<br \/>\nCORONA\/Capucha: Capucha<br \/>\nCIERRE DEL SAUMAJE: Banda el\u00e1stica<br \/>\nLARGO TOTAL: Largo talla M aprox. 71 cm.<\/p>","protected":false},"excerpt":{"rendered":"<h3>Artikelmerkmale<\/h3>\n<p>Estado del art\u00edculo: Nuevo con etiqueta: Art\u00edculo nuevo, sin usar y sin estrenar, en su embalaje original.<\/p>\n<table border=\"0\" frame=\"VOID\" rules=\"NONE\" cellspacing=\"0\">\n<colgroup>\n<col width=\"116\" \/>\n<col width=\"107\" \/><\/colgroup>\n<tbody>\n<tr>\n<td align=\"LEFT\" width=\"116\" height=\"17\">Abteilung:<\/td>\n<td align=\"LEFT\" width=\"107\">Herren<\/td>\n<\/tr>\n<tr>\n<td align=\"LEFT\" height=\"17\">Aktivit\u00e4t:<\/td>\n<td align=\"LEFT\">Spazieren<\/td>\n<\/tr>\n<tr>\n<td align=\"LEFT\" height=\"17\">Anlass:<\/td>\n<td align=\"LEFT\">Freizeit<\/td>\n<\/tr>\n<tr>\n<td align=\"LEFT\" height=\"17\">Au\u00dfenmaterial:<\/td>\n<td align=\"LEFT\">Poliamida<\/td>\n<\/tr>\n<tr>\n<td align=\"LEFT\" height=\"17\">Caracter\u00edsticas especiales:<\/td>\n<td align=\"LEFT\">Cap\u00f3<\/td>\n<\/tr>\n<tr>\n<td align=\"LEFT\" height=\"17\">Charakter:<\/td>\n<td align=\"LEFT\">ohne<\/td>\n<\/tr>\n<tr>\n<td align=\"LEFT\" height=\"17\">EAN:<\/td>\n<td align=\"LEFT\">nicht zutreffend<\/td>\n<\/tr>\n<tr>\n<td align=\"LEFT\" height=\"17\">Color:<\/td>\n<td align=\"LEFT\">Negro<\/td>\n<\/tr>\n<tr>\n<td align=\"LEFT\" height=\"17\">Futtermaterial:<\/td>\n<td align=\"LEFT\">Poli\u00e9ster<\/td>\n<\/tr>\n<tr>\n<td align=\"LEFT\" height=\"17\">Gewebeart:<\/td>\n<td align=\"LEFT\">ohne Angabe<\/td>\n<\/tr>\n<tr>\n<td align=\"LEFT\" height=\"17\">Gr\u00f6\u00dfe:<\/td>\n<td align=\"LEFT\">M<\/td>\n<\/tr>\n<tr>\n<td align=\"LEFT\" height=\"17\">Gr\u00f6\u00dfenkategorie:<\/td>\n<td align=\"LEFT\">Normalgr\u00f6\u00dfe<\/td>\n<\/tr>\n<tr>\n<td align=\"LEFT\" height=\"17\">Isoliermaterial:<\/td>\n<td align=\"LEFT\">Abajo<\/td>\n<\/tr>\n<tr>\n<td align=\"LEFT\" height=\"17\">Jahreszeit:<\/td>\n<td align=\"LEFT\">Fr\u00fchling, Herbst<\/td>\n<\/tr>\n<tr>\n<td align=\"LEFT\" height=\"17\">Marke:<\/td>\n<td align=\"LEFT\">Eddie Bauer<\/td>\n<\/tr>\n<tr>\n<td align=\"LEFT\" height=\"17\">Modell:<\/td>\n<td align=\"LEFT\">Eddie<\/td>\n<\/tr>\n<tr>\n<td align=\"LEFT\" height=\"17\">Patr\u00f3n:<\/td>\n<td align=\"LEFT\">Ohne Muster<\/td>\n<\/tr>\n<tr>\n<td align=\"LEFT\" height=\"17\">Produktart:<\/td>\n<td align=\"LEFT\">Jacke<\/td>\n<\/tr>\n<tr>\n<td align=\"LEFT\" height=\"17\">Stil:<\/td>\n<td align=\"LEFT\">Daunenjacke<\/td>\n<\/tr>\n<tr>\n<td align=\"LEFT\" height=\"17\">Thema:<\/td>\n<td align=\"LEFT\">Klassisch<\/td>\n<\/tr>\n<tr>\n<td align=\"LEFT\" height=\"17\">Verschluss:<\/td>\n<td align=\"LEFT\">Cierre de cremallera<\/td>\n<\/tr>\n<tr>\n<td align=\"LEFT\" height=\"17\">Vintage:<\/td>\n<td align=\"LEFT\">Nein<\/td>\n<\/tr>\n<\/tbody>\n<\/table>","protected":false},"featured_media":79040,"comment_status":"open","ping_status":"closed","template":"","meta":{"_seopress_robots_primary_cat":"","_seopress_titles_title":"","_seopress_titles_desc":"","_seopress_robots_index":""},"product_brand":[],"product_cat":[1345,1363,1377,1378],"product_tag":[],"class_list":{"0":"post-78942","1":"product","2":"type-product","3":"status-publish","4":"has-post-thumbnail","6":"product_cat-herrenmode","7":"product_cat-jacken-maentel-herrenmode","8":"product_cat-winterjacken-jacken-maentel-herrenmode","9":"product_cat-daunen-steppjacken","10":"product_shipping_class-standard-versand","12":"first","13":"instock","14":"sale","15":"taxable","16":"shipping-taxable","17":"purchasable","18":"product-type-simple"},"_links":{"self":[{"href":"https:\/\/www.soanam.de\/es\/wp-json\/wp\/v2\/product\/78942","targetHints":{"allow":["GET"]}}],"collection":[{"href":"https:\/\/www.soanam.de\/es\/wp-json\/wp\/v2\/product"}],"about":[{"href":"https:\/\/www.soanam.de\/es\/wp-json\/wp\/v2\/types\/product"}],"replies":[{"embeddable":true,"href":"https:\/\/www.soanam.de\/es\/wp-json\/wp\/v2\/comments?post=78942"}],"wp:featuredmedia":[{"embeddable":true,"href":"https:\/\/www.soanam.de\/es\/wp-json\/wp\/v2\/media\/79040"}],"wp:attachment":[{"href":"https:\/\/www.soanam.de\/es\/wp-json\/wp\/v2\/media?parent=78942"}],"wp:term":[{"taxonomy":"product_brand","embeddable":true,"href":"https:\/\/www.soanam.de\/es\/wp-json\/wp\/v2\/product_brand?post=78942"},{"taxonomy":"product_cat","embeddable":true,"href":"https:\/\/www.soanam.de\/es\/wp-json\/wp\/v2\/product_cat?post=78942"},{"taxonomy":"product_tag","embeddable":true,"href":"https:\/\/www.soanam.de\/es\/wp-json\/wp\/v2\/product_tag?post=78942"}],"curies":[{"name":"wp","href":"https:\/\/api.w.org\/{rel}","templated":true}]}}

Chaqueta de plumón Eddie Bauer Cirruslite classic para hombre, con capucha, negra, talla M

<h3>Descripción de la</h3>
<p>Las chaquetas de plumón proporcionan un calor esencial en temperaturas frías. Gracias a la ligereza del aislamiento de plumón, esta chaqueta de estilo informal resulta muy cómoda incluso a temperaturas inferiores a cero grados, sin agobiar. El tejido exterior de fibra sintética repelente al agua y la capucha ofrecen una protección adicional contra el viento y la intemperie. Otros detalles de esta chaqueta ceñida de manga larga y aspecto liso son los bolsillos con cremallera de seguridad y los puños y la cintura elásticos para mantener el cuerpo abrigado.</p>
<p><strong>FIT</strong><br />
Classic: Nuestro corte más clásico. Ni demasiado ajustado ni demasiado holgado. Diseñado para llevar sobre una capa de peso medio.</p>
<p>MATERIAL: Parte superior: poliamida 100% (en Atlantic, negro, azul Nilo). Material exterior: poliéster 100% (en todos los demás colores). Forro: 100% poliamida. Aislamiento: plumón de pato 80%, plumas de pato 20%.<br />
INSTRUCCIONES DE CUIDADO: Lavar a máquina<br />
TIPO DE PRODUCTO: Chaqueta de pluma<br />
OPTIK: Uni<br />
ESTILO: Deportivo<br />
AJUSTE: ceñido<br />
TIPO DE CIERRE: cremallera<br />
BOLSILLOS: bolsillos con cremallera<br />
CORONA/Capucha: Capucha<br />
CIERRE DEL SAUMAJE: Banda elástica<br />
LARGO TOTAL: Largo talla M aprox. 71 cm.</p>

<h3>Artikelmerkmale</h3>
<p>Estado del artículo: Nuevo con etiqueta: Artículo nuevo, sin usar y sin estrenar, en su embalaje original.</p>
<table border="0" frame="VOID" rules="NONE" cellspacing="0">
<colgroup>
<col width="116" />
<col width="107" /></colgroup>
<tbody>
<tr>
<td align="LEFT" width="116" height="17">Abteilung:</td>
<td align="LEFT" width="107">Herren</td>
</tr>
<tr>
<td align="LEFT" height="17">Aktivität:</td>
<td align="LEFT">Spazieren</td>
</tr>
<tr>
<td align="LEFT" height="17">Anlass:</td>
<td align="LEFT">Freizeit</td>
</tr>
<tr>
<td align="LEFT" height="17">Außenmaterial:</td>
<td align="LEFT">Poliamida</td>
</tr>
<tr>
<td align="LEFT" height="17">Características especiales:</td>
<td align="LEFT">Capó</td>
</tr>
<tr>
<td align="LEFT" height="17">Charakter:</td>
<td align="LEFT">ohne</td>
</tr>
<tr>
<td align="LEFT" height="17">EAN:</td>
<td align="LEFT">nicht zutreffend</td>
</tr>
<tr>
<td align="LEFT" height="17">Color:</td>
<td align="LEFT">Negro</td>
</tr>
<tr>
<td align="LEFT" height="17">Futtermaterial:</td>
<td align="LEFT">Poliéster</td>
</tr>
<tr>
<td align="LEFT" height="17">Gewebeart:</td>
<td align="LEFT">ohne Angabe</td>
</tr>
<tr>
<td align="LEFT" height="17">Größe:</td>
<td align="LEFT">M</td>
</tr>
<tr>
<td align="LEFT" height="17">Größenkategorie:</td>
<td align="LEFT">Normalgröße</td>
</tr>
<tr>
<td align="LEFT" height="17">Isoliermaterial:</td>
<td align="LEFT">Abajo</td>
</tr>
<tr>
<td align="LEFT" height="17">Jahreszeit:</td>
<td align="LEFT">Frühling, Herbst</td>
</tr>
<tr>
<td align="LEFT" height="17">Marke:</td>
<td align="LEFT">Eddie Bauer</td>
</tr>
<tr>
<td align="LEFT" height="17">Modell:</td>
<td align="LEFT">Eddie</td>
</tr>
<tr>
<td align="LEFT" height="17">Patrón:</td>
<td align="LEFT">Ohne Muster</td>
</tr>
<tr>
<td align="LEFT" height="17">Produktart:</td>
<td align="LEFT">Jacke</td>
</tr>
<tr>
<td align="LEFT" height="17">Stil:</td>
<td align="LEFT">Daunenjacke</td>
</tr>
<tr>
<td align="LEFT" height="17">Thema:</td>
<td align="LEFT">Klassisch</td>
</tr>
<tr>
<td align="LEFT" height="17">Verschluss:</td>
<td align="LEFT">Cierre de cremallera</td>
</tr>
<tr>
<td align="LEFT" height="17">Vintage:</td>
<td align="LEFT">Nein</td>
</tr>
</tbody>
</table>
