{"id":78863,"date":"2023-12-13T21:54:42","date_gmt":"2023-12-13T20:54:42","guid":{"rendered":"https:\/\/www.soanam.de\/?post_type=product&#038;p=78863"},"modified":"2023-12-13T21:56:39","modified_gmt":"2023-12-13T20:56:39","slug":"jeff-kinney-gregs-tagebuch-11-alles-kaese-gebundene-ausgabe-2016-deutsch","status":"publish","type":"product","link":"https:\/\/www.soanam.de\/es\/produkt\/jeff-kinney-gregs-tagebuch-11-alles-kaese-gebundene-ausgabe-2016-deutsch\/","title":{"rendered":"Jeff Kinney Gregs Tagebuch 11 \u201cAlles K\u00e4se\u201d Gebundene Ausgabe 2016 Deutsch"},"content":{"rendered":"<h3>Descripci\u00f3n del producto<\/h3>\n<p>Greg steht m\u00e4chtig unter Druck. Seine Mom m\u00f6chte unbedingt, dass er sich ein Hobby sucht, um \"seinen Horizont zu erweitern\". Aber das Einzige, was Greg wirklich gut kann, ist Videospiele spielen. So ein K\u00e4se! Doch als Greg im Keller eine alte Videokamera findet, hat er die Idee: Zusammen mit seinem besten Freund Rupert will er einen Horrorfilm drehen und allen beweisen, was f\u00fcr ein gro\u00dfes Talent in ihm steckt. Sein Ziel: eines Tages reich und ber\u00fchmt zu werden. Aber ob der Plan wirklich aufgeht?<\/p>\n<p><strong>Detalles del producto<\/strong><br \/>\nHerausgeber \u200f : \u200e Baumhaus<br \/>\nErscheinungsjahr : 2016<br \/>\nIdioma : Alem\u00e1n<br \/>\nEncuadernaci\u00f3n : Tapa dura<br \/>\nSeitenzahl \u200f : \u200e 224 Seiten<br \/>\nAltersempfehlung : 10-12 Jahre<br \/>\nOriginaltitel : Diary of a Wimpy Kid 11<br \/>\nISBN-13 \u200f : \u200e 9783833936524<br \/>\nIlustraciones : con ilustraciones interiores en blanco y negro<br \/>\nArtikelgewicht \u200f : \u200e 348 g<br \/>\nMa\u00dfe (L\/B\/H)\u200f : \u200e 20,2 x 13,8 x 2,6 cm<\/p>","protected":false},"excerpt":{"rendered":"<h3>Artikelmerkmale<\/h3>\n<p>Artikelzustand: Neu - Neues, ungelesenes, ungebrauchtes Buch in makellosem Zustand<\/p>\n<table dir=\"ltr\" border=\"1\" cellspacing=\"0\" cellpadding=\"0\">\n<colgroup>\n<col width=\"203\" \/>\n<col width=\"202\" \/><\/colgroup>\n<tbody>\n<tr>\n<td data-sheets-value=\"{&quot;1&quot;:2,&quot;2&quot;:&quot;Autor:&quot;}\">Autor:<\/td>\n<td data-sheets-value=\"{&quot;1&quot;:2,&quot;2&quot;:&quot;Jeff Kinney&quot;}\">Jeff Kinney<\/td>\n<\/tr>\n<tr>\n<td data-sheets-value=\"{&quot;1&quot;:2,&quot;2&quot;:&quot;Besonderheiten:&quot;}\">Caracter\u00edsticas especiales:<\/td>\n<td data-sheets-value=\"{&quot;1&quot;:2,&quot;2&quot;:&quot;Illustriert&quot;}\">Illustriert<\/td>\n<\/tr>\n<tr>\n<td data-sheets-value=\"{&quot;1&quot;:2,&quot;2&quot;:&quot;Buchreihe:&quot;}\">Buchreihe:<\/td>\n<td data-sheets-value=\"{&quot;1&quot;:2,&quot;2&quot;:&quot;Gregs Tagebuch&quot;}\">Gregs Tagebuch<\/td>\n<\/tr>\n<tr>\n<td data-sheets-value=\"{&quot;1&quot;:2,&quot;2&quot;:&quot;Buchtitel:&quot;}\">Buchtitel:<\/td>\n<td data-sheets-value=\"{&quot;1&quot;:2,&quot;2&quot;:&quot;Gregs Tagebuch 11 \u201cAlles K\u00e4se\u201d&quot;}\">Gregs Tagebuch 11 \u201cAlles K\u00e4se\u201d<\/td>\n<\/tr>\n<tr>\n<td data-sheets-value=\"{&quot;1&quot;:2,&quot;2&quot;:&quot;Erscheinungsjahr:&quot;}\">Erscheinungsjahr:<\/td>\n<td data-sheets-value=\"{&quot;1&quot;:3,&quot;3&quot;:2016}\">2016<\/td>\n<\/tr>\n<tr>\n<td data-sheets-value=\"{&quot;1&quot;:2,&quot;2&quot;:&quot;Format:&quot;}\">Format:<\/td>\n<td data-sheets-value=\"{&quot;1&quot;:2,&quot;2&quot;:&quot;Gebundene Ausgabe&quot;}\">Edici\u00f3n de tapa dura<\/td>\n<\/tr>\n<tr>\n<td data-sheets-value=\"{&quot;1&quot;:2,&quot;2&quot;:&quot;Genre:&quot;}\">Genre:<\/td>\n<td data-sheets-value=\"{&quot;1&quot;:2,&quot;2&quot;:&quot;Kinder- &amp; Jugendliteratur&quot;}\">Kinder- &amp; Jugendliteratur<\/td>\n<\/tr>\n<tr>\n<td data-sheets-value=\"{&quot;1&quot;:2,&quot;2&quot;:&quot;Herstellungsland und -region:&quot;}\">Herstellungsland und -region:<\/td>\n<td data-sheets-value=\"{&quot;1&quot;:2,&quot;2&quot;:&quot;Deutschland&quot;}\">Alemania<\/td>\n<\/tr>\n<tr>\n<td data-sheets-value=\"{&quot;1&quot;:2,&quot;2&quot;:&quot;ISBN:&quot;}\">ISBN:<\/td>\n<td data-sheets-value=\"{&quot;1&quot;:3,&quot;3&quot;:9783833936524}\">9783833936524<\/td>\n<\/tr>\n<tr>\n<td data-sheets-value=\"{&quot;1&quot;:2,&quot;2&quot;:&quot;Literarische Gattung:&quot;}\">Literarische Gattung:<\/td>\n<td data-sheets-value=\"{&quot;1&quot;:2,&quot;2&quot;:&quot;Belletristik&quot;}\">Belletristik<\/td>\n<\/tr>\n<tr>\n<td data-sheets-value=\"{&quot;1&quot;:2,&quot;2&quot;:&quot;Produktart:&quot;}\">Produktart:<\/td>\n<td data-sheets-value=\"{&quot;1&quot;:2,&quot;2&quot;:&quot;Comic-Roman&quot;}\">Comic-Roman<\/td>\n<\/tr>\n<tr>\n<td data-sheets-value=\"{&quot;1&quot;:2,&quot;2&quot;:&quot;Sprache:&quot;}\">Sprache:<\/td>\n<td data-sheets-value=\"{&quot;1&quot;:2,&quot;2&quot;:&quot;Deutsch&quot;}\">Alem\u00e1n<\/td>\n<\/tr>\n<tr>\n<td data-sheets-value=\"{&quot;1&quot;:2,&quot;2&quot;:&quot;Thematik:&quot;}\">Thematik:<\/td>\n<td data-sheets-value=\"{&quot;1&quot;:2,&quot;2&quot;:&quot;Abenteuergeschichten&quot;}\">Abenteuergeschichten<\/td>\n<\/tr>\n<tr>\n<td data-sheets-value=\"{&quot;1&quot;:2,&quot;2&quot;:&quot;Verlag:&quot;}\">Verlag:<\/td>\n<td data-sheets-value=\"{&quot;1&quot;:2,&quot;2&quot;:&quot;Baumhaus&quot;}\">Baumhaus<\/td>\n<\/tr>\n<tr>\n<td data-sheets-value=\"{&quot;1&quot;:2,&quot;2&quot;:&quot;Zielgruppe:&quot;}\">Zielgruppe:<\/td>\n<td data-sheets-value=\"{&quot;1&quot;:2,&quot;2&quot;:&quot;9-12 Jahre&quot;}\">10-12 Jahre<\/td>\n<\/tr>\n<\/tbody>\n<\/table>\n<p>&nbsp;<\/p>","protected":false},"featured_media":78954,"comment_status":"open","ping_status":"closed","template":"","meta":{"_seopress_robots_primary_cat":"","_seopress_titles_title":"","_seopress_titles_desc":"","_seopress_robots_index":""},"product_brand":[],"product_cat":[1428,1429,1431,1441,1493],"product_tag":[],"class_list":{"0":"post-78863","1":"product","2":"type-product","3":"status-publish","4":"has-post-thumbnail","6":"product_cat-buecher","7":"product_cat-jugend","8":"product_cat-kinder","9":"product_cat-geschichten","10":"product_cat-comics","11":"product_shipping_class-standard-versand","13":"first","14":"instock","15":"taxable","16":"shipping-taxable","17":"purchasable","18":"product-type-simple"},"_links":{"self":[{"href":"https:\/\/www.soanam.de\/es\/wp-json\/wp\/v2\/product\/78863","targetHints":{"allow":["GET"]}}],"collection":[{"href":"https:\/\/www.soanam.de\/es\/wp-json\/wp\/v2\/product"}],"about":[{"href":"https:\/\/www.soanam.de\/es\/wp-json\/wp\/v2\/types\/product"}],"replies":[{"embeddable":true,"href":"https:\/\/www.soanam.de\/es\/wp-json\/wp\/v2\/comments?post=78863"}],"wp:featuredmedia":[{"embeddable":true,"href":"https:\/\/www.soanam.de\/es\/wp-json\/wp\/v2\/media\/78954"}],"wp:attachment":[{"href":"https:\/\/www.soanam.de\/es\/wp-json\/wp\/v2\/media?parent=78863"}],"wp:term":[{"taxonomy":"product_brand","embeddable":true,"href":"https:\/\/www.soanam.de\/es\/wp-json\/wp\/v2\/product_brand?post=78863"},{"taxonomy":"product_cat","embeddable":true,"href":"https:\/\/www.soanam.de\/es\/wp-json\/wp\/v2\/product_cat?post=78863"},{"taxonomy":"product_tag","embeddable":true,"href":"https:\/\/www.soanam.de\/es\/wp-json\/wp\/v2\/product_tag?post=78863"}],"curies":[{"name":"wp","href":"https:\/\/api.w.org\/{rel}","templated":true}]}}

Jeff Kinney Gregs Tagebuch 11 “Alles Käse” Gebundene Ausgabe 2016 Deutsch

<h3>Descripción del producto</h3>
<p>Greg steht mächtig unter Druck. Seine Mom möchte unbedingt, dass er sich ein Hobby sucht, um "seinen Horizont zu erweitern". Aber das Einzige, was Greg wirklich gut kann, ist Videospiele spielen. So ein Käse! Doch als Greg im Keller eine alte Videokamera findet, hat er die Idee: Zusammen mit seinem besten Freund Rupert will er einen Horrorfilm drehen und allen beweisen, was für ein großes Talent in ihm steckt. Sein Ziel: eines Tages reich und berühmt zu werden. Aber ob der Plan wirklich aufgeht?</p>
<p><strong>Detalles del producto</strong><br />
Herausgeber ‏ : ‎ Baumhaus<br />
Erscheinungsjahr : 2016<br />
Idioma : Alemán<br />
Encuadernación : Tapa dura<br />
Seitenzahl ‏ : ‎ 224 Seiten<br />
Altersempfehlung : 10-12 Jahre<br />
Originaltitel : Diary of a Wimpy Kid 11<br />
ISBN-13 ‏ : ‎ 9783833936524<br />
Ilustraciones : con ilustraciones interiores en blanco y negro<br />
Artikelgewicht ‏ : ‎ 348 g<br />
Maße (L/B/H)‏ : ‎ 20,2 x 13,8 x 2,6 cm</p>

<h3>Artikelmerkmale</h3>
<p>Artikelzustand: Neu - Neues, ungelesenes, ungebrauchtes Buch in makellosem Zustand</p>
<table dir="ltr" border="1" cellspacing="0" cellpadding="0">
<colgroup>
<col width="203" />
<col width="202" /></colgroup>
<tbody>
<tr>
<td data-sheets-value="{&quot;1&quot;:2,&quot;2&quot;:&quot;Autor:&quot;}">Autor:</td>
<td data-sheets-value="{&quot;1&quot;:2,&quot;2&quot;:&quot;Jeff Kinney&quot;}">Jeff Kinney</td>
</tr>
<tr>
<td data-sheets-value="{&quot;1&quot;:2,&quot;2&quot;:&quot;Besonderheiten:&quot;}">Características especiales:</td>
<td data-sheets-value="{&quot;1&quot;:2,&quot;2&quot;:&quot;Illustriert&quot;}">Illustriert</td>
</tr>
<tr>
<td data-sheets-value="{&quot;1&quot;:2,&quot;2&quot;:&quot;Buchreihe:&quot;}">Buchreihe:</td>
<td data-sheets-value="{&quot;1&quot;:2,&quot;2&quot;:&quot;Gregs Tagebuch&quot;}">Gregs Tagebuch</td>
</tr>
<tr>
<td data-sheets-value="{&quot;1&quot;:2,&quot;2&quot;:&quot;Buchtitel:&quot;}">Buchtitel:</td>
<td data-sheets-value="{&quot;1&quot;:2,&quot;2&quot;:&quot;Gregs Tagebuch 11 “Alles Käse”&quot;}">Gregs Tagebuch 11 “Alles Käse”</td>
</tr>
<tr>
<td data-sheets-value="{&quot;1&quot;:2,&quot;2&quot;:&quot;Erscheinungsjahr:&quot;}">Erscheinungsjahr:</td>
<td data-sheets-value="{&quot;1&quot;:3,&quot;3&quot;:2016}">2016</td>
</tr>
<tr>
<td data-sheets-value="{&quot;1&quot;:2,&quot;2&quot;:&quot;Format:&quot;}">Format:</td>
<td data-sheets-value="{&quot;1&quot;:2,&quot;2&quot;:&quot;Gebundene Ausgabe&quot;}">Edición de tapa dura</td>
</tr>
<tr>
<td data-sheets-value="{&quot;1&quot;:2,&quot;2&quot;:&quot;Genre:&quot;}">Genre:</td>
<td data-sheets-value="{&quot;1&quot;:2,&quot;2&quot;:&quot;Kinder- &amp; Jugendliteratur&quot;}">Kinder- &amp; Jugendliteratur</td>
</tr>
<tr>
<td data-sheets-value="{&quot;1&quot;:2,&quot;2&quot;:&quot;Herstellungsland und -region:&quot;}">Herstellungsland und -region:</td>
<td data-sheets-value="{&quot;1&quot;:2,&quot;2&quot;:&quot;Deutschland&quot;}">Alemania</td>
</tr>
<tr>
<td data-sheets-value="{&quot;1&quot;:2,&quot;2&quot;:&quot;ISBN:&quot;}">ISBN:</td>
<td data-sheets-value="{&quot;1&quot;:3,&quot;3&quot;:9783833936524}">9783833936524</td>
</tr>
<tr>
<td data-sheets-value="{&quot;1&quot;:2,&quot;2&quot;:&quot;Literarische Gattung:&quot;}">Literarische Gattung:</td>
<td data-sheets-value="{&quot;1&quot;:2,&quot;2&quot;:&quot;Belletristik&quot;}">Belletristik</td>
</tr>
<tr>
<td data-sheets-value="{&quot;1&quot;:2,&quot;2&quot;:&quot;Produktart:&quot;}">Produktart:</td>
<td data-sheets-value="{&quot;1&quot;:2,&quot;2&quot;:&quot;Comic-Roman&quot;}">Comic-Roman</td>
</tr>
<tr>
<td data-sheets-value="{&quot;1&quot;:2,&quot;2&quot;:&quot;Sprache:&quot;}">Sprache:</td>
<td data-sheets-value="{&quot;1&quot;:2,&quot;2&quot;:&quot;Deutsch&quot;}">Alemán</td>
</tr>
<tr>
<td data-sheets-value="{&quot;1&quot;:2,&quot;2&quot;:&quot;Thematik:&quot;}">Thematik:</td>
<td data-sheets-value="{&quot;1&quot;:2,&quot;2&quot;:&quot;Abenteuergeschichten&quot;}">Abenteuergeschichten</td>
</tr>
<tr>
<td data-sheets-value="{&quot;1&quot;:2,&quot;2&quot;:&quot;Verlag:&quot;}">Verlag:</td>
<td data-sheets-value="{&quot;1&quot;:2,&quot;2&quot;:&quot;Baumhaus&quot;}">Baumhaus</td>
</tr>
<tr>
<td data-sheets-value="{&quot;1&quot;:2,&quot;2&quot;:&quot;Zielgruppe:&quot;}">Zielgruppe:</td>
<td data-sheets-value="{&quot;1&quot;:2,&quot;2&quot;:&quot;9-12 Jahre&quot;}">10-12 Jahre</td>
</tr>
</tbody>
</table>
<p>&nbsp;</p>
