{"id":78860,"date":"2023-12-13T21:54:41","date_gmt":"2023-12-13T20:54:41","guid":{"rendered":"https:\/\/www.soanam.de\/?post_type=product&#038;p=78860"},"modified":"2023-12-13T21:56:30","modified_gmt":"2023-12-13T20:56:30","slug":"chaqueta-de-pluma-s-oliver-chaqueta-acolchada-con-cuello-chal-en-negro-talla-38","status":"publish","type":"product","link":"https:\/\/www.soanam.de\/es\/produkt\/s-oliver-daunenjacke-steppjacke-mit-schalkragen-in-schwarz-gr-38\/","title":{"rendered":"S.Oliver chaqueta de pluma, chaqueta acolchada, con cuello chal en negro talla 38"},"content":{"rendered":"<h3>Descripci\u00f3n de la<\/h3>\n<p>Informaci\u00f3n sobre el producto<\/p>\n<p>Chaqueta larga acolchada con aspecto de seda mate<br \/>\nCuello chal desmontable a tono<br \/>\nCremallera con bot\u00f3n de presi\u00f3n adicional<br \/>\ndetalles decorativos de cremallera en los laterales<br \/>\nDos bolsillos abiertos con suave forro polar<br \/>\ncorte ce\u00f1ido; longitud de la espalda en la talla 36 aprox. 79 cm<br \/>\nTejido de nailon suave de alta calidad con relleno de plum\u00f3n y plumas termorregulador; alto grado de calidez para los d\u00edas fr\u00edos<br \/>\nMaterial exterior: poli\u00e9ster 100%; forro: poli\u00e9ster 100%; material de relleno: plum\u00f3n 90%, plumas 10%; contiene partes no textiles de origen animal (plum\u00f3n y plumas).<\/p>","protected":false},"excerpt":{"rendered":"<p>Artikelmerkmale<\/p>\n<p>Estado del art\u00edculo: Nuevo con etiqueta: Art\u00edculo nuevo, sin usar y sin estrenar, en su embalaje original.<\/p>\n<table style=\"height: 647px;\" border=\"0\" width=\"370\" frame=\"VOID\" rules=\"NONE\" cellspacing=\"0\">\n<colgroup>\n<col width=\"137\" \/>\n<col width=\"138\" \/><\/colgroup>\n<tbody>\n<tr>\n<td align=\"LEFT\" width=\"137\" height=\"17\">Abteilung:<\/td>\n<td align=\"LEFT\" width=\"138\">Damen<\/td>\n<\/tr>\n<tr>\n<td align=\"LEFT\" height=\"17\">Akzente:<\/td>\n<td align=\"LEFT\">Gesteppt<\/td>\n<\/tr>\n<tr>\n<td align=\"LEFT\" height=\"17\">Anlass:<\/td>\n<td align=\"LEFT\">Outdoor<\/td>\n<\/tr>\n<tr>\n<td align=\"LEFT\" height=\"17\">Au\u00dfenmaterial:<\/td>\n<td align=\"LEFT\">Poli\u00e9ster<\/td>\n<\/tr>\n<tr>\n<td align=\"LEFT\" height=\"17\">Caracter\u00edsticas especiales:<\/td>\n<td align=\"LEFT\">Abnehmbare Kapuze<\/td>\n<\/tr>\n<tr>\n<td align=\"LEFT\" height=\"17\">Charakter:<\/td>\n<td align=\"LEFT\">ohne<\/td>\n<\/tr>\n<tr>\n<td align=\"LEFT\" height=\"17\">EAN:<\/td>\n<td align=\"LEFT\">Nicht zutreffend<\/td>\n<\/tr>\n<tr>\n<td align=\"LEFT\" height=\"17\">Color:<\/td>\n<td align=\"LEFT\">Mauve<\/td>\n<\/tr>\n<tr>\n<td align=\"LEFT\" height=\"17\">Futtermaterial:<\/td>\n<td align=\"LEFT\">Poli\u00e9ster<\/td>\n<\/tr>\n<tr>\n<td align=\"LEFT\" height=\"17\">Gewebeart:<\/td>\n<td align=\"LEFT\">ohne Angabe<\/td>\n<\/tr>\n<tr>\n<td align=\"LEFT\" height=\"17\">Gr\u00f6\u00dfe:<\/td>\n<td align=\"LEFT\">38<\/td>\n<\/tr>\n<tr>\n<td align=\"LEFT\" height=\"17\">Gr\u00f6\u00dfenkategorie:<\/td>\n<td align=\"LEFT\">Normalgr\u00f6\u00dfe<\/td>\n<\/tr>\n<tr>\n<td align=\"LEFT\" height=\"17\">Isoliermaterial:<\/td>\n<td align=\"LEFT\">Poli\u00e9ster<\/td>\n<\/tr>\n<tr>\n<td align=\"LEFT\" height=\"17\">Jacken-\/Mantell\u00e4nge:<\/td>\n<td align=\"LEFT\">Halblang<\/td>\n<\/tr>\n<tr>\n<td align=\"LEFT\" height=\"17\">Jahreszeit:<\/td>\n<td align=\"LEFT\">Herbst, Winter<\/td>\n<\/tr>\n<tr>\n<td align=\"LEFT\" height=\"17\">Marke:<\/td>\n<td align=\"LEFT\">Sealand<\/td>\n<\/tr>\n<tr>\n<td align=\"LEFT\" height=\"17\">Modell:<\/td>\n<td align=\"LEFT\">ohne Angabe<\/td>\n<\/tr>\n<tr>\n<td align=\"LEFT\" height=\"17\">Patr\u00f3n:<\/td>\n<td align=\"LEFT\">Ohne Muster<\/td>\n<\/tr>\n<tr>\n<td align=\"LEFT\" height=\"17\">Produktart:<\/td>\n<td align=\"LEFT\">Jacke<\/td>\n<\/tr>\n<tr>\n<td align=\"LEFT\" height=\"17\">Stil:<\/td>\n<td align=\"LEFT\">Steppjacke<\/td>\n<\/tr>\n<tr>\n<td align=\"LEFT\" height=\"17\">Thema:<\/td>\n<td align=\"LEFT\">Outdoor<\/td>\n<\/tr>\n<tr>\n<td align=\"LEFT\" height=\"17\">Verschluss:<\/td>\n<td align=\"LEFT\">Cierre de cremallera<\/td>\n<\/tr>\n<tr>\n<td align=\"LEFT\" height=\"17\">Vintage:<\/td>\n<td align=\"LEFT\">Nein<\/td>\n<\/tr>\n<\/tbody>\n<\/table>","protected":false},"featured_media":78948,"comment_status":"open","ping_status":"closed","template":"","meta":{"_seopress_robots_primary_cat":"","_seopress_titles_title":"","_seopress_titles_desc":"","_seopress_robots_index":""},"product_brand":[],"product_cat":[1348,1354,1375,1376],"product_tag":[],"class_list":{"0":"post-78860","1":"product","2":"type-product","3":"status-publish","4":"has-post-thumbnail","6":"product_cat-damen-mode","7":"product_cat-jacken-maentel","8":"product_cat-winterjacken","9":"product_cat-daunenjacken-steppjacken","10":"product_shipping_class-standard-versand","12":"first","13":"instock","14":"sale","15":"taxable","16":"shipping-taxable","17":"purchasable","18":"product-type-simple"},"_links":{"self":[{"href":"https:\/\/www.soanam.de\/es\/wp-json\/wp\/v2\/product\/78860","targetHints":{"allow":["GET"]}}],"collection":[{"href":"https:\/\/www.soanam.de\/es\/wp-json\/wp\/v2\/product"}],"about":[{"href":"https:\/\/www.soanam.de\/es\/wp-json\/wp\/v2\/types\/product"}],"replies":[{"embeddable":true,"href":"https:\/\/www.soanam.de\/es\/wp-json\/wp\/v2\/comments?post=78860"}],"wp:featuredmedia":[{"embeddable":true,"href":"https:\/\/www.soanam.de\/es\/wp-json\/wp\/v2\/media\/78948"}],"wp:attachment":[{"href":"https:\/\/www.soanam.de\/es\/wp-json\/wp\/v2\/media?parent=78860"}],"wp:term":[{"taxonomy":"product_brand","embeddable":true,"href":"https:\/\/www.soanam.de\/es\/wp-json\/wp\/v2\/product_brand?post=78860"},{"taxonomy":"product_cat","embeddable":true,"href":"https:\/\/www.soanam.de\/es\/wp-json\/wp\/v2\/product_cat?post=78860"},{"taxonomy":"product_tag","embeddable":true,"href":"https:\/\/www.soanam.de\/es\/wp-json\/wp\/v2\/product_tag?post=78860"}],"curies":[{"name":"wp","href":"https:\/\/api.w.org\/{rel}","templated":true}]}}

<h3>Descripción de la</h3>
<p>Información sobre el producto</p>
<p>Chaqueta larga acolchada con aspecto de seda mate<br />
Cuello chal desmontable a tono<br />
Cremallera con botón de presión adicional<br />
detalles decorativos de cremallera en los laterales<br />
Dos bolsillos abiertos con suave forro polar<br />
corte ceñido; longitud de la espalda en la talla 36 aprox. 79 cm<br />
Tejido de nailon suave de alta calidad con relleno de plumón y plumas termorregulador; alto grado de calidez para los días fríos<br />
Material exterior: poliéster 100%; forro: poliéster 100%; material de relleno: plumón 90%, plumas 10%; contiene partes no textiles de origen animal (plumón y plumas).</p>

<p>Artikelmerkmale</p>
<p>Estado del artículo: Nuevo con etiqueta: Artículo nuevo, sin usar y sin estrenar, en su embalaje original.</p>
<table style="height: 647px;" border="0" width="370" frame="VOID" rules="NONE" cellspacing="0">
<colgroup>
<col width="137" />
<col width="138" /></colgroup>
<tbody>
<tr>
<td align="LEFT" width="137" height="17">Abteilung:</td>
<td align="LEFT" width="138">Damen</td>
</tr>
<tr>
<td align="LEFT" height="17">Akzente:</td>
<td align="LEFT">Gesteppt</td>
</tr>
<tr>
<td align="LEFT" height="17">Anlass:</td>
<td align="LEFT">Outdoor</td>
</tr>
<tr>
<td align="LEFT" height="17">Außenmaterial:</td>
<td align="LEFT">Poliéster</td>
</tr>
<tr>
<td align="LEFT" height="17">Características especiales:</td>
<td align="LEFT">Abnehmbare Kapuze</td>
</tr>
<tr>
<td align="LEFT" height="17">Charakter:</td>
<td align="LEFT">ohne</td>
</tr>
<tr>
<td align="LEFT" height="17">EAN:</td>
<td align="LEFT">Nicht zutreffend</td>
</tr>
<tr>
<td align="LEFT" height="17">Color:</td>
<td align="LEFT">Mauve</td>
</tr>
<tr>
<td align="LEFT" height="17">Futtermaterial:</td>
<td align="LEFT">Poliéster</td>
</tr>
<tr>
<td align="LEFT" height="17">Gewebeart:</td>
<td align="LEFT">ohne Angabe</td>
</tr>
<tr>
<td align="LEFT" height="17">Größe:</td>
<td align="LEFT">38</td>
</tr>
<tr>
<td align="LEFT" height="17">Größenkategorie:</td>
<td align="LEFT">Normalgröße</td>
</tr>
<tr>
<td align="LEFT" height="17">Isoliermaterial:</td>
<td align="LEFT">Poliéster</td>
</tr>
<tr>
<td align="LEFT" height="17">Jacken-/Mantellänge:</td>
<td align="LEFT">Halblang</td>
</tr>
<tr>
<td align="LEFT" height="17">Jahreszeit:</td>
<td align="LEFT">Herbst, Winter</td>
</tr>
<tr>
<td align="LEFT" height="17">Marke:</td>
<td align="LEFT">Sealand</td>
</tr>
<tr>
<td align="LEFT" height="17">Modell:</td>
<td align="LEFT">ohne Angabe</td>
</tr>
<tr>
<td align="LEFT" height="17">Patrón:</td>
<td align="LEFT">Ohne Muster</td>
</tr>
<tr>
<td align="LEFT" height="17">Produktart:</td>
<td align="LEFT">Jacke</td>
</tr>
<tr>
<td align="LEFT" height="17">Stil:</td>
<td align="LEFT">Steppjacke</td>
</tr>
<tr>
<td align="LEFT" height="17">Thema:</td>
<td align="LEFT">Outdoor</td>
</tr>
<tr>
<td align="LEFT" height="17">Verschluss:</td>
<td align="LEFT">Cierre de cremallera</td>
</tr>
<tr>
<td align="LEFT" height="17">Vintage:</td>
<td align="LEFT">Nein</td>
</tr>
</tbody>
</table>
