{"id":78606,"date":"2023-12-13T21:22:53","date_gmt":"2023-12-13T20:22:53","guid":{"rendered":"https:\/\/www.soanam.de\/?post_type=product&#038;p=78606"},"modified":"2023-12-13T21:25:06","modified_gmt":"2023-12-13T20:25:06","slug":"anna-boehm-no-christmas-without-pudding-shoes-edicion-tapa-dura-aleman-2019","status":"publish","type":"product","link":"https:\/\/www.soanam.de\/es\/produkt\/anna-boehm-kein-weihnachten-ohne-puddingschuhe-gebundene-ausgabe-deutsch-2019\/","title":{"rendered":"Anna B\u00f6hm \"\u00a1No hay Navidad sin zapatos de pudding!\". Edici\u00f3n de tapa dura alem\u00e1n 2019"},"content":{"rendered":"<h3>Descripci\u00f3n del producto<\/h3>\n<p>Einschweins erstes Weihnachten soll besonders toll werden! Doch kaum haben Emmi und Einschwein ihren Wunschzettel abgeschickt, kriegen sie ihn korrigiert zur\u00fcck. Was ist blo\u00df mit Wunschzettel-Wichtel Wuschel los? Er ist spurlos verschwunden, und die anderen Wichtel sind ganz aufgeregt deswegen. Auch Einschwein sorgt sich um Wuschel und zaubert im ung\u00fcnstigsten Moment Puddingschuhe. Mutig setzt Emmi alles daran, damit Einschwein trotz allem sein fabelhaftes erstes Weihnachten bekommt!<\/p>\n<p>Das Buch ist in 24 Kapitel unterteilt und kann auch wie ein Adventskalender gelesen werden.<\/p>\n<p><strong>Detalles del producto<\/strong><br \/>\nHerausgeber \u200f : \u200e Oetinger Friedrich GmbH<br \/>\nReihe : Emmi und Einschwein, Band 4<br \/>\nIllustrator : Susanne G\u00f6hlich<br \/>\nA\u00f1o de publicaci\u00f3n : 2019<br \/>\nIdioma : Alem\u00e1n<br \/>\nEncuadernaci\u00f3n : Tapa dura<br \/>\nSeitenzahl \u200f : \u200e 208 Seiten<br \/>\nISBN-10 \u200f : \u200e 3789113751<br \/>\nISBN-13 \u200f : \u200e 978-3789113758<br \/>\nIlustraciones : con ilustraciones interiores en blanco y negro<br \/>\nEdad recomendada : 8 - 10 a\u00f1os<br \/>\nAuflage : 2<br \/>\nArtikelgewicht \u200f : \u200e 428 g<br \/>\nAbmessungen \u200f : \u200e 15.5 x 2.5 x 21.9 cm<\/p>","protected":false},"excerpt":{"rendered":"<h3>Artikelmerkmale<\/h3>\n<p>Artikelzustand: Neu - Neues, ungelesenes, ungebrauchtes Buch in makellosem Zustand<\/p>\n<table dir=\"ltr\" style=\"height: 497px;\" border=\"1\" width=\"454\" cellspacing=\"0\" cellpadding=\"0\">\n<colgroup>\n<col width=\"203\" \/>\n<col width=\"426\" \/><\/colgroup>\n<tbody>\n<tr>\n<td data-sheets-value=\"{&quot;1&quot;:2,&quot;2&quot;:&quot;Anzahl der Seiten:&quot;}\">Anzahl der Seiten:<\/td>\n<td data-sheets-value=\"{&quot;1&quot;:2,&quot;2&quot;:&quot;239 Seiten&quot;}\">239 Seiten<\/td>\n<\/tr>\n<tr>\n<td data-sheets-value=\"{&quot;1&quot;:2,&quot;2&quot;:&quot;Autor:&quot;}\">Autor:<\/td>\n<td data-sheets-value=\"{&quot;1&quot;:2,&quot;2&quot;:&quot;Anna B\u00f6hm&quot;}\">Anna B\u00f6hm<\/td>\n<\/tr>\n<tr>\n<td data-sheets-value=\"{&quot;1&quot;:2,&quot;2&quot;:&quot;Besonderheiten:&quot;}\">Caracter\u00edsticas especiales:<\/td>\n<td data-sheets-value=\"{&quot;1&quot;:2,&quot;2&quot;:&quot;Illustriert&quot;}\">Illustriert<\/td>\n<\/tr>\n<tr>\n<td data-sheets-value=\"{&quot;1&quot;:2,&quot;2&quot;:&quot;Buchreihe:&quot;}\">Buchreihe:<\/td>\n<td data-sheets-value=\"{&quot;1&quot;:2,&quot;2&quot;:&quot;Emmi &amp; Einschwein&quot;}\">Emmi &amp; Einschwein<\/td>\n<\/tr>\n<tr>\n<td data-sheets-value=\"{&quot;1&quot;:2,&quot;2&quot;:&quot;Buchtitel:&quot;}\">Buchtitel:<\/td>\n<td data-sheets-value=\"{&quot;1&quot;:2,&quot;2&quot;:&quot;Emmi und Einschwein 4. Kein Weihnachten ohne Puddingschuhe!&quot;}\">Emmi und Einschwein 4. Kein Weihnachten ohne Puddingschuhe!<\/td>\n<\/tr>\n<tr>\n<td data-sheets-value=\"{&quot;1&quot;:2,&quot;2&quot;:&quot;Erscheinungsjahr:&quot;}\">Erscheinungsjahr:<\/td>\n<td data-sheets-value=\"{&quot;1&quot;:3,&quot;3&quot;:2019}\">2019<\/td>\n<\/tr>\n<tr>\n<td data-sheets-value=\"{&quot;1&quot;:2,&quot;2&quot;:&quot;Format:&quot;}\">Format:<\/td>\n<td data-sheets-value=\"{&quot;1&quot;:2,&quot;2&quot;:&quot;Gebundene Ausgabe&quot;}\">Edici\u00f3n de tapa dura<\/td>\n<\/tr>\n<tr>\n<td data-sheets-value=\"{&quot;1&quot;:2,&quot;2&quot;:&quot;Genre:&quot;}\">Genre:<\/td>\n<td data-sheets-value=\"{&quot;1&quot;:2,&quot;2&quot;:&quot;Kinder- &amp; Jugendliteratur&quot;}\">Kinder- &amp; Jugendliteratur<\/td>\n<\/tr>\n<tr>\n<td data-sheets-value=\"{&quot;1&quot;:2,&quot;2&quot;:&quot;Herstellungsland und -region:&quot;}\">Herstellungsland und -region:<\/td>\n<td data-sheets-value=\"{&quot;1&quot;:2,&quot;2&quot;:&quot;Deutschland&quot;}\">Alemania<\/td>\n<\/tr>\n<tr>\n<td data-sheets-value=\"{&quot;1&quot;:2,&quot;2&quot;:&quot;Illustrator:&quot;}\">Illustrator:<\/td>\n<td data-sheets-value=\"{&quot;1&quot;:2,&quot;2&quot;:&quot;Susanne G\u00f6hlich&quot;}\">Susanne G\u00f6hlich<\/td>\n<\/tr>\n<tr>\n<td data-sheets-value=\"{&quot;1&quot;:2,&quot;2&quot;:&quot;ISBN:&quot;}\">ISBN:<\/td>\n<td data-sheets-value=\"{&quot;1&quot;:3,&quot;3&quot;:9783789113758}\">9783789113758<\/td>\n<\/tr>\n<tr>\n<td data-sheets-value=\"{&quot;1&quot;:2,&quot;2&quot;:&quot;Literarische Gattung:&quot;}\">Literarische Gattung:<\/td>\n<td data-sheets-value=\"{&quot;1&quot;:2,&quot;2&quot;:&quot;Belletristik&quot;}\">Belletristik<\/td>\n<\/tr>\n<tr>\n<td data-sheets-value=\"{&quot;1&quot;:2,&quot;2&quot;:&quot;Produktart:&quot;}\">Produktart:<\/td>\n<td data-sheets-value=\"{&quot;1&quot;:2,&quot;2&quot;:&quot;Kinderbuch&quot;}\">Kinderbuch<\/td>\n<\/tr>\n<tr>\n<td data-sheets-value=\"{&quot;1&quot;:2,&quot;2&quot;:&quot;Sprache:&quot;}\">Sprache:<\/td>\n<td data-sheets-value=\"{&quot;1&quot;:2,&quot;2&quot;:&quot;Deutsch&quot;}\">Alem\u00e1n<\/td>\n<\/tr>\n<tr>\n<td data-sheets-value=\"{&quot;1&quot;:2,&quot;2&quot;:&quot;Thematik:&quot;}\">Thematik:<\/td>\n<td data-sheets-value=\"{&quot;1&quot;:2,&quot;2&quot;:&quot;Weihnachten&quot;}\">Weihnachten<\/td>\n<\/tr>\n<tr>\n<td data-sheets-value=\"{&quot;1&quot;:2,&quot;2&quot;:&quot;Verlag:&quot;}\">Verlag:<\/td>\n<td data-sheets-value=\"{&quot;1&quot;:2,&quot;2&quot;:&quot;Verlag Friedrich Oetinger Gmbh, Oetinger Friedrich Gmbh&quot;}\">Verlag Friedrich Oetinger Gmbh, Oetinger Friedrich Gmbh<\/td>\n<\/tr>\n<tr>\n<td data-sheets-value=\"{&quot;1&quot;:2,&quot;2&quot;:&quot;Zielgruppe:&quot;}\">Zielgruppe:<\/td>\n<td data-sheets-value=\"{&quot;1&quot;:2,&quot;2&quot;:&quot;9-12 Jahre&quot;}\">\u00a08-10 Jahre<\/td>\n<\/tr>\n<\/tbody>\n<\/table>","protected":false},"featured_media":78720,"comment_status":"open","ping_status":"closed","template":"","meta":{"_seopress_robots_primary_cat":"","_seopress_titles_title":"","_seopress_titles_desc":"","_seopress_robots_index":""},"product_brand":[],"product_cat":[1428,1431,1441],"product_tag":[],"class_list":{"0":"post-78606","1":"product","2":"type-product","3":"status-publish","4":"has-post-thumbnail","6":"product_cat-buecher","7":"product_cat-kinder","8":"product_cat-geschichten","9":"product_shipping_class-standard-versand","11":"first","12":"instock","13":"taxable","14":"shipping-taxable","15":"purchasable","16":"product-type-simple"},"_links":{"self":[{"href":"https:\/\/www.soanam.de\/es\/wp-json\/wp\/v2\/product\/78606","targetHints":{"allow":["GET"]}}],"collection":[{"href":"https:\/\/www.soanam.de\/es\/wp-json\/wp\/v2\/product"}],"about":[{"href":"https:\/\/www.soanam.de\/es\/wp-json\/wp\/v2\/types\/product"}],"replies":[{"embeddable":true,"href":"https:\/\/www.soanam.de\/es\/wp-json\/wp\/v2\/comments?post=78606"}],"wp:featuredmedia":[{"embeddable":true,"href":"https:\/\/www.soanam.de\/es\/wp-json\/wp\/v2\/media\/78720"}],"wp:attachment":[{"href":"https:\/\/www.soanam.de\/es\/wp-json\/wp\/v2\/media?parent=78606"}],"wp:term":[{"taxonomy":"product_brand","embeddable":true,"href":"https:\/\/www.soanam.de\/es\/wp-json\/wp\/v2\/product_brand?post=78606"},{"taxonomy":"product_cat","embeddable":true,"href":"https:\/\/www.soanam.de\/es\/wp-json\/wp\/v2\/product_cat?post=78606"},{"taxonomy":"product_tag","embeddable":true,"href":"https:\/\/www.soanam.de\/es\/wp-json\/wp\/v2\/product_tag?post=78606"}],"curies":[{"name":"wp","href":"https:\/\/api.w.org\/{rel}","templated":true}]}}

Anna Böhm "¡No hay Navidad sin zapatos de pudding!". Edición de tapa dura alemán 2019

<h3>Descripción del producto</h3>
<p>Einschweins erstes Weihnachten soll besonders toll werden! Doch kaum haben Emmi und Einschwein ihren Wunschzettel abgeschickt, kriegen sie ihn korrigiert zurück. Was ist bloß mit Wunschzettel-Wichtel Wuschel los? Er ist spurlos verschwunden, und die anderen Wichtel sind ganz aufgeregt deswegen. Auch Einschwein sorgt sich um Wuschel und zaubert im ungünstigsten Moment Puddingschuhe. Mutig setzt Emmi alles daran, damit Einschwein trotz allem sein fabelhaftes erstes Weihnachten bekommt!</p>
<p>Das Buch ist in 24 Kapitel unterteilt und kann auch wie ein Adventskalender gelesen werden.</p>
<p><strong>Detalles del producto</strong><br />
Herausgeber ‏ : ‎ Oetinger Friedrich GmbH<br />
Reihe : Emmi und Einschwein, Band 4<br />
Illustrator : Susanne Göhlich<br />
Año de publicación : 2019<br />
Idioma : Alemán<br />
Encuadernación : Tapa dura<br />
Seitenzahl ‏ : ‎ 208 Seiten<br />
ISBN-10 ‏ : ‎ 3789113751<br />
ISBN-13 ‏ : ‎ 978-3789113758<br />
Ilustraciones : con ilustraciones interiores en blanco y negro<br />
Edad recomendada : 8 - 10 años<br />
Auflage : 2<br />
Artikelgewicht ‏ : ‎ 428 g<br />
Abmessungen ‏ : ‎ 15.5 x 2.5 x 21.9 cm</p>

<h3>Artikelmerkmale</h3>
<p>Artikelzustand: Neu - Neues, ungelesenes, ungebrauchtes Buch in makellosem Zustand</p>
<table dir="ltr" style="height: 497px;" border="1" width="454" cellspacing="0" cellpadding="0">
<colgroup>
<col width="203" />
<col width="426" /></colgroup>
<tbody>
<tr>
<td data-sheets-value="{&quot;1&quot;:2,&quot;2&quot;:&quot;Anzahl der Seiten:&quot;}">Anzahl der Seiten:</td>
<td data-sheets-value="{&quot;1&quot;:2,&quot;2&quot;:&quot;239 Seiten&quot;}">239 Seiten</td>
</tr>
<tr>
<td data-sheets-value="{&quot;1&quot;:2,&quot;2&quot;:&quot;Autor:&quot;}">Autor:</td>
<td data-sheets-value="{&quot;1&quot;:2,&quot;2&quot;:&quot;Anna Böhm&quot;}">Anna Böhm</td>
</tr>
<tr>
<td data-sheets-value="{&quot;1&quot;:2,&quot;2&quot;:&quot;Besonderheiten:&quot;}">Características especiales:</td>
<td data-sheets-value="{&quot;1&quot;:2,&quot;2&quot;:&quot;Illustriert&quot;}">Illustriert</td>
</tr>
<tr>
<td data-sheets-value="{&quot;1&quot;:2,&quot;2&quot;:&quot;Buchreihe:&quot;}">Buchreihe:</td>
<td data-sheets-value="{&quot;1&quot;:2,&quot;2&quot;:&quot;Emmi &amp; Einschwein&quot;}">Emmi &amp; Einschwein</td>
</tr>
<tr>
<td data-sheets-value="{&quot;1&quot;:2,&quot;2&quot;:&quot;Buchtitel:&quot;}">Buchtitel:</td>
<td data-sheets-value="{&quot;1&quot;:2,&quot;2&quot;:&quot;Emmi und Einschwein 4. Kein Weihnachten ohne Puddingschuhe!&quot;}">Emmi und Einschwein 4. Kein Weihnachten ohne Puddingschuhe!</td>
</tr>
<tr>
<td data-sheets-value="{&quot;1&quot;:2,&quot;2&quot;:&quot;Erscheinungsjahr:&quot;}">Erscheinungsjahr:</td>
<td data-sheets-value="{&quot;1&quot;:3,&quot;3&quot;:2019}">2019</td>
</tr>
<tr>
<td data-sheets-value="{&quot;1&quot;:2,&quot;2&quot;:&quot;Format:&quot;}">Format:</td>
<td data-sheets-value="{&quot;1&quot;:2,&quot;2&quot;:&quot;Gebundene Ausgabe&quot;}">Edición de tapa dura</td>
</tr>
<tr>
<td data-sheets-value="{&quot;1&quot;:2,&quot;2&quot;:&quot;Genre:&quot;}">Genre:</td>
<td data-sheets-value="{&quot;1&quot;:2,&quot;2&quot;:&quot;Kinder- &amp; Jugendliteratur&quot;}">Kinder- &amp; Jugendliteratur</td>
</tr>
<tr>
<td data-sheets-value="{&quot;1&quot;:2,&quot;2&quot;:&quot;Herstellungsland und -region:&quot;}">Herstellungsland und -region:</td>
<td data-sheets-value="{&quot;1&quot;:2,&quot;2&quot;:&quot;Deutschland&quot;}">Alemania</td>
</tr>
<tr>
<td data-sheets-value="{&quot;1&quot;:2,&quot;2&quot;:&quot;Illustrator:&quot;}">Illustrator:</td>
<td data-sheets-value="{&quot;1&quot;:2,&quot;2&quot;:&quot;Susanne Göhlich&quot;}">Susanne Göhlich</td>
</tr>
<tr>
<td data-sheets-value="{&quot;1&quot;:2,&quot;2&quot;:&quot;ISBN:&quot;}">ISBN:</td>
<td data-sheets-value="{&quot;1&quot;:3,&quot;3&quot;:9783789113758}">9783789113758</td>
</tr>
<tr>
<td data-sheets-value="{&quot;1&quot;:2,&quot;2&quot;:&quot;Literarische Gattung:&quot;}">Literarische Gattung:</td>
<td data-sheets-value="{&quot;1&quot;:2,&quot;2&quot;:&quot;Belletristik&quot;}">Belletristik</td>
</tr>
<tr>
<td data-sheets-value="{&quot;1&quot;:2,&quot;2&quot;:&quot;Produktart:&quot;}">Produktart:</td>
<td data-sheets-value="{&quot;1&quot;:2,&quot;2&quot;:&quot;Kinderbuch&quot;}">Kinderbuch</td>
</tr>
<tr>
<td data-sheets-value="{&quot;1&quot;:2,&quot;2&quot;:&quot;Sprache:&quot;}">Sprache:</td>
<td data-sheets-value="{&quot;1&quot;:2,&quot;2&quot;:&quot;Deutsch&quot;}">Alemán</td>
</tr>
<tr>
<td data-sheets-value="{&quot;1&quot;:2,&quot;2&quot;:&quot;Thematik:&quot;}">Thematik:</td>
<td data-sheets-value="{&quot;1&quot;:2,&quot;2&quot;:&quot;Weihnachten&quot;}">Weihnachten</td>
</tr>
<tr>
<td data-sheets-value="{&quot;1&quot;:2,&quot;2&quot;:&quot;Verlag:&quot;}">Verlag:</td>
<td data-sheets-value="{&quot;1&quot;:2,&quot;2&quot;:&quot;Verlag Friedrich Oetinger Gmbh, Oetinger Friedrich Gmbh&quot;}">Verlag Friedrich Oetinger Gmbh, Oetinger Friedrich Gmbh</td>
</tr>
<tr>
<td data-sheets-value="{&quot;1&quot;:2,&quot;2&quot;:&quot;Zielgruppe:&quot;}">Zielgruppe:</td>
<td data-sheets-value="{&quot;1&quot;:2,&quot;2&quot;:&quot;9-12 Jahre&quot;}"> 8-10 Jahre</td>
</tr>
</tbody>
</table>
