{"id":78083,"date":"2023-12-13T21:06:57","date_gmt":"2023-12-13T20:06:57","guid":{"rendered":"https:\/\/www.soanam.de\/?post_type=product&#038;p=78083"},"modified":"2023-12-13T21:13:44","modified_gmt":"2023-12-13T20:13:44","slug":"leichte-steppweste-kurz-mit-taschen-daunenfuellung-in-der-farbe-kitt-gr-44","status":"publish","type":"product","link":"https:\/\/www.soanam.de\/es\/produkt\/leichte-steppweste-kurz-mit-taschen-daunenfuellung-in-der-farbe-kitt-gr-44\/","title":{"rendered":"Leichte Steppweste, kurz, mit Taschen, Daunenf\u00fcllung, in der Farbe Kitt, Gr. 44"},"content":{"rendered":"<h3>Descripci\u00f3n de la<\/h3>\n<p>Ein Lieblingsst\u00fcck, das Sie zu vielen Reisen und Freizeitaktivit\u00e4ten begleiten wird. Denn nicht nur die funktionellen Eigenschaften machen die Steppweste so begehrt, sondern auch ihre unendliche Vielseitigkeit \u2013 ob zum Sport, Wandern oder f\u00fcr den City-Trip. Schnell \u00fcber das Shirt gezogen verleiht sie Ihrem Outfit den sportiven und zugleich modischen Appeal. Dabei sorgt die softe Daunen-Feder-F\u00fcllung f\u00fcr eine angenehme und wohlige W\u00e4rme. In legerer Kurzform zeigt sich die Weste mit hohem Stehkragen, aufgesetzten Pattentaschen und 2-Wege-Zipper mit M-Puller. Das tonig abgestimmte Futter sowie der edle Madeleine-Kettenaufh\u00e4nger machen das Modell komplett.<\/p>\n<p><strong>Dimensiones del producto<\/strong><\/p>\n<p>L\u00e4nge ca. 54 cm, oberhalb H\u00fcfte.<\/p>\n<p><strong>Material<br \/>\n<\/strong><br \/>\nObermaterial: 100% Polyamid.<br \/>\nF\u00fcllung: 90% Daunen, 10% Federn.<br \/>\nFutter: 55% Polyester, 45% Viskose.<\/p>\n<p><strong>Atenci\u00f3n<br \/>\n<\/strong><br \/>\nWaschbar<\/p>","protected":false},"excerpt":{"rendered":"<h3>Artikelmerkmale<\/h3>\n<p>Estado del art\u00edculo: Nuevo con etiqueta: Art\u00edculo nuevo, sin usar y sin estrenar, en su embalaje original.<\/p>\n<table border=\"0\" frame=\"VOID\" rules=\"NONE\" cellspacing=\"0\">\n<colgroup>\n<col width=\"116\" \/>\n<col width=\"152\" \/><\/colgroup>\n<tbody>\n<tr>\n<td align=\"LEFT\" width=\"116\" height=\"19\">Abteilung:<\/td>\n<td align=\"LEFT\" width=\"152\">Damen<\/td>\n<\/tr>\n<tr>\n<td align=\"LEFT\" height=\"19\">Akzente:<\/td>\n<td align=\"LEFT\">Gesteppt<\/td>\n<\/tr>\n<tr>\n<td align=\"LEFT\" height=\"19\">Anlass:<\/td>\n<td align=\"LEFT\">Freizeit<\/td>\n<\/tr>\n<tr>\n<td align=\"LEFT\" height=\"19\">Au\u00dfenmaterial:<\/td>\n<td align=\"LEFT\">Poliamida<\/td>\n<\/tr>\n<tr>\n<td align=\"LEFT\" height=\"19\">Caracter\u00edsticas especiales:<\/td>\n<td align=\"LEFT\">Bolsas<\/td>\n<\/tr>\n<tr>\n<td align=\"LEFT\" height=\"19\">Charakter:<\/td>\n<td align=\"LEFT\">ohne<\/td>\n<\/tr>\n<tr>\n<td align=\"LEFT\" height=\"19\">EAN:<\/td>\n<td align=\"LEFT\">nichtzutreffend<\/td>\n<\/tr>\n<tr>\n<td align=\"LEFT\" height=\"19\">Color:<\/td>\n<td align=\"LEFT\">Beige<\/td>\n<\/tr>\n<tr>\n<td align=\"LEFT\" height=\"19\">Futtermaterial:<\/td>\n<td align=\"LEFT\">Poli\u00e9ster<\/td>\n<\/tr>\n<tr>\n<td align=\"LEFT\" height=\"19\">Gewebeart:<\/td>\n<td align=\"LEFT\">Nylon<\/td>\n<\/tr>\n<tr>\n<td align=\"LEFT\" height=\"19\">Gr\u00f6\u00dfe:<\/td>\n<td align=\"LEFT\">44<\/td>\n<\/tr>\n<tr>\n<td align=\"LEFT\" height=\"19\">Gr\u00f6\u00dfenkategorie:<\/td>\n<td align=\"LEFT\">Normalgr\u00f6\u00dfe<\/td>\n<\/tr>\n<tr>\n<td align=\"LEFT\" height=\"19\">Isoliermaterial:<\/td>\n<td align=\"LEFT\">Abajo<\/td>\n<\/tr>\n<tr>\n<td align=\"LEFT\" height=\"19\">Jacken-\/Mantell\u00e4nge:<\/td>\n<td align=\"LEFT\">Kurz<\/td>\n<\/tr>\n<tr>\n<td align=\"LEFT\" height=\"19\">Jahreszeit:<\/td>\n<td align=\"LEFT\">Fr\u00fchling, Herbst, Winter<\/td>\n<\/tr>\n<tr>\n<td align=\"LEFT\" height=\"19\">Marke:<\/td>\n<td align=\"LEFT\">Sin marca<\/td>\n<\/tr>\n<tr>\n<td align=\"LEFT\" height=\"19\">Modell:<\/td>\n<td align=\"LEFT\">ohne Angabe<\/td>\n<\/tr>\n<tr>\n<td align=\"LEFT\" height=\"19\">Patr\u00f3n:<\/td>\n<td align=\"LEFT\">Ohne Muster<\/td>\n<\/tr>\n<tr>\n<td align=\"LEFT\" height=\"19\">Produktart:<\/td>\n<td align=\"LEFT\">Weste<\/td>\n<\/tr>\n<tr>\n<td align=\"LEFT\" height=\"19\">Stil:<\/td>\n<td align=\"LEFT\">Steppweste<\/td>\n<\/tr>\n<tr>\n<td align=\"LEFT\" height=\"19\">Thema:<\/td>\n<td align=\"LEFT\">Outdoor<\/td>\n<\/tr>\n<tr>\n<td align=\"LEFT\" height=\"19\">Verschluss:<\/td>\n<td align=\"LEFT\">Cierre de cremallera<\/td>\n<\/tr>\n<tr>\n<td align=\"LEFT\" height=\"19\">Vintage:<\/td>\n<td align=\"LEFT\">Nein<\/td>\n<\/tr>\n<\/tbody>\n<\/table>","protected":false},"featured_media":78204,"comment_status":"open","ping_status":"closed","template":"","meta":{"_seopress_robots_primary_cat":"","_seopress_titles_title":"","_seopress_titles_desc":"","_seopress_robots_index":""},"product_brand":[],"product_cat":[1348,1354,1480],"product_tag":[],"class_list":{"0":"post-78083","1":"product","2":"type-product","3":"status-publish","4":"has-post-thumbnail","6":"product_cat-damen-mode","7":"product_cat-jacken-maentel","8":"product_cat-westen-jacken-maentel","9":"product_shipping_class-standard-versand","11":"first","12":"instock","13":"sale","14":"taxable","15":"shipping-taxable","16":"purchasable","17":"product-type-simple"},"_links":{"self":[{"href":"https:\/\/www.soanam.de\/es\/wp-json\/wp\/v2\/product\/78083","targetHints":{"allow":["GET"]}}],"collection":[{"href":"https:\/\/www.soanam.de\/es\/wp-json\/wp\/v2\/product"}],"about":[{"href":"https:\/\/www.soanam.de\/es\/wp-json\/wp\/v2\/types\/product"}],"replies":[{"embeddable":true,"href":"https:\/\/www.soanam.de\/es\/wp-json\/wp\/v2\/comments?post=78083"}],"wp:featuredmedia":[{"embeddable":true,"href":"https:\/\/www.soanam.de\/es\/wp-json\/wp\/v2\/media\/78204"}],"wp:attachment":[{"href":"https:\/\/www.soanam.de\/es\/wp-json\/wp\/v2\/media?parent=78083"}],"wp:term":[{"taxonomy":"product_brand","embeddable":true,"href":"https:\/\/www.soanam.de\/es\/wp-json\/wp\/v2\/product_brand?post=78083"},{"taxonomy":"product_cat","embeddable":true,"href":"https:\/\/www.soanam.de\/es\/wp-json\/wp\/v2\/product_cat?post=78083"},{"taxonomy":"product_tag","embeddable":true,"href":"https:\/\/www.soanam.de\/es\/wp-json\/wp\/v2\/product_tag?post=78083"}],"curies":[{"name":"wp","href":"https:\/\/api.w.org\/{rel}","templated":true}]}}

Leichte Steppweste, kurz, mit Taschen, Daunenfüllung, in der Farbe Kitt, Gr. 44

<h3>Descripción de la</h3>
<p>Ein Lieblingsstück, das Sie zu vielen Reisen und Freizeitaktivitäten begleiten wird. Denn nicht nur die funktionellen Eigenschaften machen die Steppweste so begehrt, sondern auch ihre unendliche Vielseitigkeit – ob zum Sport, Wandern oder für den City-Trip. Schnell über das Shirt gezogen verleiht sie Ihrem Outfit den sportiven und zugleich modischen Appeal. Dabei sorgt die softe Daunen-Feder-Füllung für eine angenehme und wohlige Wärme. In legerer Kurzform zeigt sich die Weste mit hohem Stehkragen, aufgesetzten Pattentaschen und 2-Wege-Zipper mit M-Puller. Das tonig abgestimmte Futter sowie der edle Madeleine-Kettenaufhänger machen das Modell komplett.</p>
<p><strong>Dimensiones del producto</strong></p>
<p>Länge ca. 54 cm, oberhalb Hüfte.</p>
<p><strong>Material<br />
</strong><br />
Obermaterial: 100% Polyamid.<br />
Füllung: 90% Daunen, 10% Federn.<br />
Futter: 55% Polyester, 45% Viskose.</p>
<p><strong>Atención<br />
</strong><br />
Waschbar</p>

<h3>Artikelmerkmale</h3>
<p>Estado del artículo: Nuevo con etiqueta: Artículo nuevo, sin usar y sin estrenar, en su embalaje original.</p>
<table border="0" frame="VOID" rules="NONE" cellspacing="0">
<colgroup>
<col width="116" />
<col width="152" /></colgroup>
<tbody>
<tr>
<td align="LEFT" width="116" height="19">Abteilung:</td>
<td align="LEFT" width="152">Damen</td>
</tr>
<tr>
<td align="LEFT" height="19">Akzente:</td>
<td align="LEFT">Gesteppt</td>
</tr>
<tr>
<td align="LEFT" height="19">Anlass:</td>
<td align="LEFT">Freizeit</td>
</tr>
<tr>
<td align="LEFT" height="19">Außenmaterial:</td>
<td align="LEFT">Poliamida</td>
</tr>
<tr>
<td align="LEFT" height="19">Características especiales:</td>
<td align="LEFT">Bolsas</td>
</tr>
<tr>
<td align="LEFT" height="19">Charakter:</td>
<td align="LEFT">ohne</td>
</tr>
<tr>
<td align="LEFT" height="19">EAN:</td>
<td align="LEFT">nichtzutreffend</td>
</tr>
<tr>
<td align="LEFT" height="19">Color:</td>
<td align="LEFT">Beige</td>
</tr>
<tr>
<td align="LEFT" height="19">Futtermaterial:</td>
<td align="LEFT">Poliéster</td>
</tr>
<tr>
<td align="LEFT" height="19">Gewebeart:</td>
<td align="LEFT">Nylon</td>
</tr>
<tr>
<td align="LEFT" height="19">Größe:</td>
<td align="LEFT">44</td>
</tr>
<tr>
<td align="LEFT" height="19">Größenkategorie:</td>
<td align="LEFT">Normalgröße</td>
</tr>
<tr>
<td align="LEFT" height="19">Isoliermaterial:</td>
<td align="LEFT">Abajo</td>
</tr>
<tr>
<td align="LEFT" height="19">Jacken-/Mantellänge:</td>
<td align="LEFT">Kurz</td>
</tr>
<tr>
<td align="LEFT" height="19">Jahreszeit:</td>
<td align="LEFT">Frühling, Herbst, Winter</td>
</tr>
<tr>
<td align="LEFT" height="19">Marke:</td>
<td align="LEFT">Sin marca</td>
</tr>
<tr>
<td align="LEFT" height="19">Modell:</td>
<td align="LEFT">ohne Angabe</td>
</tr>
<tr>
<td align="LEFT" height="19">Patrón:</td>
<td align="LEFT">Ohne Muster</td>
</tr>
<tr>
<td align="LEFT" height="19">Produktart:</td>
<td align="LEFT">Weste</td>
</tr>
<tr>
<td align="LEFT" height="19">Stil:</td>
<td align="LEFT">Steppweste</td>
</tr>
<tr>
<td align="LEFT" height="19">Thema:</td>
<td align="LEFT">Outdoor</td>
</tr>
<tr>
<td align="LEFT" height="19">Verschluss:</td>
<td align="LEFT">Cierre de cremallera</td>
</tr>
<tr>
<td align="LEFT" height="19">Vintage:</td>
<td align="LEFT">Nein</td>
</tr>
</tbody>
</table>
