{"id":78014,"date":"2023-12-13T21:05:05","date_gmt":"2023-12-13T20:05:05","guid":{"rendered":"https:\/\/www.soanam.de\/?post_type=product&#038;p=78014"},"modified":"2023-12-13T21:12:12","modified_gmt":"2023-12-13T20:12:12","slug":"ocun-tsunami-chaqueta-de-pluma-de-mujer-icemint-gr-l","status":"publish","type":"product","link":"https:\/\/www.soanam.de\/es\/produkt\/ocun-womens-tsunami-damen-daunenjacke-icemint-gr-l\/","title":{"rendered":"OCUN - Tsunami Mujer - Chaqueta de pluma para mujer, Icemint, talla L"},"content":{"rendered":"<h3>Descripci\u00f3n de la<\/h3>\n<p>Bietet ein ausgezeichnetes Gewichts-Isolations-Verh\u00e4ltnis: die Women's Tsunami Daunenjacke von Ocun! Die Daunenjacke ist leicht tailliert geschnitten und speziell f\u00fcr sportliche Outdoor-Eins\u00e4tze wie Klettern oder Bouldern gemacht. Durch die leichte Daunenf\u00fctterung aus bauschkr\u00e4ftiger, sehr gut isolierender Daune k\u00fchlt man auch in Pausen nicht aus.<\/p>\n<p>La chaqueta est\u00e1 confeccionada con un material exterior ripstop resistente y transpirable con un acabado duradero que repele el agua y la suciedad. Protege el forro de plum\u00f3n de la humedad y es muy suave para que se deslice f\u00e1cilmente bajo un chubasquero. Gracias a la construcci\u00f3n de c\u00e1mara, el forro de plum\u00f3n se distribuye de forma \u00f3ptima en la parte superior del cuerpo y no resbala.<\/p>\n<p>Los bolsillos interiores de la parte delantera mantienen tus zapatillas de escalada a salvo y al alcance de la mano, y los dos bolsillos delanteros son ideales para objetos de valor. La chaqueta de plum\u00f3n es m\u00e1s larga en la parte trasera para mantener siempre cubierta la parte inferior de la espalda al escalar. La pr\u00e1ctica cremallera bidireccional de la parte delantera proporciona un acceso r\u00e1pido al arn\u00e9s de escalada y las trabillas para los pulgares mantienen las mangas en la posici\u00f3n correcta en todo momento.<\/p>\n<p>Funktional, warm und leicht: die Women's Tsunami Daunenjacke l\u00e4sst sich klein in der eigenen Packtasche verstauen und w\u00e4rmt zuverl\u00e4ssig, wenn die Temperaturen sinken!<\/p>\n<h3>detalles<\/h3>\n<p>Adecuado para: Se\u00f1oras<br \/>\n\u00c1mbito de aplicaci\u00f3n: escalada<br \/>\nMaterial principal: poliamida 100%<br \/>\nMaterial de relleno: plum\u00f3n 100%<br \/>\nTipo de material: Relleno de plum\u00f3n<br \/>\nInformaci\u00f3n sobre el material: Contiene partes no textiles de origen animal<br \/>\nTratamiento del material: impregnado de DWR<br \/>\nPropiedades del material: resistente al plum\u00f3n, aislante, transpirable, repelente al agua<br \/>\nPoder de carga: 650 cuin Proporci\u00f3n de mezcla: 90\/10 (plum\u00f3n y plumas)<br \/>\nSostenibilidad: contiene plum\u00f3n certificado por el Codex<br \/>\nCierre: cremallera frontal completa de 2 v\u00edas<br \/>\nCapucha: ajustable<br \/>\nBolsillos: 1 bolsillo interior, 2 bolsillos delanteros con cremallera<br \/>\nPeso: 330 g<br \/>\nTama\u00f1o de referencia: mediano<br \/>\nAjuste: Normal<br \/>\nExtras: presillas para los pulgares, se puede guardar en su propio bolsillo, dobladillo el\u00e1stico, pu\u00f1os el\u00e1sticos, espalda alargada<\/p>","protected":false},"excerpt":{"rendered":"<h3>Artikelmerkmale<\/h3>\n<p>Estado del art\u00edculo: Nuevo con etiqueta: Art\u00edculo nuevo, sin usar y sin estrenar, en su embalaje original.<\/p>\n<table border=\"0\" frame=\"VOID\" rules=\"NONE\" cellspacing=\"0\">\n<colgroup>\n<col width=\"133\" \/>\n<col width=\"267\" \/><\/colgroup>\n<tbody>\n<tr>\n<td align=\"LEFT\" width=\"133\" height=\"18\">Abteilung:<\/td>\n<td align=\"LEFT\" width=\"267\">Damen<\/td>\n<\/tr>\n<tr>\n<td align=\"LEFT\" height=\"18\">Akzente:<\/td>\n<td align=\"LEFT\">ohne<\/td>\n<\/tr>\n<tr>\n<td align=\"LEFT\" height=\"18\">Anlass:<\/td>\n<td align=\"LEFT\">Freizeit, Reise<\/td>\n<\/tr>\n<tr>\n<td align=\"LEFT\" height=\"18\">Au\u00dfenmaterial:<\/td>\n<td align=\"LEFT\">Poliamida<\/td>\n<\/tr>\n<tr>\n<td align=\"LEFT\" height=\"18\">Caracter\u00edsticas especiales:<\/td>\n<td align=\"LEFT\">Atmungsaktiv, Taschen<\/td>\n<\/tr>\n<tr>\n<td align=\"LEFT\" height=\"18\">Charakter:<\/td>\n<td align=\"LEFT\">ohne<\/td>\n<\/tr>\n<tr>\n<td align=\"LEFT\" height=\"17\">EAN:<\/td>\n<td align=\"LEFT\">8591804646638<\/td>\n<\/tr>\n<tr>\n<td align=\"LEFT\" height=\"18\">Color:<\/td>\n<td align=\"LEFT\">Azul<\/td>\n<\/tr>\n<tr>\n<td align=\"LEFT\" height=\"18\">Futtermaterial:<\/td>\n<td align=\"LEFT\">Daune<\/td>\n<\/tr>\n<tr>\n<td align=\"LEFT\" height=\"18\">Gewebeart:<\/td>\n<td align=\"LEFT\">Mischgewebe<\/td>\n<\/tr>\n<tr>\n<td align=\"LEFT\" height=\"18\">Gr\u00f6\u00dfe:<\/td>\n<td align=\"LEFT\">L<\/td>\n<\/tr>\n<tr>\n<td align=\"LEFT\" height=\"18\">Gr\u00f6\u00dfenkategorie:<\/td>\n<td align=\"LEFT\">Normalgr\u00f6\u00dfe<\/td>\n<\/tr>\n<tr>\n<td align=\"LEFT\" height=\"18\">Isoliermaterial:<\/td>\n<td align=\"LEFT\">Abajo<\/td>\n<\/tr>\n<tr>\n<td align=\"LEFT\" height=\"18\">Jacken-\/Mantell\u00e4nge:<\/td>\n<td align=\"LEFT\">Kurz<\/td>\n<\/tr>\n<tr>\n<td align=\"LEFT\" height=\"18\">Jahreszeit:<\/td>\n<td align=\"LEFT\">Fr\u00fchling, Herbst, Winter<\/td>\n<\/tr>\n<tr>\n<td align=\"LEFT\" height=\"18\">Marke:<\/td>\n<td align=\"LEFT\">OCUN<\/td>\n<\/tr>\n<tr>\n<td align=\"LEFT\" height=\"18\">Modell:<\/td>\n<td align=\"LEFT\">Tsunami<\/td>\n<\/tr>\n<tr>\n<td align=\"LEFT\" height=\"18\">Patr\u00f3n:<\/td>\n<td align=\"LEFT\">Ohne Muster<\/td>\n<\/tr>\n<tr>\n<td align=\"LEFT\" height=\"18\">Produktart:<\/td>\n<td align=\"LEFT\">Jacke<\/td>\n<\/tr>\n<tr>\n<td align=\"LEFT\" height=\"18\">Stil:<\/td>\n<td align=\"LEFT\">Daunenjacke<\/td>\n<\/tr>\n<tr>\n<td align=\"LEFT\" height=\"18\">Thema:<\/td>\n<td align=\"LEFT\">Sport<\/td>\n<\/tr>\n<tr>\n<td align=\"LEFT\" height=\"18\">Verschluss:<\/td>\n<td align=\"LEFT\">Cierre de cremallera<\/td>\n<\/tr>\n<tr>\n<td align=\"LEFT\" height=\"18\">Vintage:<\/td>\n<td align=\"LEFT\">Nein<\/td>\n<\/tr>\n<\/tbody>\n<\/table>","protected":false},"featured_media":78132,"comment_status":"open","ping_status":"closed","template":"","meta":{"_seopress_robots_primary_cat":"","_seopress_titles_title":"","_seopress_titles_desc":"","_seopress_robots_index":""},"product_brand":[],"product_cat":[1348,1354,1376],"product_tag":[],"class_list":{"0":"post-78014","1":"product","2":"type-product","3":"status-publish","4":"has-post-thumbnail","6":"product_cat-damen-mode","7":"product_cat-jacken-maentel","8":"product_cat-daunenjacken-steppjacken","9":"product_shipping_class-standard-versand","11":"first","12":"instock","13":"sale","14":"taxable","15":"shipping-taxable","16":"purchasable","17":"product-type-simple"},"_links":{"self":[{"href":"https:\/\/www.soanam.de\/es\/wp-json\/wp\/v2\/product\/78014","targetHints":{"allow":["GET"]}}],"collection":[{"href":"https:\/\/www.soanam.de\/es\/wp-json\/wp\/v2\/product"}],"about":[{"href":"https:\/\/www.soanam.de\/es\/wp-json\/wp\/v2\/types\/product"}],"replies":[{"embeddable":true,"href":"https:\/\/www.soanam.de\/es\/wp-json\/wp\/v2\/comments?post=78014"}],"wp:featuredmedia":[{"embeddable":true,"href":"https:\/\/www.soanam.de\/es\/wp-json\/wp\/v2\/media\/78132"}],"wp:attachment":[{"href":"https:\/\/www.soanam.de\/es\/wp-json\/wp\/v2\/media?parent=78014"}],"wp:term":[{"taxonomy":"product_brand","embeddable":true,"href":"https:\/\/www.soanam.de\/es\/wp-json\/wp\/v2\/product_brand?post=78014"},{"taxonomy":"product_cat","embeddable":true,"href":"https:\/\/www.soanam.de\/es\/wp-json\/wp\/v2\/product_cat?post=78014"},{"taxonomy":"product_tag","embeddable":true,"href":"https:\/\/www.soanam.de\/es\/wp-json\/wp\/v2\/product_tag?post=78014"}],"curies":[{"name":"wp","href":"https:\/\/api.w.org\/{rel}","templated":true}]}}

<h3>Descripción de la</h3>
<p>Bietet ein ausgezeichnetes Gewichts-Isolations-Verhältnis: die Women's Tsunami Daunenjacke von Ocun! Die Daunenjacke ist leicht tailliert geschnitten und speziell für sportliche Outdoor-Einsätze wie Klettern oder Bouldern gemacht. Durch die leichte Daunenfütterung aus bauschkräftiger, sehr gut isolierender Daune kühlt man auch in Pausen nicht aus.</p>
<p>La chaqueta está confeccionada con un material exterior ripstop resistente y transpirable con un acabado duradero que repele el agua y la suciedad. Protege el forro de plumón de la humedad y es muy suave para que se deslice fácilmente bajo un chubasquero. Gracias a la construcción de cámara, el forro de plumón se distribuye de forma óptima en la parte superior del cuerpo y no resbala.</p>
<p>Los bolsillos interiores de la parte delantera mantienen tus zapatillas de escalada a salvo y al alcance de la mano, y los dos bolsillos delanteros son ideales para objetos de valor. La chaqueta de plumón es más larga en la parte trasera para mantener siempre cubierta la parte inferior de la espalda al escalar. La práctica cremallera bidireccional de la parte delantera proporciona un acceso rápido al arnés de escalada y las trabillas para los pulgares mantienen las mangas en la posición correcta en todo momento.</p>
<p>Funktional, warm und leicht: die Women's Tsunami Daunenjacke lässt sich klein in der eigenen Packtasche verstauen und wärmt zuverlässig, wenn die Temperaturen sinken!</p>
<h3>detalles</h3>
<p>Adecuado para: Señoras<br />
Ámbito de aplicación: escalada<br />
Material principal: poliamida 100%<br />
Material de relleno: plumón 100%<br />
Tipo de material: Relleno de plumón<br />
Información sobre el material: Contiene partes no textiles de origen animal<br />
Tratamiento del material: impregnado de DWR<br />
Propiedades del material: resistente al plumón, aislante, transpirable, repelente al agua<br />
Poder de carga: 650 cuin Proporción de mezcla: 90/10 (plumón y plumas)<br />
Sostenibilidad: contiene plumón certificado por el Codex<br />
Cierre: cremallera frontal completa de 2 vías<br />
Capucha: ajustable<br />
Bolsillos: 1 bolsillo interior, 2 bolsillos delanteros con cremallera<br />
Peso: 330 g<br />
Tamaño de referencia: mediano<br />
Ajuste: Normal<br />
Extras: presillas para los pulgares, se puede guardar en su propio bolsillo, dobladillo elástico, puños elásticos, espalda alargada</p>

<h3>Artikelmerkmale</h3>
<p>Estado del artículo: Nuevo con etiqueta: Artículo nuevo, sin usar y sin estrenar, en su embalaje original.</p>
<table border="0" frame="VOID" rules="NONE" cellspacing="0">
<colgroup>
<col width="133" />
<col width="267" /></colgroup>
<tbody>
<tr>
<td align="LEFT" width="133" height="18">Abteilung:</td>
<td align="LEFT" width="267">Damen</td>
</tr>
<tr>
<td align="LEFT" height="18">Akzente:</td>
<td align="LEFT">ohne</td>
</tr>
<tr>
<td align="LEFT" height="18">Anlass:</td>
<td align="LEFT">Freizeit, Reise</td>
</tr>
<tr>
<td align="LEFT" height="18">Außenmaterial:</td>
<td align="LEFT">Poliamida</td>
</tr>
<tr>
<td align="LEFT" height="18">Características especiales:</td>
<td align="LEFT">Atmungsaktiv, Taschen</td>
</tr>
<tr>
<td align="LEFT" height="18">Charakter:</td>
<td align="LEFT">ohne</td>
</tr>
<tr>
<td align="LEFT" height="17">EAN:</td>
<td align="LEFT">8591804646638</td>
</tr>
<tr>
<td align="LEFT" height="18">Color:</td>
<td align="LEFT">Azul</td>
</tr>
<tr>
<td align="LEFT" height="18">Futtermaterial:</td>
<td align="LEFT">Daune</td>
</tr>
<tr>
<td align="LEFT" height="18">Gewebeart:</td>
<td align="LEFT">Mischgewebe</td>
</tr>
<tr>
<td align="LEFT" height="18">Größe:</td>
<td align="LEFT">L</td>
</tr>
<tr>
<td align="LEFT" height="18">Größenkategorie:</td>
<td align="LEFT">Normalgröße</td>
</tr>
<tr>
<td align="LEFT" height="18">Isoliermaterial:</td>
<td align="LEFT">Abajo</td>
</tr>
<tr>
<td align="LEFT" height="18">Jacken-/Mantellänge:</td>
<td align="LEFT">Kurz</td>
</tr>
<tr>
<td align="LEFT" height="18">Jahreszeit:</td>
<td align="LEFT">Frühling, Herbst, Winter</td>
</tr>
<tr>
<td align="LEFT" height="18">Marke:</td>
<td align="LEFT">OCUN</td>
</tr>
<tr>
<td align="LEFT" height="18">Modell:</td>
<td align="LEFT">Tsunami</td>
</tr>
<tr>
<td align="LEFT" height="18">Patrón:</td>
<td align="LEFT">Ohne Muster</td>
</tr>
<tr>
<td align="LEFT" height="18">Produktart:</td>
<td align="LEFT">Jacke</td>
</tr>
<tr>
<td align="LEFT" height="18">Stil:</td>
<td align="LEFT">Daunenjacke</td>
</tr>
<tr>
<td align="LEFT" height="18">Thema:</td>
<td align="LEFT">Sport</td>
</tr>
<tr>
<td align="LEFT" height="18">Verschluss:</td>
<td align="LEFT">Cierre de cremallera</td>
</tr>
<tr>
<td align="LEFT" height="18">Vintage:</td>
<td align="LEFT">Nein</td>
</tr>
</tbody>
</table>
