{"id":77969,"date":"2023-12-13T21:04:12","date_gmt":"2023-12-13T20:04:12","guid":{"rendered":"https:\/\/www.soanam.de\/?post_type=product&#038;p=77969"},"modified":"2023-12-13T21:06:54","modified_gmt":"2023-12-13T20:06:54","slug":"jack-jones-chaqueta-de-cuero-para-hombre-en-ante-estilo-biker-jason-en-caramelo-talla-m","status":"publish","type":"product","link":"https:\/\/www.soanam.de\/es\/produkt\/jack-jones-herren-lederjacke-im-bikerstyle-jason-suede-in-karamell-groesse-m\/","title":{"rendered":"JACK &#038; JONES Herren Lederjacke im Bikerstyle 'Jason Suede' in karamell, Gr\u00f6\u00dfe M"},"content":{"rendered":"<h3>Descripci\u00f3n de la<\/h3>\n<p><strong>Detalles del producto<\/strong><\/p>\n<ul>\n<li>Piel<\/li>\n<li>Chaqueta motera<\/li>\n<li>Ligeramente forrado<\/li>\n<li>Cremallera en la manga<\/li>\n<li>Dobladillo recto<\/li>\n<li>Corte recto<\/li>\n<li>Cuello con solapa<\/li>\n<li>Costuras divisorias<\/li>\n<li>Bolsillos laterales con cremallera<\/li>\n<li>Cremallera inclinada<\/li>\n<li>Colores s\u00f3lidos<\/li>\n<li>Superficie estructurada<\/li>\n<li>Costuras tono sobre tono<\/li>\n<li>Mango liso<\/li>\n<\/ul>\n<h3><strong>Talla y ajuste<\/strong><\/h3>\n<p><strong>Ajuste<\/strong>Corte normal<\/p>\n<h3>Material y cuidado<\/h3>\n<p><strong>Material superior<\/strong>: 100% Piel<br \/>\n<strong>Forro<\/strong>: 100% Algod\u00f3n<br \/>\n<strong>Elasticidad<\/strong>: No el\u00e1stico<\/p>","protected":false},"excerpt":{"rendered":"<h3>Artikelmerkmale<\/h3>\n<p>Estado del art\u00edculo: Nuevo con etiqueta: Art\u00edculo nuevo, sin usar y sin estrenar, en su embalaje original.<\/p>\n<table border=\"0\" frame=\"VOID\" rules=\"NONE\" cellspacing=\"0\">\n<colgroup>\n<col width=\"137\" \/>\n<col width=\"267\" \/><\/colgroup>\n<tbody>\n<tr>\n<td align=\"LEFT\" width=\"137\" height=\"18\">Abteilung:<\/td>\n<td align=\"LEFT\" width=\"267\">Herren<\/td>\n<\/tr>\n<tr>\n<td align=\"LEFT\" height=\"18\">Aktivit\u00e4t:<\/td>\n<td align=\"LEFT\">Spazieren<\/td>\n<\/tr>\n<tr>\n<td align=\"LEFT\" height=\"18\">Anlass:<\/td>\n<td align=\"LEFT\">Freizeit<\/td>\n<\/tr>\n<tr>\n<td align=\"LEFT\" height=\"18\">Au\u00dfenmaterial:<\/td>\n<td align=\"LEFT\">Piel<\/td>\n<\/tr>\n<tr>\n<td align=\"LEFT\" height=\"18\">Caracter\u00edsticas especiales:<\/td>\n<td align=\"LEFT\">ohne<\/td>\n<\/tr>\n<tr>\n<td align=\"LEFT\" height=\"18\">Charakter:<\/td>\n<td align=\"LEFT\">ohne<\/td>\n<\/tr>\n<tr>\n<td align=\"LEFT\" height=\"17\">EAN:<\/td>\n<td align=\"LEFT\">909733098172<\/td>\n<\/tr>\n<tr>\n<td align=\"LEFT\" height=\"18\">Color:<\/td>\n<td align=\"LEFT\">Marr\u00f3n<\/td>\n<\/tr>\n<tr>\n<td align=\"LEFT\" height=\"18\">Futtermaterial:<\/td>\n<td align=\"LEFT\">Poli\u00e9ster<\/td>\n<\/tr>\n<tr>\n<td align=\"LEFT\" height=\"18\">Gewebeart:<\/td>\n<td align=\"LEFT\">Velour<\/td>\n<\/tr>\n<tr>\n<td align=\"LEFT\" height=\"18\">Gr\u00f6\u00dfe:<\/td>\n<td align=\"LEFT\">M<\/td>\n<\/tr>\n<tr>\n<td align=\"LEFT\" height=\"18\">Gr\u00f6\u00dfenkategorie:<\/td>\n<td align=\"LEFT\">Normalgr\u00f6\u00dfe<\/td>\n<\/tr>\n<tr>\n<td align=\"LEFT\" height=\"18\">Isoliermaterial:<\/td>\n<td align=\"LEFT\">Algod\u00f3n<\/td>\n<\/tr>\n<tr>\n<td align=\"LEFT\" height=\"18\">Jahreszeit:<\/td>\n<td align=\"LEFT\">Fr\u00fchling, Herbst<\/td>\n<\/tr>\n<tr>\n<td align=\"LEFT\" height=\"18\">Marke:<\/td>\n<td align=\"LEFT\">JACK &amp; JONES<\/td>\n<\/tr>\n<tr>\n<td align=\"LEFT\" height=\"18\">Modell:<\/td>\n<td align=\"LEFT\">Jason Suede<\/td>\n<\/tr>\n<tr>\n<td align=\"LEFT\" height=\"18\">Patr\u00f3n:<\/td>\n<td align=\"LEFT\">Ohne Muster<\/td>\n<\/tr>\n<tr>\n<td align=\"LEFT\" height=\"18\">Produktart:<\/td>\n<td align=\"LEFT\">Jacke<\/td>\n<\/tr>\n<tr>\n<td align=\"LEFT\" height=\"18\">Stil:<\/td>\n<td align=\"LEFT\">Biker<\/td>\n<\/tr>\n<tr>\n<td align=\"LEFT\" height=\"18\">Thema:<\/td>\n<td align=\"LEFT\">Outdoor<\/td>\n<\/tr>\n<tr>\n<td align=\"LEFT\" height=\"18\">Verschluss:<\/td>\n<td align=\"LEFT\">Cierre de cremallera<\/td>\n<\/tr>\n<tr>\n<td align=\"LEFT\" height=\"18\">Vintage:<\/td>\n<td align=\"LEFT\">Nein<\/td>\n<\/tr>\n<\/tbody>\n<\/table>","protected":false},"featured_media":78079,"comment_status":"open","ping_status":"closed","template":"","meta":{"_seopress_robots_primary_cat":"","_seopress_titles_title":"","_seopress_titles_desc":"","_seopress_robots_index":""},"product_brand":[],"product_cat":[1345,1363,1370],"product_tag":[],"class_list":{"0":"post-77969","1":"product","2":"type-product","3":"status-publish","4":"has-post-thumbnail","6":"product_cat-herrenmode","7":"product_cat-jacken-maentel-herrenmode","8":"product_cat-lederjacken","9":"product_shipping_class-standard-versand","11":"first","12":"instock","13":"sale","14":"taxable","15":"shipping-taxable","16":"purchasable","17":"product-type-simple"},"_links":{"self":[{"href":"https:\/\/www.soanam.de\/es\/wp-json\/wp\/v2\/product\/77969","targetHints":{"allow":["GET"]}}],"collection":[{"href":"https:\/\/www.soanam.de\/es\/wp-json\/wp\/v2\/product"}],"about":[{"href":"https:\/\/www.soanam.de\/es\/wp-json\/wp\/v2\/types\/product"}],"replies":[{"embeddable":true,"href":"https:\/\/www.soanam.de\/es\/wp-json\/wp\/v2\/comments?post=77969"}],"wp:featuredmedia":[{"embeddable":true,"href":"https:\/\/www.soanam.de\/es\/wp-json\/wp\/v2\/media\/78079"}],"wp:attachment":[{"href":"https:\/\/www.soanam.de\/es\/wp-json\/wp\/v2\/media?parent=77969"}],"wp:term":[{"taxonomy":"product_brand","embeddable":true,"href":"https:\/\/www.soanam.de\/es\/wp-json\/wp\/v2\/product_brand?post=77969"},{"taxonomy":"product_cat","embeddable":true,"href":"https:\/\/www.soanam.de\/es\/wp-json\/wp\/v2\/product_cat?post=77969"},{"taxonomy":"product_tag","embeddable":true,"href":"https:\/\/www.soanam.de\/es\/wp-json\/wp\/v2\/product_tag?post=77969"}],"curies":[{"name":"wp","href":"https:\/\/api.w.org\/{rel}","templated":true}]}}

JACK &#038; JONES Herren Lederjacke im Bikerstyle 'Jason Suede' in karamell, Größe M

<h3>Descripción de la</h3>
<p><strong>Detalles del producto</strong></p>
<ul>
<li>Piel</li>
<li>Chaqueta motera</li>
<li>Ligeramente forrado</li>
<li>Cremallera en la manga</li>
<li>Dobladillo recto</li>
<li>Corte recto</li>
<li>Cuello con solapa</li>
<li>Costuras divisorias</li>
<li>Bolsillos laterales con cremallera</li>
<li>Cremallera inclinada</li>
<li>Colores sólidos</li>
<li>Superficie estructurada</li>
<li>Costuras tono sobre tono</li>
<li>Mango liso</li>
</ul>
<h3><strong>Talla y ajuste</strong></h3>
<p><strong>Ajuste</strong>Corte normal</p>
<h3>Material y cuidado</h3>
<p><strong>Material superior</strong>: 100% Piel<br />
<strong>Forro</strong>: 100% Algodón<br />
<strong>Elasticidad</strong>: No elástico</p>

<h3>Artikelmerkmale</h3>
<p>Estado del artículo: Nuevo con etiqueta: Artículo nuevo, sin usar y sin estrenar, en su embalaje original.</p>
<table border="0" frame="VOID" rules="NONE" cellspacing="0">
<colgroup>
<col width="137" />
<col width="267" /></colgroup>
<tbody>
<tr>
<td align="LEFT" width="137" height="18">Abteilung:</td>
<td align="LEFT" width="267">Herren</td>
</tr>
<tr>
<td align="LEFT" height="18">Aktivität:</td>
<td align="LEFT">Spazieren</td>
</tr>
<tr>
<td align="LEFT" height="18">Anlass:</td>
<td align="LEFT">Freizeit</td>
</tr>
<tr>
<td align="LEFT" height="18">Außenmaterial:</td>
<td align="LEFT">Piel</td>
</tr>
<tr>
<td align="LEFT" height="18">Características especiales:</td>
<td align="LEFT">ohne</td>
</tr>
<tr>
<td align="LEFT" height="18">Charakter:</td>
<td align="LEFT">ohne</td>
</tr>
<tr>
<td align="LEFT" height="17">EAN:</td>
<td align="LEFT">909733098172</td>
</tr>
<tr>
<td align="LEFT" height="18">Color:</td>
<td align="LEFT">Marrón</td>
</tr>
<tr>
<td align="LEFT" height="18">Futtermaterial:</td>
<td align="LEFT">Poliéster</td>
</tr>
<tr>
<td align="LEFT" height="18">Gewebeart:</td>
<td align="LEFT">Velour</td>
</tr>
<tr>
<td align="LEFT" height="18">Größe:</td>
<td align="LEFT">M</td>
</tr>
<tr>
<td align="LEFT" height="18">Größenkategorie:</td>
<td align="LEFT">Normalgröße</td>
</tr>
<tr>
<td align="LEFT" height="18">Isoliermaterial:</td>
<td align="LEFT">Algodón</td>
</tr>
<tr>
<td align="LEFT" height="18">Jahreszeit:</td>
<td align="LEFT">Frühling, Herbst</td>
</tr>
<tr>
<td align="LEFT" height="18">Marke:</td>
<td align="LEFT">JACK &amp; JONES</td>
</tr>
<tr>
<td align="LEFT" height="18">Modell:</td>
<td align="LEFT">Jason Suede</td>
</tr>
<tr>
<td align="LEFT" height="18">Patrón:</td>
<td align="LEFT">Ohne Muster</td>
</tr>
<tr>
<td align="LEFT" height="18">Produktart:</td>
<td align="LEFT">Jacke</td>
</tr>
<tr>
<td align="LEFT" height="18">Stil:</td>
<td align="LEFT">Biker</td>
</tr>
<tr>
<td align="LEFT" height="18">Thema:</td>
<td align="LEFT">Outdoor</td>
</tr>
<tr>
<td align="LEFT" height="18">Verschluss:</td>
<td align="LEFT">Cierre de cremallera</td>
</tr>
<tr>
<td align="LEFT" height="18">Vintage:</td>
<td align="LEFT">Nein</td>
</tr>
</tbody>
</table>
