{"id":77736,"date":"2023-12-13T20:59:32","date_gmt":"2023-12-13T19:59:32","guid":{"rendered":"https:\/\/www.soanam.de\/?post_type=product&#038;p=77736"},"modified":"2023-12-13T21:02:07","modified_gmt":"2023-12-13T20:02:07","slug":"frida-nilsson-hedvig-el-primer-ano-en-la-escuela-rustica-2014-aleman","status":"publish","type":"product","link":"https:\/\/www.soanam.de\/es\/produkt\/frida-nilsson-hedvig-das-erste-schuljahr-taschenbuch-2014-deutsch\/","title":{"rendered":"Frida Nilsson \"\u00a1Hedvig! El primer a\u00f1o escolar\" R\u00fastica 2014 Alem\u00e1n"},"content":{"rendered":"<h3><strong>Descripci\u00f3n del producto<\/strong><\/h3>\n<p>Hedvig ni siquiera vive en el fin del mundo, sino detr\u00e1s de \u00e9l. En una casa de madera roja, con sus padres, una oveja, unas gallinas, un perro, dos gatos... pero sin su mejor amigo.<\/p>\n<p>Porque Hedvig es la \u00fanica ni\u00f1a en kil\u00f3metros a la redonda. \u00a1Qu\u00e9 suerte que pronto empezar\u00e1 la escuela! Cuando conoce a Linda en su primer d\u00eda de clase, la vida de Hedvig se llena de aventuras. Si sus locas ideas no acabaran siempre de forma diferente a lo esperado... \u00bfC\u00f3mo iba a adivinar Hedvig que a los renacuajos no les gusta la nata, que Rickard tiene que escupir el agua jabonosa de su biber\u00f3n y que las flores que recoge para mam\u00e1 son en realidad del vecino?<\/p>\n<p><strong>Detalles del producto<\/strong><br \/>\nEditorial : Gulliver by Beltz &amp; Gelberg<br \/>\nA\u00f1o de publicaci\u00f3n : 2014<br \/>\nIdioma : Alem\u00e1n<br \/>\nEncuadernaci\u00f3n : R\u00fastica<br \/>\nN\u00famero de p\u00e1ginas : 173 p\u00e1ginas<br \/>\nISBN-10 : 3407744536<br \/>\nISBN-13 : 978-3407744531<br \/>\nEdad recomendada : 7-9 a\u00f1os<br \/>\nTama\u00f1o del art\u00edculo: 12,6 x 1,2 x 18,8 cm<\/p>","protected":false},"excerpt":{"rendered":"<h3><strong>Artikelmerkmale<\/strong><\/h3>\n<p>Artikelzustand: Neu - Neues, ungelesenes, ungebrauchtes Buch in makellosem Zustand<\/p>\n<table style=\"border-collapse: collapse;width: 432pt\" width=\"576\">\n<tbody>\n<tr style=\"height: 15.0pt\">\n<td class=\"xl65\" style=\"width: 193pt;height: 15.0pt\" width=\"257\" height=\"20\">Autor:<\/td>\n<td class=\"xl65\" style=\"width: 239pt\" width=\"319\">Frida Nilsson<\/td>\n<\/tr>\n<tr style=\"height: 15.0pt\">\n<td class=\"xl65\" style=\"height: 15.0pt\" height=\"20\">Caracter\u00edsticas especiales:<\/td>\n<td class=\"xl65\">Illustriert<\/td>\n<\/tr>\n<tr style=\"height: 15.0pt\">\n<td class=\"xl65\" style=\"height: 15.0pt\" height=\"20\">Buchreihe:<\/td>\n<td class=\"xl65\">nicht zutreffend<\/td>\n<\/tr>\n<tr style=\"height: 15.0pt\">\n<td class=\"xl65\" style=\"height: 15.0pt\" height=\"20\">Buchtitel:<\/td>\n<td class=\"xl65\">Hedvig! Das erste Schuljahr<\/td>\n<\/tr>\n<tr style=\"height: 15.0pt\">\n<td class=\"xl65\" style=\"height: 15.0pt\" height=\"20\">Erscheinungsjahr:<\/td>\n<td class=\"xl65\">2014<\/td>\n<\/tr>\n<tr style=\"height: 15.0pt\">\n<td class=\"xl65\" style=\"height: 15.0pt\" height=\"20\">Format:<\/td>\n<td class=\"xl65\">R\u00fastica<\/td>\n<\/tr>\n<tr style=\"height: 15.0pt\">\n<td class=\"xl65\" style=\"height: 15.0pt\" height=\"20\">Genre:<\/td>\n<td class=\"xl65\">Kinder- &amp; Jugendliteratur<\/td>\n<\/tr>\n<tr style=\"height: 15.0pt\">\n<td style=\"height: 15.0pt\" height=\"20\">Herstellungsland und -region:<\/td>\n<td>Alemania<\/td>\n<\/tr>\n<tr style=\"height: 15.0pt\">\n<td class=\"xl65\" style=\"height: 15.0pt\" height=\"20\">ISBN:<\/td>\n<td class=\"xl65\">9783407744531<\/td>\n<\/tr>\n<tr style=\"height: 15.0pt\">\n<td class=\"xl65\" style=\"height: 15.0pt\" height=\"20\">Literarische Gattung:<\/td>\n<td class=\"xl65\">Belletristik<\/td>\n<\/tr>\n<tr style=\"height: 15.0pt\">\n<td style=\"height: 15.0pt\" height=\"20\">Produktart:<\/td>\n<td class=\"xl65\">Kinderbuch<\/td>\n<\/tr>\n<tr style=\"height: 15.0pt\">\n<td class=\"xl65\" style=\"height: 15.0pt\" height=\"20\">Sprache:<\/td>\n<td class=\"xl65\">Alem\u00e1n<\/td>\n<\/tr>\n<tr style=\"height: 15.0pt\">\n<td class=\"xl65\" style=\"height: 15.0pt\" height=\"20\">Thematik:<\/td>\n<td class=\"xl65\">Schule<\/td>\n<\/tr>\n<tr style=\"height: 15.0pt\">\n<td class=\"xl65\" style=\"height: 15.0pt\" height=\"20\">Verlag:<\/td>\n<td class=\"xl65\">Gulliver de Beltz &amp; Gelberg<\/td>\n<\/tr>\n<tr style=\"height: 15.0pt\">\n<td style=\"height: 15.0pt\" height=\"20\">Zielgruppe:<\/td>\n<td>7-9 Jahre<\/td>\n<\/tr>\n<\/tbody>\n<\/table>","protected":false},"featured_media":77860,"comment_status":"open","ping_status":"closed","template":"","meta":{"_seopress_robots_primary_cat":"","_seopress_titles_title":"","_seopress_titles_desc":"","_seopress_robots_index":""},"product_brand":[],"product_cat":[1428,1431,1441],"product_tag":[],"class_list":{"0":"post-77736","1":"product","2":"type-product","3":"status-publish","4":"has-post-thumbnail","6":"product_cat-buecher","7":"product_cat-kinder","8":"product_cat-geschichten","9":"product_shipping_class-standard-versand","11":"first","12":"instock","13":"taxable","14":"shipping-taxable","15":"purchasable","16":"product-type-simple"},"_links":{"self":[{"href":"https:\/\/www.soanam.de\/es\/wp-json\/wp\/v2\/product\/77736","targetHints":{"allow":["GET"]}}],"collection":[{"href":"https:\/\/www.soanam.de\/es\/wp-json\/wp\/v2\/product"}],"about":[{"href":"https:\/\/www.soanam.de\/es\/wp-json\/wp\/v2\/types\/product"}],"replies":[{"embeddable":true,"href":"https:\/\/www.soanam.de\/es\/wp-json\/wp\/v2\/comments?post=77736"}],"wp:featuredmedia":[{"embeddable":true,"href":"https:\/\/www.soanam.de\/es\/wp-json\/wp\/v2\/media\/77860"}],"wp:attachment":[{"href":"https:\/\/www.soanam.de\/es\/wp-json\/wp\/v2\/media?parent=77736"}],"wp:term":[{"taxonomy":"product_brand","embeddable":true,"href":"https:\/\/www.soanam.de\/es\/wp-json\/wp\/v2\/product_brand?post=77736"},{"taxonomy":"product_cat","embeddable":true,"href":"https:\/\/www.soanam.de\/es\/wp-json\/wp\/v2\/product_cat?post=77736"},{"taxonomy":"product_tag","embeddable":true,"href":"https:\/\/www.soanam.de\/es\/wp-json\/wp\/v2\/product_tag?post=77736"}],"curies":[{"name":"wp","href":"https:\/\/api.w.org\/{rel}","templated":true}]}}

Frida Nilsson "¡Hedvig! El primer año escolar" Rústica 2014 Alemán

<h3><strong>Descripción del producto</strong></h3>
<p>Hedvig ni siquiera vive en el fin del mundo, sino detrás de él. En una casa de madera roja, con sus padres, una oveja, unas gallinas, un perro, dos gatos... pero sin su mejor amigo.</p>
<p>Porque Hedvig es la única niña en kilómetros a la redonda. ¡Qué suerte que pronto empezará la escuela! Cuando conoce a Linda en su primer día de clase, la vida de Hedvig se llena de aventuras. Si sus locas ideas no acabaran siempre de forma diferente a lo esperado... ¿Cómo iba a adivinar Hedvig que a los renacuajos no les gusta la nata, que Rickard tiene que escupir el agua jabonosa de su biberón y que las flores que recoge para mamá son en realidad del vecino?</p>
<p><strong>Detalles del producto</strong><br />
Editorial : Gulliver by Beltz &amp; Gelberg<br />
Año de publicación : 2014<br />
Idioma : Alemán<br />
Encuadernación : Rústica<br />
Número de páginas : 173 páginas<br />
ISBN-10 : 3407744536<br />
ISBN-13 : 978-3407744531<br />
Edad recomendada : 7-9 años<br />
Tamaño del artículo: 12,6 x 1,2 x 18,8 cm</p>

<h3><strong>Artikelmerkmale</strong></h3>
<p>Artikelzustand: Neu - Neues, ungelesenes, ungebrauchtes Buch in makellosem Zustand</p>
<table style="border-collapse: collapse;width: 432pt" width="576">
<tbody>
<tr style="height: 15.0pt">
<td class="xl65" style="width: 193pt;height: 15.0pt" width="257" height="20">Autor:</td>
<td class="xl65" style="width: 239pt" width="319">Frida Nilsson</td>
</tr>
<tr style="height: 15.0pt">
<td class="xl65" style="height: 15.0pt" height="20">Características especiales:</td>
<td class="xl65">Illustriert</td>
</tr>
<tr style="height: 15.0pt">
<td class="xl65" style="height: 15.0pt" height="20">Buchreihe:</td>
<td class="xl65">nicht zutreffend</td>
</tr>
<tr style="height: 15.0pt">
<td class="xl65" style="height: 15.0pt" height="20">Buchtitel:</td>
<td class="xl65">Hedvig! Das erste Schuljahr</td>
</tr>
<tr style="height: 15.0pt">
<td class="xl65" style="height: 15.0pt" height="20">Erscheinungsjahr:</td>
<td class="xl65">2014</td>
</tr>
<tr style="height: 15.0pt">
<td class="xl65" style="height: 15.0pt" height="20">Format:</td>
<td class="xl65">Rústica</td>
</tr>
<tr style="height: 15.0pt">
<td class="xl65" style="height: 15.0pt" height="20">Genre:</td>
<td class="xl65">Kinder- &amp; Jugendliteratur</td>
</tr>
<tr style="height: 15.0pt">
<td style="height: 15.0pt" height="20">Herstellungsland und -region:</td>
<td>Alemania</td>
</tr>
<tr style="height: 15.0pt">
<td class="xl65" style="height: 15.0pt" height="20">ISBN:</td>
<td class="xl65">9783407744531</td>
</tr>
<tr style="height: 15.0pt">
<td class="xl65" style="height: 15.0pt" height="20">Literarische Gattung:</td>
<td class="xl65">Belletristik</td>
</tr>
<tr style="height: 15.0pt">
<td style="height: 15.0pt" height="20">Produktart:</td>
<td class="xl65">Kinderbuch</td>
</tr>
<tr style="height: 15.0pt">
<td class="xl65" style="height: 15.0pt" height="20">Sprache:</td>
<td class="xl65">Alemán</td>
</tr>
<tr style="height: 15.0pt">
<td class="xl65" style="height: 15.0pt" height="20">Thematik:</td>
<td class="xl65">Schule</td>
</tr>
<tr style="height: 15.0pt">
<td class="xl65" style="height: 15.0pt" height="20">Verlag:</td>
<td class="xl65">Gulliver de Beltz &amp; Gelberg</td>
</tr>
<tr style="height: 15.0pt">
<td style="height: 15.0pt" height="20">Zielgruppe:</td>
<td>7-9 Jahre</td>
</tr>
</tbody>
</table>
