{"id":77632,"date":"2023-12-13T20:57:20","date_gmt":"2023-12-13T19:57:20","guid":{"rendered":"https:\/\/www.soanam.de\/?post_type=product&#038;p=77632"},"modified":"2023-12-13T21:00:06","modified_gmt":"2023-12-13T20:00:06","slug":"jeggings-lascana-7-8-en-negro-talla-36","status":"publish","type":"product","link":"https:\/\/www.soanam.de\/es\/produkt\/lascana-7-8-jeggings-in-schwarz-groesse-36\/","title":{"rendered":"Jeggings LASCANA 7\/8, en negro, talla 36"},"content":{"rendered":"<p>Jeggings 7\/8 de Lascana<br \/>\nCorte entallado<br \/>\nAumento normal<br \/>\nBolsillos traseros reales<br \/>\nBolsillos decorativos en la parte delantera<br \/>\nVaquero el\u00e1stico suave<\/p>\n<p>Un b\u00e1sico que no puede ser m\u00e1s cl\u00e1sico.<br \/>\nEl corte entallado se acent\u00faa con el tiro normal.<br \/>\nMientras que en la parte delantera s\u00f3lo hay bolsillos decorativos, los pantalones tienen aut\u00e9nticos bolsillos traseros.<\/p>\n<p>Material: algod\u00f3n 66%, poli\u00e9ster 31%, elastano 3%<br \/>\nInstrucciones de cuidado: Lavable a m\u00e1quina a 30<\/p>\n<p>Color: negro<br \/>\nTalla: 36<\/p>\n<p>Cintura: 67 cm<br \/>\nPer\u00edmetro de la cadera: 82 cm<br \/>\nLongitud del pelda\u00f1o:66cm<br \/>\nLongitud total: 93 cm<\/p>","protected":false},"excerpt":{"rendered":"<table class=\"dv_characteristicsTable\">\n<tbody>\n<tr>\n<td class=\"left\">Talla<\/td>\n<td>36<\/td>\n<\/tr>\n<tr>\n<td class=\"left\">Gr\u00f6\u00dfentyp<\/td>\n<td>Normalgr\u00f6\u00dfen<\/td>\n<\/tr>\n<tr>\n<td class=\"left\">Composici\u00f3n del material<\/td>\n<td>Obermaterial: 66% Baumwolle, 31% Polyester, 3% Elasthan<\/td>\n<\/tr>\n<tr>\n<td class=\"left\">Materialart<\/td>\n<td>Vaqueros<\/td>\n<\/tr>\n<tr>\n<td class=\"left\">Materialeigenschaften<\/td>\n<td>Stretch<\/td>\n<\/tr>\n<tr>\n<td class=\"left\">Instrucciones de cuidado<\/td>\n<td>Lavado a m\u00e1quina<\/td>\n<\/tr>\n<tr>\n<td class=\"left\">Stil<\/td>\n<td>casual<\/td>\n<\/tr>\n<tr>\n<td class=\"left\">Color<\/td>\n<td>schwarz<\/td>\n<\/tr>\n<tr>\n<td class=\"left\">Leibh\u00f6he<\/td>\n<td>normal<\/td>\n<\/tr>\n<tr>\n<td class=\"left\">Beinabschluss<\/td>\n<td>gerader Abschluss<\/td>\n<\/tr>\n<tr>\n<td class=\"left\">Beinform<\/td>\n<td>schmal<\/td>\n<\/tr>\n<tr>\n<td class=\"left\">Ajuste<\/td>\n<td>figurbetont<\/td>\n<\/tr>\n<tr>\n<td class=\"left\">Schnittform L\u00e4nge<\/td>\n<td>7\/8-L\u00e4nge<\/td>\n<\/tr>\n<tr>\n<td class=\"left\">Trabillas<\/td>\n<td>ja<\/td>\n<\/tr>\n<tr>\n<td class=\"left\">Bolsas<\/td>\n<td>Faketaschen, Ges\u00e4\u00dftaschen<\/td>\n<\/tr>\n<tr>\n<td class=\"left\">Verschluss<\/td>\n<td>1-Knopf-Form<\/td>\n<\/tr>\n<\/tbody>\n<\/table>","protected":false},"featured_media":77765,"comment_status":"open","ping_status":"closed","template":"","meta":{"_seopress_robots_primary_cat":"","_seopress_titles_title":"","_seopress_titles_desc":"","_seopress_robots_index":""},"product_brand":[],"product_cat":[1348,1349,1350,1433],"product_tag":[],"class_list":{"0":"post-77632","1":"product","2":"type-product","3":"status-publish","4":"has-post-thumbnail","6":"product_cat-damen-mode","7":"product_cat-hosen-damen-mode","8":"product_cat-jeans-hosen-damen-mode","9":"product_cat-7-8-hosen","10":"product_shipping_class-standard-versand","12":"first","13":"instock","14":"taxable","15":"shipping-taxable","16":"purchasable","17":"product-type-simple"},"_links":{"self":[{"href":"https:\/\/www.soanam.de\/es\/wp-json\/wp\/v2\/product\/77632","targetHints":{"allow":["GET"]}}],"collection":[{"href":"https:\/\/www.soanam.de\/es\/wp-json\/wp\/v2\/product"}],"about":[{"href":"https:\/\/www.soanam.de\/es\/wp-json\/wp\/v2\/types\/product"}],"replies":[{"embeddable":true,"href":"https:\/\/www.soanam.de\/es\/wp-json\/wp\/v2\/comments?post=77632"}],"wp:featuredmedia":[{"embeddable":true,"href":"https:\/\/www.soanam.de\/es\/wp-json\/wp\/v2\/media\/77765"}],"wp:attachment":[{"href":"https:\/\/www.soanam.de\/es\/wp-json\/wp\/v2\/media?parent=77632"}],"wp:term":[{"taxonomy":"product_brand","embeddable":true,"href":"https:\/\/www.soanam.de\/es\/wp-json\/wp\/v2\/product_brand?post=77632"},{"taxonomy":"product_cat","embeddable":true,"href":"https:\/\/www.soanam.de\/es\/wp-json\/wp\/v2\/product_cat?post=77632"},{"taxonomy":"product_tag","embeddable":true,"href":"https:\/\/www.soanam.de\/es\/wp-json\/wp\/v2\/product_tag?post=77632"}],"curies":[{"name":"wp","href":"https:\/\/api.w.org\/{rel}","templated":true}]}}

<p>Jeggings 7/8 de Lascana<br />
Corte entallado<br />
Aumento normal<br />
Bolsillos traseros reales<br />
Bolsillos decorativos en la parte delantera<br />
Vaquero elástico suave</p>
<p>Un básico que no puede ser más clásico.<br />
El corte entallado se acentúa con el tiro normal.<br />
Mientras que en la parte delantera sólo hay bolsillos decorativos, los pantalones tienen auténticos bolsillos traseros.</p>
<p>Material: algodón 66%, poliéster 31%, elastano 3%<br />
Instrucciones de cuidado: Lavable a máquina a 30</p>
<p>Color: negro<br />
Talla: 36</p>
<p>Cintura: 67 cm<br />
Perímetro de la cadera: 82 cm<br />
Longitud del peldaño:66cm<br />
Longitud total: 93 cm</p>

<table class="dv_characteristicsTable">
<tbody>
<tr>
<td class="left">Talla</td>
<td>36</td>
</tr>
<tr>
<td class="left">Größentyp</td>
<td>Normalgrößen</td>
</tr>
<tr>
<td class="left">Composición del material</td>
<td>Obermaterial: 66% Baumwolle, 31% Polyester, 3% Elasthan</td>
</tr>
<tr>
<td class="left">Materialart</td>
<td>Vaqueros</td>
</tr>
<tr>
<td class="left">Materialeigenschaften</td>
<td>Stretch</td>
</tr>
<tr>
<td class="left">Instrucciones de cuidado</td>
<td>Lavado a máquina</td>
</tr>
<tr>
<td class="left">Stil</td>
<td>casual</td>
</tr>
<tr>
<td class="left">Color</td>
<td>schwarz</td>
</tr>
<tr>
<td class="left">Leibhöhe</td>
<td>normal</td>
</tr>
<tr>
<td class="left">Beinabschluss</td>
<td>gerader Abschluss</td>
</tr>
<tr>
<td class="left">Beinform</td>
<td>schmal</td>
</tr>
<tr>
<td class="left">Ajuste</td>
<td>figurbetont</td>
</tr>
<tr>
<td class="left">Schnittform Länge</td>
<td>7/8-Länge</td>
</tr>
<tr>
<td class="left">Trabillas</td>
<td>ja</td>
</tr>
<tr>
<td class="left">Bolsas</td>
<td>Faketaschen, Gesäßtaschen</td>
</tr>
<tr>
<td class="left">Verschluss</td>
<td>1-Knopf-Form</td>
</tr>
</tbody>
</table>
