{"id":77506,"date":"2023-12-13T20:54:15","date_gmt":"2023-12-13T19:54:15","guid":{"rendered":"https:\/\/www.soanam.de\/?post_type=product&#038;p=77506"},"modified":"2023-12-13T20:57:29","modified_gmt":"2023-12-13T19:57:29","slug":"arizona-straight-fit-jeans-willis-2-pack-en-azul-y-gris-talla-52","status":"publish","type":"product","link":"https:\/\/www.soanam.de\/es\/produkt\/arizona-straight-fit-jeans-willis-2er-pack-in-blue-and-grey-groesse-52\/","title":{"rendered":"Vaqueros rectos WILLIS Arizona, pack de 2, en azul y gris, talla 52"},"content":{"rendered":"<p>Paquete doble de vaqueros usados de Arizona<br \/>\nForma recta<br \/>\nPierna recta, tiro bajo<br \/>\nComodidad gracias al contenido de elastano<\/p>\n<p>Un pack doble en dos colores denim contempor\u00e1neos compuesto por vaqueros de corte recto en un look ligeramente usado con efecto deslavado y pliegues de movimiento.<br \/>\nVaqueros b\u00e1sicos en un estilo de cinco bolsillos con remaches y un c\u00f3modo material el\u00e1stico.<\/p>\n<p>Material: 98% algod\u00f3n, 2% elastano<br \/>\nInstrucciones de cuidado: Lavable a m\u00e1quina a 40<\/p>\n<p>Color: azul, usado \/ gris, usado<br \/>\nTalla: EUR 52<\/p>\n<p>Cintura: 88 cm<br \/>\nPer\u00edmetro de la cadera: 106 cm<br \/>\nLongitud del pelda\u00f1o:85cm<br \/>\nLongitud total: 117 cm<\/p>\n<p>Este nuevo art\u00edculo es una devoluci\u00f3n de un cliente sin etiqueta.<\/p>","protected":false},"excerpt":{"rendered":"<table class=\"dv_characteristicsTable\">\n<tbody>\n<tr>\n<td class=\"left\">Talla<\/td>\n<td>52<\/td>\n<\/tr>\n<tr>\n<td class=\"left\">Gr\u00f6\u00dfentyp<\/td>\n<td>Normalgr\u00f6\u00dfen<\/td>\n<\/tr>\n<tr>\n<td class=\"left\">Composici\u00f3n del material<\/td>\n<td>Obermaterial: 98% Baumwolle, 2% Elasthan<\/td>\n<\/tr>\n<tr>\n<td class=\"left\">Instrucciones de cuidado<\/td>\n<td>Lavado a m\u00e1quina<\/td>\n<\/tr>\n<tr>\n<td class=\"left\">Stil<\/td>\n<td>casual<\/td>\n<\/tr>\n<tr>\n<td class=\"left\">Waschung<\/td>\n<td>used<\/td>\n<\/tr>\n<tr>\n<td class=\"left\">Color<\/td>\n<td>azul, usado<\/td>\n<\/tr>\n<tr>\n<td class=\"left\">Farbe Packst\u00fcck 2<\/td>\n<td>gris, usado<\/td>\n<\/tr>\n<tr>\n<td class=\"left\">Leibh\u00f6he<\/td>\n<td>niedriger<\/td>\n<\/tr>\n<tr>\n<td class=\"left\">Beinform<\/td>\n<td>gerade<\/td>\n<\/tr>\n<tr>\n<td class=\"left\">Ajuste<\/td>\n<td>normal<\/td>\n<\/tr>\n<tr>\n<td class=\"left\">Schnittform L\u00e4nge<\/td>\n<td>lang<\/td>\n<\/tr>\n<tr>\n<td class=\"left\">Bolsas<\/td>\n<td>Eingrifftaschen, M\u00fcnztasche<\/td>\n<\/tr>\n<tr>\n<td class=\"left\">Verschluss<\/td>\n<td>Cierre de cremallera<\/td>\n<\/tr>\n<tr>\n<td class=\"left\">Besondere Merkmale<\/td>\n<td>Straight Fit<\/td>\n<\/tr>\n<\/tbody>\n<\/table>","protected":false},"featured_media":77637,"comment_status":"open","ping_status":"closed","template":"","meta":{"_seopress_robots_primary_cat":"","_seopress_titles_title":"","_seopress_titles_desc":"","_seopress_robots_index":""},"product_brand":[],"product_cat":[1345,1346,1347],"product_tag":[],"class_list":{"0":"post-77506","1":"product","2":"type-product","3":"status-publish","4":"has-post-thumbnail","6":"product_cat-herrenmode","7":"product_cat-hosen","8":"product_cat-jeans","9":"product_shipping_class-standard-versand","11":"first","12":"instock","13":"sale","14":"taxable","15":"shipping-taxable","16":"purchasable","17":"product-type-simple"},"_links":{"self":[{"href":"https:\/\/www.soanam.de\/es\/wp-json\/wp\/v2\/product\/77506","targetHints":{"allow":["GET"]}}],"collection":[{"href":"https:\/\/www.soanam.de\/es\/wp-json\/wp\/v2\/product"}],"about":[{"href":"https:\/\/www.soanam.de\/es\/wp-json\/wp\/v2\/types\/product"}],"replies":[{"embeddable":true,"href":"https:\/\/www.soanam.de\/es\/wp-json\/wp\/v2\/comments?post=77506"}],"wp:featuredmedia":[{"embeddable":true,"href":"https:\/\/www.soanam.de\/es\/wp-json\/wp\/v2\/media\/77637"}],"wp:attachment":[{"href":"https:\/\/www.soanam.de\/es\/wp-json\/wp\/v2\/media?parent=77506"}],"wp:term":[{"taxonomy":"product_brand","embeddable":true,"href":"https:\/\/www.soanam.de\/es\/wp-json\/wp\/v2\/product_brand?post=77506"},{"taxonomy":"product_cat","embeddable":true,"href":"https:\/\/www.soanam.de\/es\/wp-json\/wp\/v2\/product_cat?post=77506"},{"taxonomy":"product_tag","embeddable":true,"href":"https:\/\/www.soanam.de\/es\/wp-json\/wp\/v2\/product_tag?post=77506"}],"curies":[{"name":"wp","href":"https:\/\/api.w.org\/{rel}","templated":true}]}}

<p>Paquete doble de vaqueros usados de Arizona<br />
Forma recta<br />
Pierna recta, tiro bajo<br />
Comodidad gracias al contenido de elastano</p>
<p>Un pack doble en dos colores denim contemporáneos compuesto por vaqueros de corte recto en un look ligeramente usado con efecto deslavado y pliegues de movimiento.<br />
Vaqueros básicos en un estilo de cinco bolsillos con remaches y un cómodo material elástico.</p>
<p>Material: 98% algodón, 2% elastano<br />
Instrucciones de cuidado: Lavable a máquina a 40</p>
<p>Color: azul, usado / gris, usado<br />
Talla: EUR 52</p>
<p>Cintura: 88 cm<br />
Perímetro de la cadera: 106 cm<br />
Longitud del peldaño:85cm<br />
Longitud total: 117 cm</p>
<p>Este nuevo artículo es una devolución de un cliente sin etiqueta.</p>

<table class="dv_characteristicsTable">
<tbody>
<tr>
<td class="left">Talla</td>
<td>52</td>
</tr>
<tr>
<td class="left">Größentyp</td>
<td>Normalgrößen</td>
</tr>
<tr>
<td class="left">Composición del material</td>
<td>Obermaterial: 98% Baumwolle, 2% Elasthan</td>
</tr>
<tr>
<td class="left">Instrucciones de cuidado</td>
<td>Lavado a máquina</td>
</tr>
<tr>
<td class="left">Stil</td>
<td>casual</td>
</tr>
<tr>
<td class="left">Waschung</td>
<td>used</td>
</tr>
<tr>
<td class="left">Color</td>
<td>azul, usado</td>
</tr>
<tr>
<td class="left">Farbe Packstück 2</td>
<td>gris, usado</td>
</tr>
<tr>
<td class="left">Leibhöhe</td>
<td>niedriger</td>
</tr>
<tr>
<td class="left">Beinform</td>
<td>gerade</td>
</tr>
<tr>
<td class="left">Ajuste</td>
<td>normal</td>
</tr>
<tr>
<td class="left">Schnittform Länge</td>
<td>lang</td>
</tr>
<tr>
<td class="left">Bolsas</td>
<td>Eingrifftaschen, Münztasche</td>
</tr>
<tr>
<td class="left">Verschluss</td>
<td>Cierre de cremallera</td>
</tr>
<tr>
<td class="left">Besondere Merkmale</td>
<td>Straight Fit</td>
</tr>
</tbody>
</table>
