{"id":77486,"date":"2023-12-13T20:53:32","date_gmt":"2023-12-13T19:53:32","guid":{"rendered":"https:\/\/www.soanam.de\/?post_type=product&#038;p=77486"},"modified":"2023-12-13T20:57:12","modified_gmt":"2023-12-13T19:57:12","slug":"hessnatur-chaqueta-de-lana-polar-para-hombre-de-pura-lana-cordada-antracita","status":"publish","type":"product","link":"https:\/\/www.soanam.de\/es\/produkt\/hessnatur-herren-wollfleese-jacke-aus-reiner-schnurwolle-anthrazit\/","title":{"rendered":"Chaqueta polar de hombre Hessnatur de pura lana cordada, antracita"},"content":{"rendered":"<h3>Descripci\u00f3n de la<\/h3>\n<p>Vell\u00f3n funcional de fibras naturales puras<br \/>\nLana merina ecol\u00f3gica con funci\u00f3n de control clim\u00e1tico<br \/>\nGran capacidad t\u00e9rmica, pero muy ligera<br \/>\nCosturas divisorias din\u00e1micas<br \/>\nBolsillos con cremallera integrados<br \/>\nSolapa cortaviento y protector de barbilla en la cremallera<br \/>\nCuello alto: interior de algod\u00f3n org\u00e1nico respetuoso con la piel<\/p>\n<p><strong>Ajuste<\/strong><br \/>\nAprox. 73 cm de largo en talla 48<\/p>\n<p><strong>Material<\/strong><br \/>\n100% Lana virgen<br \/>\nde la ganader\u00eda ecol\u00f3gica<\/p>\n<p><strong>Atenci\u00f3n<\/strong><br \/>\nSe recomienda lavar a mano en fr\u00edo<\/p>","protected":false},"excerpt":{"rendered":"<h3>Artikelmerkmale<\/h3>\n<p>Estado del art\u00edculo: Nuevo con etiqueta: Art\u00edculo nuevo, sin usar y sin estrenar, en su embalaje original.<br \/>\nAbteilung: Herren<br \/>\nAktivit\u00e4t: Spazieren<br \/>\nAnlass: Freizeit<br \/>\nAu\u00dfenmaterial: Wolle<br \/>\nBesonderheiten: aus biologischer Tierhaltung<br \/>\nEAN: nichtzutreffend<br \/>\nFarbe: Grau<br \/>\nFuttermaterial: nicht zutreffend<br \/>\nGewebeart: Fleece<br \/>\nTama\u00f1o: 48<br \/>\nGr\u00f6\u00dfenkategorie: Normalgr\u00f6\u00dfe<br \/>\nIsoliermaterial: nicht zutreffend<br \/>\nJahreszeit: Fr\u00fchling, Herbst<br \/>\nMarke: Hessnatur<br \/>\nMuster: Ohne Muster<br \/>\nTipo de producto: Chaqueta<br \/>\nStil: Fleecejacke<br \/>\nThema: nat\u00fcrliche Qualit\u00e4t<br \/>\nCierre: cremallera<br \/>\nVintage: Nein<\/p>","protected":false},"featured_media":77626,"comment_status":"open","ping_status":"closed","template":"","meta":{"_seopress_robots_primary_cat":"","_seopress_titles_title":"","_seopress_titles_desc":"","_seopress_robots_index":""},"product_brand":[],"product_cat":[1345,1363,1413],"product_tag":[],"class_list":{"0":"post-77486","1":"product","2":"type-product","3":"status-publish","4":"has-post-thumbnail","6":"product_cat-herrenmode","7":"product_cat-jacken-maentel-herrenmode","8":"product_cat-fleecejacken","9":"product_shipping_class-standard-versand","11":"first","12":"instock","13":"sale","14":"taxable","15":"shipping-taxable","16":"purchasable","17":"product-type-simple"},"_links":{"self":[{"href":"https:\/\/www.soanam.de\/es\/wp-json\/wp\/v2\/product\/77486","targetHints":{"allow":["GET"]}}],"collection":[{"href":"https:\/\/www.soanam.de\/es\/wp-json\/wp\/v2\/product"}],"about":[{"href":"https:\/\/www.soanam.de\/es\/wp-json\/wp\/v2\/types\/product"}],"replies":[{"embeddable":true,"href":"https:\/\/www.soanam.de\/es\/wp-json\/wp\/v2\/comments?post=77486"}],"wp:featuredmedia":[{"embeddable":true,"href":"https:\/\/www.soanam.de\/es\/wp-json\/wp\/v2\/media\/77626"}],"wp:attachment":[{"href":"https:\/\/www.soanam.de\/es\/wp-json\/wp\/v2\/media?parent=77486"}],"wp:term":[{"taxonomy":"product_brand","embeddable":true,"href":"https:\/\/www.soanam.de\/es\/wp-json\/wp\/v2\/product_brand?post=77486"},{"taxonomy":"product_cat","embeddable":true,"href":"https:\/\/www.soanam.de\/es\/wp-json\/wp\/v2\/product_cat?post=77486"},{"taxonomy":"product_tag","embeddable":true,"href":"https:\/\/www.soanam.de\/es\/wp-json\/wp\/v2\/product_tag?post=77486"}],"curies":[{"name":"wp","href":"https:\/\/api.w.org\/{rel}","templated":true}]}}

<h3>Descripción de la</h3>
<p>Vellón funcional de fibras naturales puras<br />
Lana merina ecológica con función de control climático<br />
Gran capacidad térmica, pero muy ligera<br />
Costuras divisorias dinámicas<br />
Bolsillos con cremallera integrados<br />
Solapa cortaviento y protector de barbilla en la cremallera<br />
Cuello alto: interior de algodón orgánico respetuoso con la piel</p>
<p><strong>Ajuste</strong><br />
Aprox. 73 cm de largo en talla 48</p>
<p><strong>Material</strong><br />
100% Lana virgen<br />
de la ganadería ecológica</p>
<p><strong>Atención</strong><br />
Se recomienda lavar a mano en frío</p>

<h3>Artikelmerkmale</h3>
<p>Estado del artículo: Nuevo con etiqueta: Artículo nuevo, sin usar y sin estrenar, en su embalaje original.<br />
Abteilung: Herren<br />
Aktivität: Spazieren<br />
Anlass: Freizeit<br />
Außenmaterial: Wolle<br />
Besonderheiten: aus biologischer Tierhaltung<br />
EAN: nichtzutreffend<br />
Farbe: Grau<br />
Futtermaterial: nicht zutreffend<br />
Gewebeart: Fleece<br />
Tamaño: 48<br />
Größenkategorie: Normalgröße<br />
Isoliermaterial: nicht zutreffend<br />
Jahreszeit: Frühling, Herbst<br />
Marke: Hessnatur<br />
Muster: Ohne Muster<br />
Tipo de producto: Chaqueta<br />
Stil: Fleecejacke<br />
Thema: natürliche Qualität<br />
Cierre: cremallera<br />
Vintage: Nein</p>
