{"id":77466,"date":"2023-12-13T20:52:55","date_gmt":"2023-12-13T19:52:55","guid":{"rendered":"https:\/\/www.soanam.de\/?post_type=product&#038;p=77466"},"modified":"2023-12-13T20:56:51","modified_gmt":"2023-12-13T19:56:51","slug":"vaqueros-pitillo-ltb-amy-en-negro-w33","status":"publish","type":"product","link":"https:\/\/www.soanam.de\/es\/produkt\/ltb-skinny-fit-jeans-amy-in-schwarz-w33\/","title":{"rendered":"LTB vaqueros pitillo AMY, en negro, W33"},"content":{"rendered":"<p>Vaqueros de cintura alta AMY de LTB en la mejor calidad de marca<br \/>\nCon perneras largas y ce\u00f1idas en corte pitillo<br \/>\nCon trabillas, cierre de cremallera, 5 bolsillos<br \/>\nMezcla de algod\u00f3n el\u00e1stico y extensible<\/p>\n<p>El corte extra ajustado con cintura alta muestra tus piernas y aporta clase a estos vaqueros de 5 bolsillos.<br \/>\nEstos vaqueros pitillo se ajustan como una segunda piel y siguen siendo muy c\u00f3modos gracias al tejido vaquero el\u00e1stico de alta calidad.<\/p>\n<p>Material: algod\u00f3n 93%, poli\u00e9ster 5%, elastano 2%<br \/>\nInstrucciones de cuidado: Lavable a m\u00e1quina a 30<\/p>\n<p>Color: SAVENA WASH 51584<br \/>\nTama\u00f1o: W33<\/p>\n<p>Cintura: 84 cm<br \/>\nPer\u00edmetro de la cadera: 94 cm<br \/>\nLongitud del pelda\u00f1o:77cm<br \/>\nLongitud total: 112 cm<\/p>","protected":false},"excerpt":{"rendered":"<table class=\"dv_characteristicsTable\">\n<tbody>\n<tr>\n<td class=\"left\">Talla<\/td>\n<td>33<\/td>\n<\/tr>\n<tr>\n<td class=\"left\">Gr\u00f6\u00dfentyp<\/td>\n<td>Normalgr\u00f6\u00dfen<\/td>\n<\/tr>\n<tr>\n<td class=\"left\">Composici\u00f3n del material<\/td>\n<td>Obermaterial: 93% Baumwolle, 5% Polyester, 2% Elasthan<\/td>\n<\/tr>\n<tr>\n<td class=\"left\">Materialhinweis<\/td>\n<td>enth\u00e4lt nichttextile Teile tierischen Ursprungs<\/td>\n<\/tr>\n<tr>\n<td class=\"left\">Materialart<\/td>\n<td>Vaqueros<\/td>\n<\/tr>\n<tr>\n<td class=\"left\">Materialeigenschaften<\/td>\n<td>Stretch, elastisch, pflegeleicht<\/td>\n<\/tr>\n<tr>\n<td class=\"left\">Instrucciones de cuidado<\/td>\n<td>Lavado a m\u00e1quina<\/td>\n<\/tr>\n<tr>\n<td class=\"left\">Stil<\/td>\n<td>casual<\/td>\n<\/tr>\n<tr>\n<td class=\"left\">Herstellerfarbbezeichnung<\/td>\n<td>SAVENA WASH 51584<\/td>\n<\/tr>\n<tr>\n<td class=\"left\">Color<\/td>\n<td>black<\/td>\n<\/tr>\n<tr>\n<td class=\"left\">Leibh\u00f6he<\/td>\n<td>hoch<\/td>\n<\/tr>\n<tr>\n<td class=\"left\">Bundabschluss<\/td>\n<td>normaler Saum<\/td>\n<\/tr>\n<tr>\n<td class=\"left\">Beinform<\/td>\n<td>extra-eng<\/td>\n<\/tr>\n<tr>\n<td class=\"left\">Ajuste<\/td>\n<td>skinny fit<\/td>\n<\/tr>\n<tr>\n<td class=\"left\">Schnittdetails<\/td>\n<td>keine<\/td>\n<\/tr>\n<tr>\n<td class=\"left\">Schnittform L\u00e4nge<\/td>\n<td>lang<\/td>\n<\/tr>\n<tr>\n<td class=\"left\">Trabillas<\/td>\n<td>ja<\/td>\n<\/tr>\n<tr>\n<td class=\"left\">Applikationen<\/td>\n<td>Leder-Badge, Markenlabel, Nieten<\/td>\n<\/tr>\n<tr>\n<td class=\"left\">Bolsas<\/td>\n<td>Ges\u00e4\u00dftaschen, Eingrifftasche, M\u00fcnztasche<\/td>\n<\/tr>\n<tr>\n<td class=\"left\">Verschluss<\/td>\n<td>Knopf, Rei\u00dfverschluss<\/td>\n<\/tr>\n<tr>\n<td class=\"left\">Verschlussdetails<\/td>\n<td>vorn<\/td>\n<\/tr>\n<tr>\n<td class=\"left\">Besondere Merkmale<\/td>\n<td>mit langem, extra engem Beinverlauf, hoher Leibh\u00f6he und mit Stretch-Anteil im 5-Pocket Stil<\/td>\n<\/tr>\n<\/tbody>\n<\/table>","protected":false},"featured_media":77606,"comment_status":"open","ping_status":"closed","template":"","meta":{"_seopress_robots_primary_cat":"","_seopress_titles_title":"","_seopress_titles_desc":"","_seopress_robots_index":""},"product_brand":[],"product_cat":[1348,1349,1350],"product_tag":[],"class_list":{"0":"post-77466","1":"product","2":"type-product","3":"status-publish","4":"has-post-thumbnail","6":"product_cat-damen-mode","7":"product_cat-hosen-damen-mode","8":"product_cat-jeans-hosen-damen-mode","9":"product_shipping_class-standard-versand","11":"first","12":"instock","13":"sale","14":"taxable","15":"shipping-taxable","16":"purchasable","17":"product-type-simple"},"_links":{"self":[{"href":"https:\/\/www.soanam.de\/es\/wp-json\/wp\/v2\/product\/77466","targetHints":{"allow":["GET"]}}],"collection":[{"href":"https:\/\/www.soanam.de\/es\/wp-json\/wp\/v2\/product"}],"about":[{"href":"https:\/\/www.soanam.de\/es\/wp-json\/wp\/v2\/types\/product"}],"replies":[{"embeddable":true,"href":"https:\/\/www.soanam.de\/es\/wp-json\/wp\/v2\/comments?post=77466"}],"wp:featuredmedia":[{"embeddable":true,"href":"https:\/\/www.soanam.de\/es\/wp-json\/wp\/v2\/media\/77606"}],"wp:attachment":[{"href":"https:\/\/www.soanam.de\/es\/wp-json\/wp\/v2\/media?parent=77466"}],"wp:term":[{"taxonomy":"product_brand","embeddable":true,"href":"https:\/\/www.soanam.de\/es\/wp-json\/wp\/v2\/product_brand?post=77466"},{"taxonomy":"product_cat","embeddable":true,"href":"https:\/\/www.soanam.de\/es\/wp-json\/wp\/v2\/product_cat?post=77466"},{"taxonomy":"product_tag","embeddable":true,"href":"https:\/\/www.soanam.de\/es\/wp-json\/wp\/v2\/product_tag?post=77466"}],"curies":[{"name":"wp","href":"https:\/\/api.w.org\/{rel}","templated":true}]}}

<p>Vaqueros de cintura alta AMY de LTB en la mejor calidad de marca<br />
Con perneras largas y ceñidas en corte pitillo<br />
Con trabillas, cierre de cremallera, 5 bolsillos<br />
Mezcla de algodón elástico y extensible</p>
<p>El corte extra ajustado con cintura alta muestra tus piernas y aporta clase a estos vaqueros de 5 bolsillos.<br />
Estos vaqueros pitillo se ajustan como una segunda piel y siguen siendo muy cómodos gracias al tejido vaquero elástico de alta calidad.</p>
<p>Material: algodón 93%, poliéster 5%, elastano 2%<br />
Instrucciones de cuidado: Lavable a máquina a 30</p>
<p>Color: SAVENA WASH 51584<br />
Tamaño: W33</p>
<p>Cintura: 84 cm<br />
Perímetro de la cadera: 94 cm<br />
Longitud del peldaño:77cm<br />
Longitud total: 112 cm</p>

<table class="dv_characteristicsTable">
<tbody>
<tr>
<td class="left">Talla</td>
<td>33</td>
</tr>
<tr>
<td class="left">Größentyp</td>
<td>Normalgrößen</td>
</tr>
<tr>
<td class="left">Composición del material</td>
<td>Obermaterial: 93% Baumwolle, 5% Polyester, 2% Elasthan</td>
</tr>
<tr>
<td class="left">Materialhinweis</td>
<td>enthält nichttextile Teile tierischen Ursprungs</td>
</tr>
<tr>
<td class="left">Materialart</td>
<td>Vaqueros</td>
</tr>
<tr>
<td class="left">Materialeigenschaften</td>
<td>Stretch, elastisch, pflegeleicht</td>
</tr>
<tr>
<td class="left">Instrucciones de cuidado</td>
<td>Lavado a máquina</td>
</tr>
<tr>
<td class="left">Stil</td>
<td>casual</td>
</tr>
<tr>
<td class="left">Herstellerfarbbezeichnung</td>
<td>SAVENA WASH 51584</td>
</tr>
<tr>
<td class="left">Color</td>
<td>black</td>
</tr>
<tr>
<td class="left">Leibhöhe</td>
<td>hoch</td>
</tr>
<tr>
<td class="left">Bundabschluss</td>
<td>normaler Saum</td>
</tr>
<tr>
<td class="left">Beinform</td>
<td>extra-eng</td>
</tr>
<tr>
<td class="left">Ajuste</td>
<td>skinny fit</td>
</tr>
<tr>
<td class="left">Schnittdetails</td>
<td>keine</td>
</tr>
<tr>
<td class="left">Schnittform Länge</td>
<td>lang</td>
</tr>
<tr>
<td class="left">Trabillas</td>
<td>ja</td>
</tr>
<tr>
<td class="left">Applikationen</td>
<td>Leder-Badge, Markenlabel, Nieten</td>
</tr>
<tr>
<td class="left">Bolsas</td>
<td>Gesäßtaschen, Eingrifftasche, Münztasche</td>
</tr>
<tr>
<td class="left">Verschluss</td>
<td>Knopf, Reißverschluss</td>
</tr>
<tr>
<td class="left">Verschlussdetails</td>
<td>vorn</td>
</tr>
<tr>
<td class="left">Besondere Merkmale</td>
<td>mit langem, extra engem Beinverlauf, hoher Leibhöhe und mit Stretch-Anteil im 5-Pocket Stil</td>
</tr>
</tbody>
</table>
