{"id":77339,"date":"2023-12-13T20:48:48","date_gmt":"2023-12-13T19:48:48","guid":{"rendered":"https:\/\/www.soanam.de\/?post_type=product&#038;p=77339"},"modified":"2023-12-13T20:53:39","modified_gmt":"2023-12-13T19:53:39","slug":"calvin-klein-jeans-hooded-puffer-jacket-winter-jacket-men-black-gr-s","status":"publish","type":"product","link":"https:\/\/www.soanam.de\/es\/produkt\/calvin-klein-jeans-hooded-puffer-jacket-winter-jacke-maenner-schwarz-gr-s\/","title":{"rendered":"Calvin Klein Jeans CHAQUETA CON CAPUCHA - Chaqueta de invierno, hombre, negra, talla S"},"content":{"rendered":"<h3>Descripci\u00f3n de la<\/h3>\n<p>M\u00e1s informaci\u00f3n sobre este producto<\/p>\n<p>Tirantes integrados<br \/>\nCuello: Capucha<br \/>\nCierre: cremallera<br \/>\nBolsillos: bolsillos con solapa, bolsillo interior<br \/>\nDetalles de la capucha: capucha con cord\u00f3n, capucha forrada<br \/>\nDetalles: bolsillos con aberturas<\/p>\n<h3>Material e instrucciones de cuidado<\/h3>\n<p>Material tejido exterior: poli\u00e9ster 100%<br \/>\nMaterial de relleno: poli\u00e9ster 100%<br \/>\nForro: poli\u00e9ster 100%<br \/>\nGrosor del forro: Forro c\u00e1lido<br \/>\nInstrucciones de cuidado: Lavable a m\u00e1quina a 30\u00b0C, ciclo delicado<\/p>\n<h3>Ajuste<\/h3>\n<p>Talla de la modelo: Nuestra modelo mide 186 cm y lleva una talla M<br \/>\nAjuste: Normal<br \/>\nLongitud: Longitud normal<br \/>\nLongitud de la manga: Manga larga<br \/>\nLongitud de las mangas: 65 cm para la talla M<br \/>\nAnchura de la espalda: 51 cm para la talla M<br \/>\nLongitud total: 72 cm para la talla M<\/p>","protected":false},"excerpt":{"rendered":"<h3>Artikelmerkmale<\/h3>\n<p>Estado del art\u00edculo: Nuevo con etiqueta: Art\u00edculo nuevo, sin usar y sin estrenar, en su embalaje original.<\/p>\n<p>Abteilung: Herren<br \/>\nAktivit\u00e4t: Spazieren<br \/>\nAnlass: Business, Freizeit, Reise<br \/>\nAu\u00dfenmaterial: Polyester<br \/>\nBesonderheiten: Durchgehender Rei\u00dfverschluss<br \/>\nCharakter: ohne<br \/>\nEAN: 8719852237985<br \/>\nColor: Negro<br \/>\nFuttermaterial: Polyester<br \/>\nGewebeart: ohne Angabe<br \/>\nTalla: S<br \/>\nGr\u00f6\u00dfenkategorie: Normalgr\u00f6\u00dfe<br \/>\nIsoliermaterial: Polyester<br \/>\nJahreszeit: Winter<br \/>\nMarke: Calvin Klein<br \/>\nModell: Puffer Jacket<br \/>\nMuster: Ohne Muster<br \/>\nTipo de producto: Chaqueta<br \/>\nStil: Puffer Jacket<br \/>\nThema: Sport<br \/>\nCierre: cremallera<br \/>\nVintage: Nein<\/p>","protected":false},"featured_media":77487,"comment_status":"open","ping_status":"closed","template":"","meta":{"_seopress_robots_primary_cat":"","_seopress_titles_title":"","_seopress_titles_desc":"","_seopress_robots_index":""},"product_brand":[],"product_cat":[1345,1363,1377,1412],"product_tag":[],"class_list":{"0":"post-77339","1":"product","2":"type-product","3":"status-publish","4":"has-post-thumbnail","6":"product_cat-herrenmode","7":"product_cat-jacken-maentel-herrenmode","8":"product_cat-winterjacken-jacken-maentel-herrenmode","9":"product_cat-pufferjacken","10":"product_shipping_class-standard-versand","12":"first","13":"instock","14":"sale","15":"taxable","16":"shipping-taxable","17":"purchasable","18":"product-type-simple"},"_links":{"self":[{"href":"https:\/\/www.soanam.de\/es\/wp-json\/wp\/v2\/product\/77339","targetHints":{"allow":["GET"]}}],"collection":[{"href":"https:\/\/www.soanam.de\/es\/wp-json\/wp\/v2\/product"}],"about":[{"href":"https:\/\/www.soanam.de\/es\/wp-json\/wp\/v2\/types\/product"}],"replies":[{"embeddable":true,"href":"https:\/\/www.soanam.de\/es\/wp-json\/wp\/v2\/comments?post=77339"}],"wp:featuredmedia":[{"embeddable":true,"href":"https:\/\/www.soanam.de\/es\/wp-json\/wp\/v2\/media\/77487"}],"wp:attachment":[{"href":"https:\/\/www.soanam.de\/es\/wp-json\/wp\/v2\/media?parent=77339"}],"wp:term":[{"taxonomy":"product_brand","embeddable":true,"href":"https:\/\/www.soanam.de\/es\/wp-json\/wp\/v2\/product_brand?post=77339"},{"taxonomy":"product_cat","embeddable":true,"href":"https:\/\/www.soanam.de\/es\/wp-json\/wp\/v2\/product_cat?post=77339"},{"taxonomy":"product_tag","embeddable":true,"href":"https:\/\/www.soanam.de\/es\/wp-json\/wp\/v2\/product_tag?post=77339"}],"curies":[{"name":"wp","href":"https:\/\/api.w.org\/{rel}","templated":true}]}}

<h3>Descripción de la</h3>
<p>Más información sobre este producto</p>
<p>Tirantes integrados<br />
Cuello: Capucha<br />
Cierre: cremallera<br />
Bolsillos: bolsillos con solapa, bolsillo interior<br />
Detalles de la capucha: capucha con cordón, capucha forrada<br />
Detalles: bolsillos con aberturas</p>
<h3>Material e instrucciones de cuidado</h3>
<p>Material tejido exterior: poliéster 100%<br />
Material de relleno: poliéster 100%<br />
Forro: poliéster 100%<br />
Grosor del forro: Forro cálido<br />
Instrucciones de cuidado: Lavable a máquina a 30°C, ciclo delicado</p>
<h3>Ajuste</h3>
<p>Talla de la modelo: Nuestra modelo mide 186 cm y lleva una talla M<br />
Ajuste: Normal<br />
Longitud: Longitud normal<br />
Longitud de la manga: Manga larga<br />
Longitud de las mangas: 65 cm para la talla M<br />
Anchura de la espalda: 51 cm para la talla M<br />
Longitud total: 72 cm para la talla M</p>

<h3>Artikelmerkmale</h3>
<p>Estado del artículo: Nuevo con etiqueta: Artículo nuevo, sin usar y sin estrenar, en su embalaje original.</p>
<p>Abteilung: Herren<br />
Aktivität: Spazieren<br />
Anlass: Business, Freizeit, Reise<br />
Außenmaterial: Polyester<br />
Besonderheiten: Durchgehender Reißverschluss<br />
Charakter: ohne<br />
EAN: 8719852237985<br />
Color: Negro<br />
Futtermaterial: Polyester<br />
Gewebeart: ohne Angabe<br />
Talla: S<br />
Größenkategorie: Normalgröße<br />
Isoliermaterial: Polyester<br />
Jahreszeit: Winter<br />
Marke: Calvin Klein<br />
Modell: Puffer Jacket<br />
Muster: Ohne Muster<br />
Tipo de producto: Chaqueta<br />
Stil: Puffer Jacket<br />
Thema: Sport<br />
Cierre: cremallera<br />
Vintage: Nein</p>
