{"id":77293,"date":"2023-12-13T20:47:21","date_gmt":"2023-12-13T19:47:21","guid":{"rendered":"https:\/\/www.soanam.de\/?post_type=product&#038;p=77293"},"modified":"2023-12-13T20:52:08","modified_gmt":"2023-12-13T19:52:08","slug":"massimo-dutti-chaqueta-de-cuero-genuino-para-mujer-en-estilo-biker-negro-talla-m","status":"publish","type":"product","link":"https:\/\/www.soanam.de\/es\/produkt\/massimo-dutti-echtlederjacke-fuer-frauen-im-bikerstil-schwarz-groesse-m\/","title":{"rendered":"Massimo Dutti - Cazadora de piel aut\u00e9ntica para mujer estilo motero, negra, talla M"},"content":{"rendered":"<h3>Descripci\u00f3n de la<\/h3>\n<p>Bolsillos: Bolsillos con solapa<br \/>\nMotivo: Colores lisos<br \/>\nDetalles: Cremalleras<\/p>\n<h3>Material e instrucciones de cuidado<\/h3>\n<p>Material exterior: cuero 100%<br \/>\nForro: poli\u00e9ster 100%<br \/>\nPartes no textiles de origen animal: S\u00ed<br \/>\nInstrucciones de cuidado: No secar en secadora, no lavar, no planchar<\/p>\n<h3>Ajuste<\/h3>\n<p>Longitud total: 54,8 cm para la talla M<\/p>","protected":false},"excerpt":{"rendered":"<h3>Artikelmerkmale<\/h3>\n<p>Estado del art\u00edculo: Nuevo con etiqueta: Art\u00edculo nuevo, sin usar y sin estrenar, en su embalaje original.<\/p>\n<p>Abteilung: Damen<br \/>\nAkzente: Rei\u00dfverschluss<br \/>\nAnlass: Business, Freizeit, Reise<br \/>\nAu\u00dfenmaterial: Leder<br \/>\nBesonderheiten: Durchgehender Rei\u00dfverschluss<br \/>\nCharakter: ohne<br \/>\nColor: Negro<br \/>\nFuttermaterial: Polyester<br \/>\nGewebeart: Leder<br \/>\nTalla: S<br \/>\nGr\u00f6\u00dfenkategorie: Normalgr\u00f6\u00dfe<br \/>\nIsoliermaterial: ohne<br \/>\nJacken-\/Mantell\u00e4nge: Kurz<br \/>\nJahreszeit: Fr\u00fchling, Herbst<br \/>\nMarke: Massimo Dutti<br \/>\nModell: Biker<br \/>\nMuster: Ohne Muster<br \/>\nTipo de producto: Chaqueta<br \/>\nStil: Biker<br \/>\nThema: Biker<br \/>\nCierre: cremallera<br \/>\nVintage: Nein<\/p>","protected":false},"featured_media":77432,"comment_status":"open","ping_status":"closed","template":"","meta":{"_seopress_robots_primary_cat":"","_seopress_titles_title":"","_seopress_titles_desc":"","_seopress_robots_index":""},"product_brand":[],"product_cat":[1348,1354,1405],"product_tag":[],"class_list":{"0":"post-77293","1":"product","2":"type-product","3":"status-publish","4":"has-post-thumbnail","6":"product_cat-damen-mode","7":"product_cat-jacken-maentel","8":"product_cat-lederjacken-jacken-maentel","9":"product_shipping_class-standard-versand","11":"first","12":"instock","13":"sale","14":"taxable","15":"shipping-taxable","16":"purchasable","17":"product-type-simple"},"_links":{"self":[{"href":"https:\/\/www.soanam.de\/es\/wp-json\/wp\/v2\/product\/77293","targetHints":{"allow":["GET"]}}],"collection":[{"href":"https:\/\/www.soanam.de\/es\/wp-json\/wp\/v2\/product"}],"about":[{"href":"https:\/\/www.soanam.de\/es\/wp-json\/wp\/v2\/types\/product"}],"replies":[{"embeddable":true,"href":"https:\/\/www.soanam.de\/es\/wp-json\/wp\/v2\/comments?post=77293"}],"wp:featuredmedia":[{"embeddable":true,"href":"https:\/\/www.soanam.de\/es\/wp-json\/wp\/v2\/media\/77432"}],"wp:attachment":[{"href":"https:\/\/www.soanam.de\/es\/wp-json\/wp\/v2\/media?parent=77293"}],"wp:term":[{"taxonomy":"product_brand","embeddable":true,"href":"https:\/\/www.soanam.de\/es\/wp-json\/wp\/v2\/product_brand?post=77293"},{"taxonomy":"product_cat","embeddable":true,"href":"https:\/\/www.soanam.de\/es\/wp-json\/wp\/v2\/product_cat?post=77293"},{"taxonomy":"product_tag","embeddable":true,"href":"https:\/\/www.soanam.de\/es\/wp-json\/wp\/v2\/product_tag?post=77293"}],"curies":[{"name":"wp","href":"https:\/\/api.w.org\/{rel}","templated":true}]}}

Massimo Dutti - Cazadora de piel auténtica para mujer estilo motero, negra, talla M

<h3>Descripción de la</h3>
<p>Bolsillos: Bolsillos con solapa<br />
Motivo: Colores lisos<br />
Detalles: Cremalleras</p>
<h3>Material e instrucciones de cuidado</h3>
<p>Material exterior: cuero 100%<br />
Forro: poliéster 100%<br />
Partes no textiles de origen animal: Sí<br />
Instrucciones de cuidado: No secar en secadora, no lavar, no planchar</p>
<h3>Ajuste</h3>
<p>Longitud total: 54,8 cm para la talla M</p>

<h3>Artikelmerkmale</h3>
<p>Estado del artículo: Nuevo con etiqueta: Artículo nuevo, sin usar y sin estrenar, en su embalaje original.</p>
<p>Abteilung: Damen<br />
Akzente: Reißverschluss<br />
Anlass: Business, Freizeit, Reise<br />
Außenmaterial: Leder<br />
Besonderheiten: Durchgehender Reißverschluss<br />
Charakter: ohne<br />
Color: Negro<br />
Futtermaterial: Polyester<br />
Gewebeart: Leder<br />
Talla: S<br />
Größenkategorie: Normalgröße<br />
Isoliermaterial: ohne<br />
Jacken-/Mantellänge: Kurz<br />
Jahreszeit: Frühling, Herbst<br />
Marke: Massimo Dutti<br />
Modell: Biker<br />
Muster: Ohne Muster<br />
Tipo de producto: Chaqueta<br />
Stil: Biker<br />
Thema: Biker<br />
Cierre: cremallera<br />
Vintage: Nein</p>
