{"id":77121,"date":"2023-12-13T20:36:56","date_gmt":"2023-12-13T19:36:56","guid":{"rendered":"https:\/\/www.soanam.de\/?post_type=product&#038;p=77121"},"modified":"2023-12-13T20:47:03","modified_gmt":"2023-12-13T19:47:03","slug":"woolrich-arctic-parka-nf-chaqueta-de-pluma-para-chicos","status":"publish","type":"product","link":"https:\/\/www.soanam.de\/es\/produkt\/woolrich-arctic-parka-nf-daunenjacke-fuer-jungen\/","title":{"rendered":"Woolrich Arctic Parka NF, chaqueta de plumas para ni\u00f1os"},"content":{"rendered":"<p>Woolrich - Der Arctic Parka NF, der l\u00e4ssige Unisex Parka von Woolrich ohne Fell. Locker geschnitten und mit vielen Taschen, wie der Arctic Parka FC!<\/p>\n<h3>detalles<\/h3>\n<ul>\n<li>Parka<\/li>\n<li>Corte recto<\/li>\n<li>Repelente al viento y al agua gracias al revestimiento de tefl\u00f3n hasta -20\u00b0C<\/li>\n<li>Forrado con plum\u00f3n y plumas de verdad<\/li>\n<li>Con cremallera bidireccional y tapeta de botones<\/li>\n<li>Cuello alto con capucha<\/li>\n<li>Grandes bolsillos de parche con botones<\/li>\n<li>Bolsillos delanteros adicionales con botones a presi\u00f3n<\/li>\n<li>Protecci\u00f3n contra el viento en los extremos de las mangas<\/li>\n<li>Logotipo de Woolrich en el cuello<\/li>\n<\/ul>\n<h3>Sugerencia<\/h3>\n<p>La talla 14 a\u00f1os ( 164 ), se adapta a se\u00f1oras con talla de vestido XS y S<br \/>\nUn poco m\u00e1s grande de lo normal<\/p>\n<h3>Material y cuidado<\/h3>\n<p>Exterior: algod\u00f3n 60%, nailon 40%,<br \/>\nInterior: nylon 100%,<br \/>\nForro: plum\u00f3n 70%, plumas 30%<br \/>\nLavado a m\u00e1quina<\/p>\n<h3>Atenci\u00f3n<\/h3>\n<p>Se trata de un art\u00edculo nuevo y sin estrenar, pero con ligeros da\u00f1os de transporte, por lo que el art\u00edculo tiene un descuento de 10%.<br \/>\nComo se puede ver en las fotos 4 y 5, uno de los botones est\u00e1 da\u00f1ado y falta otro.<br \/>\nNo obstante, se suministra un bot\u00f3n de repuesto.<\/p>","protected":false},"excerpt":{"rendered":"<h3>Artikelmerkmale<\/h3>\n<p>Estado del art\u00edculo: Nuevo con etiqueta: Art\u00edculo nuevo, sin usar y sin estrenar, en su embalaje original.<\/p>\n<p>Abteilung: Jungen<br \/>\nAktivit\u00e4t: Spazieren<br \/>\nAnlass: Freizeit<br \/>\nAu\u00dfenmaterial: 60% Baumwolle, 40% Nylon<br \/>\nBesonderheiten: Wind- und Wasserabweisend<br \/>\nEAN: 8056592124121<br \/>\nColor: Negro<br \/>\nGewebeart: Mischgewebe<br \/>\nGr\u00f6\u00dfe: 164<br \/>\nIsoliermaterial: Daunen<br \/>\nJahreszeit: Winter<br \/>\nMarke: Parka<br \/>\nModell: Woolrich Arctic<br \/>\nTipo de producto: Chaqueta<br \/>\nStil: Daunenjacke<br \/>\nThema: Winter<br \/>\nCierre: cremallera<br \/>\nVintage: Nein<\/p>","protected":false},"featured_media":77281,"comment_status":"open","ping_status":"closed","template":"","meta":{"_seopress_robots_primary_cat":"","_seopress_titles_title":"","_seopress_titles_desc":"","_seopress_robots_index":""},"product_brand":[],"product_cat":[1351,1390,1392],"product_tag":[],"class_list":{"0":"post-77121","1":"product","2":"type-product","3":"status-publish","4":"has-post-thumbnail","6":"product_cat-kindermode","7":"product_cat-jacken-maentel-kindermode","8":"product_cat-parkas-winterjacken-jacken-maentel-kindermode","9":"product_shipping_class-standard-versand","11":"first","12":"instock","13":"sale","14":"taxable","15":"shipping-taxable","16":"purchasable","17":"product-type-simple"},"_links":{"self":[{"href":"https:\/\/www.soanam.de\/es\/wp-json\/wp\/v2\/product\/77121","targetHints":{"allow":["GET"]}}],"collection":[{"href":"https:\/\/www.soanam.de\/es\/wp-json\/wp\/v2\/product"}],"about":[{"href":"https:\/\/www.soanam.de\/es\/wp-json\/wp\/v2\/types\/product"}],"replies":[{"embeddable":true,"href":"https:\/\/www.soanam.de\/es\/wp-json\/wp\/v2\/comments?post=77121"}],"wp:featuredmedia":[{"embeddable":true,"href":"https:\/\/www.soanam.de\/es\/wp-json\/wp\/v2\/media\/77281"}],"wp:attachment":[{"href":"https:\/\/www.soanam.de\/es\/wp-json\/wp\/v2\/media?parent=77121"}],"wp:term":[{"taxonomy":"product_brand","embeddable":true,"href":"https:\/\/www.soanam.de\/es\/wp-json\/wp\/v2\/product_brand?post=77121"},{"taxonomy":"product_cat","embeddable":true,"href":"https:\/\/www.soanam.de\/es\/wp-json\/wp\/v2\/product_cat?post=77121"},{"taxonomy":"product_tag","embeddable":true,"href":"https:\/\/www.soanam.de\/es\/wp-json\/wp\/v2\/product_tag?post=77121"}],"curies":[{"name":"wp","href":"https:\/\/api.w.org\/{rel}","templated":true}]}}

Woolrich Arctic Parka NF, chaqueta de plumas para niños

<p>Woolrich - Der Arctic Parka NF, der lässige Unisex Parka von Woolrich ohne Fell. Locker geschnitten und mit vielen Taschen, wie der Arctic Parka FC!</p>
<h3>detalles</h3>
<ul>
<li>Parka</li>
<li>Corte recto</li>
<li>Repelente al viento y al agua gracias al revestimiento de teflón hasta -20°C</li>
<li>Forrado con plumón y plumas de verdad</li>
<li>Con cremallera bidireccional y tapeta de botones</li>
<li>Cuello alto con capucha</li>
<li>Grandes bolsillos de parche con botones</li>
<li>Bolsillos delanteros adicionales con botones a presión</li>
<li>Protección contra el viento en los extremos de las mangas</li>
<li>Logotipo de Woolrich en el cuello</li>
</ul>
<h3>Sugerencia</h3>
<p>La talla 14 años ( 164 ), se adapta a señoras con talla de vestido XS y S<br />
Un poco más grande de lo normal</p>
<h3>Material y cuidado</h3>
<p>Exterior: algodón 60%, nailon 40%,<br />
Interior: nylon 100%,<br />
Forro: plumón 70%, plumas 30%<br />
Lavado a máquina</p>
<h3>Atención</h3>
<p>Se trata de un artículo nuevo y sin estrenar, pero con ligeros daños de transporte, por lo que el artículo tiene un descuento de 10%.<br />
Como se puede ver en las fotos 4 y 5, uno de los botones está dañado y falta otro.<br />
No obstante, se suministra un botón de repuesto.</p>

<h3>Artikelmerkmale</h3>
<p>Estado del artículo: Nuevo con etiqueta: Artículo nuevo, sin usar y sin estrenar, en su embalaje original.</p>
<p>Abteilung: Jungen<br />
Aktivität: Spazieren<br />
Anlass: Freizeit<br />
Außenmaterial: 60% Baumwolle, 40% Nylon<br />
Besonderheiten: Wind- und Wasserabweisend<br />
EAN: 8056592124121<br />
Color: Negro<br />
Gewebeart: Mischgewebe<br />
Größe: 164<br />
Isoliermaterial: Daunen<br />
Jahreszeit: Winter<br />
Marke: Parka<br />
Modell: Woolrich Arctic<br />
Tipo de producto: Chaqueta<br />
Stil: Daunenjacke<br />
Thema: Winter<br />
Cierre: cremallera<br />
Vintage: Nein</p>
