{"id":77017,"date":"2023-12-13T20:32:13","date_gmt":"2023-12-13T19:32:13","guid":{"rendered":"https:\/\/www.soanam.de\/?post_type=product&#038;p=77017"},"modified":"2023-12-13T20:37:28","modified_gmt":"2023-12-13T19:37:28","slug":"g-iii-carl-banks-nba-los-angeles-lakers-vintage-jacket","status":"publish","type":"product","link":"https:\/\/www.soanam.de\/es\/produkt\/g-iii-carl-banks-nba-los-angeles-lakers-vintage-jacke\/","title":{"rendered":"G-III CARL BANKS NBA LOS ANGELES LAKERS VINTAGE JACKET"},"content":{"rendered":"<div><span style=\"font-family: Arial;\"><b>G-III CARL BANKS NBA LOS ANGELES LAKERS VINTAGE CHAQUETA TALLA L - UNICA, NUEVA CON ETIQUETA<\/b><\/span><\/div>\n<div><span style=\"font-family: Arial;\">\u00a0<\/span><\/div>\n<div><span style=\"font-family: Arial;\"><b>detalles<\/b>\u00a0<\/span><\/div>\n<ul>\n<li>G-III Carl Banks chaqueta oficial NBA Los Angeles Lakers multicolor con cremallera.<\/li>\n<li><span style=\"font-family: Arial;\">La chaqueta est\u00e1 hecha de imitaci\u00f3n de cuero en el exterior y poli\u00e9ster en el interior.\u00a0<\/span><\/li>\n<li><span style=\"font-family: Arial;\">Esta chaqueta presenta el logotipo \"Los Angeles Lakers\" en la parte delantera izquierda y en la espalda, con logotipos adicionales en el brazo derecho e izquierdo.<\/span><\/li>\n<li><span style=\"font-family: Arial;\">La chaqueta tiene 2 bolsillos exteriores y 2 interiores, uno de ellos con cremallera.<\/span><\/li>\n<li><span style=\"font-family: Arial;\">El cuello, los pu\u00f1os y la cintura son de punto de canal\u00e9 multicolor.<\/span><\/li>\n<li><span style=\"font-family: Arial;\">La chaqueta est\u00e1 disponible en los colores negro\/morado\/amarillo.<\/span><\/li>\n<\/ul>\n<div><span style=\"font-family: Arial;\"><b>Material<\/b><\/span><\/div>\n<ul>\n<li><span style=\"font-family: Arial;\">Exterior: cloruro de polivinilo 95%, poliuretano 5%<\/span><\/li>\n<li><span style=\"font-family: Arial;\">Forro: poli\u00e9ster 100%<\/span><\/li>\n<\/ul>\n<div><span style=\"font-family: Arial;\"><b>Atenci\u00f3n<\/b><\/span><\/div>\n<ul>\n<li><span style=\"font-family: Arial;\">Limpiar s\u00f3lo con un pa\u00f1o h\u00famedo, no lavar<\/span><\/li>\n<\/ul>\n<div><\/div>","protected":false},"excerpt":{"rendered":"<h2 id=\"ABOUT_THIS_ITEM0-0-1-1-title\" class=\"section-title__title\"><span class=\"ux-layout-section-module__title\" data-testid=\"ux-textual-display\"><span class=\"ux-textspans\">Artikelmerkmale<\/span><\/span><\/h2>\n<p><strong>Artikelzustand:<\/strong> Neu: Neuer, unbenutzter und unbesch\u00e4digter Artikel in nicht ge\u00f6ffneter Originalverpackung<\/p>\n<p><strong>Abteilung:<\/strong> Herren<br \/>\n<strong>Angebotspaket:<\/strong> Nein<br \/>\n<strong>Color:<\/strong> Schwarz\/Lila\/Gelb<br \/>\n<strong>Gr\u00f6\u00dfe:<\/strong> Large<br \/>\n<strong>Herstellernummer:<\/strong> LA230445<br \/>\n<strong>Herstellungsland und -region:<\/strong> China<br \/>\n<strong>Liga:<\/strong> NBA<br \/>\n<strong>Marke:<\/strong> Carl Banks G-III<br \/>\n<strong>Material:<\/strong> Imitaci\u00f3n de cuero<br \/>\n<strong>Modell:<\/strong> Los Angeles Lakers<br \/>\n<strong>Modifizierter Artikel:<\/strong> Nein<br \/>\n<strong>Produktart:<\/strong> Jacke<br \/>\n<strong>Team:<\/strong> LA Lakers<\/p>","protected":false},"featured_media":77130,"comment_status":"open","ping_status":"closed","template":"","meta":{"_seopress_robots_primary_cat":"","_seopress_titles_title":"","_seopress_titles_desc":"","_seopress_robots_index":""},"product_brand":[],"product_cat":[1345,1365,1370,1371,1372,1373],"product_tag":[],"class_list":{"0":"post-77017","1":"product","2":"type-product","3":"status-publish","4":"has-post-thumbnail","6":"product_cat-herrenmode","7":"product_cat-sportbekleidung","8":"product_cat-lederjacken","9":"product_cat-jacken","10":"product_cat-sportbekleidung-kindermode","11":"product_cat-jacken-sportbekleidung-kindermode","12":"product_shipping_class-standard-versand","14":"first","15":"instock","16":"sale","17":"taxable","18":"shipping-taxable","19":"purchasable","20":"product-type-simple"},"_links":{"self":[{"href":"https:\/\/www.soanam.de\/es\/wp-json\/wp\/v2\/product\/77017","targetHints":{"allow":["GET"]}}],"collection":[{"href":"https:\/\/www.soanam.de\/es\/wp-json\/wp\/v2\/product"}],"about":[{"href":"https:\/\/www.soanam.de\/es\/wp-json\/wp\/v2\/types\/product"}],"replies":[{"embeddable":true,"href":"https:\/\/www.soanam.de\/es\/wp-json\/wp\/v2\/comments?post=77017"}],"wp:featuredmedia":[{"embeddable":true,"href":"https:\/\/www.soanam.de\/es\/wp-json\/wp\/v2\/media\/77130"}],"wp:attachment":[{"href":"https:\/\/www.soanam.de\/es\/wp-json\/wp\/v2\/media?parent=77017"}],"wp:term":[{"taxonomy":"product_brand","embeddable":true,"href":"https:\/\/www.soanam.de\/es\/wp-json\/wp\/v2\/product_brand?post=77017"},{"taxonomy":"product_cat","embeddable":true,"href":"https:\/\/www.soanam.de\/es\/wp-json\/wp\/v2\/product_cat?post=77017"},{"taxonomy":"product_tag","embeddable":true,"href":"https:\/\/www.soanam.de\/es\/wp-json\/wp\/v2\/product_tag?post=77017"}],"curies":[{"name":"wp","href":"https:\/\/api.w.org\/{rel}","templated":true}]}}

<div><span style="font-family: Arial;"><b>G-III CARL BANKS NBA LOS ANGELES LAKERS VINTAGE CHAQUETA TALLA L - UNICA, NUEVA CON ETIQUETA</b></span></div>
<div><span style="font-family: Arial;"> </span></div>
<div><span style="font-family: Arial;"><b>detalles</b> </span></div>
<ul>
<li>G-III Carl Banks chaqueta oficial NBA Los Angeles Lakers multicolor con cremallera.</li>
<li><span style="font-family: Arial;">La chaqueta está hecha de imitación de cuero en el exterior y poliéster en el interior. </span></li>
<li><span style="font-family: Arial;">Esta chaqueta presenta el logotipo "Los Angeles Lakers" en la parte delantera izquierda y en la espalda, con logotipos adicionales en el brazo derecho e izquierdo.</span></li>
<li><span style="font-family: Arial;">La chaqueta tiene 2 bolsillos exteriores y 2 interiores, uno de ellos con cremallera.</span></li>
<li><span style="font-family: Arial;">El cuello, los puños y la cintura son de punto de canalé multicolor.</span></li>
<li><span style="font-family: Arial;">La chaqueta está disponible en los colores negro/morado/amarillo.</span></li>
</ul>
<div><span style="font-family: Arial;"><b>Material</b></span></div>
<ul>
<li><span style="font-family: Arial;">Exterior: cloruro de polivinilo 95%, poliuretano 5%</span></li>
<li><span style="font-family: Arial;">Forro: poliéster 100%</span></li>
</ul>
<div><span style="font-family: Arial;"><b>Atención</b></span></div>
<ul>
<li><span style="font-family: Arial;">Limpiar sólo con un paño húmedo, no lavar</span></li>
</ul>
<div></div>

<h2 id="ABOUT_THIS_ITEM0-0-1-1-title" class="section-title__title"><span class="ux-layout-section-module__title" data-testid="ux-textual-display"><span class="ux-textspans">Artikelmerkmale</span></span></h2>
<p><strong>Artikelzustand:</strong> Neu: Neuer, unbenutzter und unbeschädigter Artikel in nicht geöffneter Originalverpackung</p>
<p><strong>Abteilung:</strong> Herren<br />
<strong>Angebotspaket:</strong> Nein<br />
<strong>Color:</strong> Schwarz/Lila/Gelb<br />
<strong>Größe:</strong> Large<br />
<strong>Herstellernummer:</strong> LA230445<br />
<strong>Herstellungsland und -region:</strong> China<br />
<strong>Liga:</strong> NBA<br />
<strong>Marke:</strong> Carl Banks G-III<br />
<strong>Material:</strong> Imitación de cuero<br />
<strong>Modell:</strong> Los Angeles Lakers<br />
<strong>Modifizierter Artikel:</strong> Nein<br />
<strong>Produktart:</strong> Jacke<br />
<strong>Team:</strong> LA Lakers</p>
