{"id":82312,"date":"2023-12-14T02:21:36","date_gmt":"2023-12-14T01:21:36","guid":{"rendered":"https:\/\/www.soanam.de\/?post_type=product&#038;p=82312"},"modified":"2023-12-14T02:24:09","modified_gmt":"2023-12-14T01:24:09","slug":"alpenblitz-steppmantel-oslo-in-marine-groesse-44","status":"publish","type":"product","link":"https:\/\/www.soanam.de\/en\/produkt\/alpenblitz-steppmantel-oslo-in-marine-groesse-44\/","title":{"rendered":"ALPENBLITZ quilted coat Oslo, in navy, size 44"},"content":{"rendered":"<p>Steppmantel in Langform von ALPENBLITZ<br \/>\nWasserabweisender Oberstoff, w\u00e4rmend wattiert, abnehmbare Kapuze mit besonders kuscheligem Kapuzenfutter<br \/>\nFigurumspielende Passform mit einer durch G\u00fcrtel betonten Taille und geradem Saum<br \/>\nDer praktischer Zwei-Wege-Rei\u00dfverschluss und die zwei gro\u00dfen Schlitze mit Kn\u00f6pfen hinten runden einen variablen Tragekomfort ab<br \/>\nZwei mit Lederimitat abgesetzte Pattentaschen mit Kn\u00f6pfen und eine Innentasche mit Rei\u00dfverschluss<\/p>\n<p>Stylisch, sportlicher Steppmantel von ALPENBLITZ, der mit hochwertigen Leder-Imitat-Details und Schnallen-G\u00fcrtel zu einem echten Hingucker wird.<br \/>\nLeichter Langmantel, der die Figur gekonnt umspielt, betonte Taille, die zus\u00e4tzlich durch einen G\u00fcrtel feminin in Szene gesetzt wird, echter Figurschmeichler durch Steppungen.<br \/>\nAbnehmbare Kapuze mit ultra-kuscheligem Futter und kn\u00f6pfbaren Laschen, Innentasche mit Rei\u00dfverschluss, 2-Wege-Zipper mit Puller mit Marken Pr\u00e4gung.<br \/>\nObermaterial aus leicht gl\u00e4nzendem robustem Gewebe, angenehm leicht wattiert mit raffinierten Absteppungen.<\/p>\n<p>Material: Obermaterial: 90% Polyester , 10% Elasthan. Futter: 100% Polyester. Kapuzenfutter: 100% Polyester. Wattierung: 100% Polyester. B\u00fcndchen, \u00c4rmel: 95% Polyester, 5% Elasthan<\/p>\n<p>Care instructions: Machine wash<\/p>\n<p>Color: navy<br \/>\nPattern: without<br \/>\nSize: 44<\/p>\n<p>Shoulder width: 46cm<br \/>\nChest width: 116cm<\/p>\n<p>Sleeve length: 67cm<br \/>\nTotal length: 99cm<\/p>","protected":false},"excerpt":{"rendered":"<table class=\"dv_characteristicsTable\">\n<tbody>\n<tr>\n<td class=\"left\">Size<\/td>\n<td>44<\/td>\n<\/tr>\n<tr>\n<td class=\"left\">Gr\u00f6\u00dfentyp<\/td>\n<td>Normalgr\u00f6\u00dfen<\/td>\n<\/tr>\n<tr>\n<td class=\"left\">Material composition<\/td>\n<td>Obermaterial: 90% Polyester\u00a0, 10% Elasthan. Futter: 100% Polyester. Kapuzenfutter: 100% Polyester. Wattierung: 100% Polyester. B\u00fcndchen, \u00c4rmel: 95% Polyester, 5% Elasthan<\/td>\n<\/tr>\n<tr>\n<td class=\"left\">Materialart<\/td>\n<td>Web<\/td>\n<\/tr>\n<tr>\n<td class=\"left\">Care instructions<\/td>\n<td>Machine wash<\/td>\n<\/tr>\n<tr>\n<td class=\"left\">Optik<\/td>\n<td>unifarben, kontrastfarbene Details<\/td>\n<\/tr>\n<tr>\n<td class=\"left\">Stil<\/td>\n<td>sportlich<\/td>\n<\/tr>\n<tr>\n<td class=\"left\">Color<\/td>\n<td>marine<\/td>\n<\/tr>\n<tr>\n<td class=\"left\">Kragen<\/td>\n<td>Stand-up collar<\/td>\n<\/tr>\n<tr>\n<td class=\"left\">Kragendetails<\/td>\n<td>farblich passend gef\u00fcttert<\/td>\n<\/tr>\n<tr>\n<td class=\"left\">\u00c4rmel<\/td>\n<td>Long sleeve<\/td>\n<\/tr>\n<tr>\n<td class=\"left\">\u00c4rmelabschluss<\/td>\n<td>Ribbed cuffs<\/td>\n<\/tr>\n<tr>\n<td class=\"left\">\u00c4rmelabschlussdetails<\/td>\n<td>mit Windstopper<\/td>\n<\/tr>\n<tr>\n<td class=\"left\">Rumpfabschlussdetails<\/td>\n<td>mit Schlitz, mit Kn\u00f6pfen<\/td>\n<\/tr>\n<tr>\n<td class=\"left\">Fit<\/td>\n<td>figurumspielend<\/td>\n<\/tr>\n<tr>\n<td class=\"left\">Schnittform L\u00e4nge<\/td>\n<td>kniefrei<\/td>\n<\/tr>\n<tr>\n<td class=\"left\">Kapuze<\/td>\n<td>mit Kapuze<\/td>\n<\/tr>\n<tr>\n<td class=\"left\">Kapuzendetails<\/td>\n<td>abnehmbar<\/td>\n<\/tr>\n<tr>\n<td class=\"left\">Kapuzenf\u00fctterung<\/td>\n<td>Fleece<\/td>\n<\/tr>\n<tr>\n<td class=\"left\">Applikationen<\/td>\n<td>Markenlabel, Logopr\u00e4gung, Badge<\/td>\n<\/tr>\n<tr>\n<td class=\"left\">Bags<\/td>\n<td>Pattentaschen, Innentaschen<\/td>\n<\/tr>\n<tr>\n<td class=\"left\">Verschluss<\/td>\n<td>2-Wege-Rei\u00dfverschluss, G\u00fcrtel<\/td>\n<\/tr>\n<tr>\n<td class=\"left\">Verschlussdetails<\/td>\n<td>durchgehend<\/td>\n<\/tr>\n<tr>\n<td class=\"left\">Besondere Merkmale<\/td>\n<td>hochwertiger Steppmantel mit Markenpr\u00e4gung auf dem elastischem G\u00fcrtel und abnehmbarer Kuschel-Kapuze<\/td>\n<\/tr>\n<\/tbody>\n<\/table>","protected":false},"featured_media":82422,"comment_status":"open","ping_status":"closed","template":"","meta":{"_seopress_robots_primary_cat":"","_seopress_titles_title":"","_seopress_titles_desc":"","_seopress_robots_index":""},"product_brand":[],"product_cat":[1348,1354,1375,1376],"product_tag":[],"class_list":{"0":"post-82312","1":"product","2":"type-product","3":"status-publish","4":"has-post-thumbnail","6":"product_cat-damen-mode","7":"product_cat-jacken-maentel","8":"product_cat-winterjacken","9":"product_cat-daunenjacken-steppjacken","10":"product_shipping_class-standard-versand","12":"first","13":"instock","14":"taxable","15":"shipping-taxable","16":"purchasable","17":"product-type-simple"},"_links":{"self":[{"href":"https:\/\/www.soanam.de\/en\/wp-json\/wp\/v2\/product\/82312","targetHints":{"allow":["GET"]}}],"collection":[{"href":"https:\/\/www.soanam.de\/en\/wp-json\/wp\/v2\/product"}],"about":[{"href":"https:\/\/www.soanam.de\/en\/wp-json\/wp\/v2\/types\/product"}],"replies":[{"embeddable":true,"href":"https:\/\/www.soanam.de\/en\/wp-json\/wp\/v2\/comments?post=82312"}],"wp:featuredmedia":[{"embeddable":true,"href":"https:\/\/www.soanam.de\/en\/wp-json\/wp\/v2\/media\/82422"}],"wp:attachment":[{"href":"https:\/\/www.soanam.de\/en\/wp-json\/wp\/v2\/media?parent=82312"}],"wp:term":[{"taxonomy":"product_brand","embeddable":true,"href":"https:\/\/www.soanam.de\/en\/wp-json\/wp\/v2\/product_brand?post=82312"},{"taxonomy":"product_cat","embeddable":true,"href":"https:\/\/www.soanam.de\/en\/wp-json\/wp\/v2\/product_cat?post=82312"},{"taxonomy":"product_tag","embeddable":true,"href":"https:\/\/www.soanam.de\/en\/wp-json\/wp\/v2\/product_tag?post=82312"}],"curies":[{"name":"wp","href":"https:\/\/api.w.org\/{rel}","templated":true}]}}

<p>Steppmantel in Langform von ALPENBLITZ<br />
Wasserabweisender Oberstoff, wärmend wattiert, abnehmbare Kapuze mit besonders kuscheligem Kapuzenfutter<br />
Figurumspielende Passform mit einer durch Gürtel betonten Taille und geradem Saum<br />
Der praktischer Zwei-Wege-Reißverschluss und die zwei großen Schlitze mit Knöpfen hinten runden einen variablen Tragekomfort ab<br />
Zwei mit Lederimitat abgesetzte Pattentaschen mit Knöpfen und eine Innentasche mit Reißverschluss</p>
<p>Stylisch, sportlicher Steppmantel von ALPENBLITZ, der mit hochwertigen Leder-Imitat-Details und Schnallen-Gürtel zu einem echten Hingucker wird.<br />
Leichter Langmantel, der die Figur gekonnt umspielt, betonte Taille, die zusätzlich durch einen Gürtel feminin in Szene gesetzt wird, echter Figurschmeichler durch Steppungen.<br />
Abnehmbare Kapuze mit ultra-kuscheligem Futter und knöpfbaren Laschen, Innentasche mit Reißverschluss, 2-Wege-Zipper mit Puller mit Marken Prägung.<br />
Obermaterial aus leicht glänzendem robustem Gewebe, angenehm leicht wattiert mit raffinierten Absteppungen.</p>
<p>Material: Obermaterial: 90% Polyester , 10% Elasthan. Futter: 100% Polyester. Kapuzenfutter: 100% Polyester. Wattierung: 100% Polyester. Bündchen, Ärmel: 95% Polyester, 5% Elasthan</p>
<p>Care instructions: Machine wash</p>
<p>Color: navy<br />
Pattern: without<br />
Size: 44</p>
<p>Shoulder width: 46cm<br />
Chest width: 116cm</p>
<p>Sleeve length: 67cm<br />
Total length: 99cm</p>

<table class="dv_characteristicsTable">
<tbody>
<tr>
<td class="left">Size</td>
<td>44</td>
</tr>
<tr>
<td class="left">Größentyp</td>
<td>Normalgrößen</td>
</tr>
<tr>
<td class="left">Material composition</td>
<td>Obermaterial: 90% Polyester , 10% Elasthan. Futter: 100% Polyester. Kapuzenfutter: 100% Polyester. Wattierung: 100% Polyester. Bündchen, Ärmel: 95% Polyester, 5% Elasthan</td>
</tr>
<tr>
<td class="left">Materialart</td>
<td>Web</td>
</tr>
<tr>
<td class="left">Care instructions</td>
<td>Machine wash</td>
</tr>
<tr>
<td class="left">Optik</td>
<td>unifarben, kontrastfarbene Details</td>
</tr>
<tr>
<td class="left">Stil</td>
<td>sportlich</td>
</tr>
<tr>
<td class="left">Color</td>
<td>marine</td>
</tr>
<tr>
<td class="left">Kragen</td>
<td>Stand-up collar</td>
</tr>
<tr>
<td class="left">Kragendetails</td>
<td>farblich passend gefüttert</td>
</tr>
<tr>
<td class="left">Ärmel</td>
<td>Long sleeve</td>
</tr>
<tr>
<td class="left">Ärmelabschluss</td>
<td>Ribbed cuffs</td>
</tr>
<tr>
<td class="left">Ärmelabschlussdetails</td>
<td>mit Windstopper</td>
</tr>
<tr>
<td class="left">Rumpfabschlussdetails</td>
<td>mit Schlitz, mit Knöpfen</td>
</tr>
<tr>
<td class="left">Fit</td>
<td>figurumspielend</td>
</tr>
<tr>
<td class="left">Schnittform Länge</td>
<td>kniefrei</td>
</tr>
<tr>
<td class="left">Kapuze</td>
<td>mit Kapuze</td>
</tr>
<tr>
<td class="left">Kapuzendetails</td>
<td>abnehmbar</td>
</tr>
<tr>
<td class="left">Kapuzenfütterung</td>
<td>Fleece</td>
</tr>
<tr>
<td class="left">Applikationen</td>
<td>Markenlabel, Logoprägung, Badge</td>
</tr>
<tr>
<td class="left">Bags</td>
<td>Pattentaschen, Innentaschen</td>
</tr>
<tr>
<td class="left">Verschluss</td>
<td>2-Wege-Reißverschluss, Gürtel</td>
</tr>
<tr>
<td class="left">Verschlussdetails</td>
<td>durchgehend</td>
</tr>
<tr>
<td class="left">Besondere Merkmale</td>
<td>hochwertiger Steppmantel mit Markenprägung auf dem elastischem Gürtel und abnehmbarer Kuschel-Kapuze</td>
</tr>
</tbody>
</table>
