{"id":82292,"date":"2023-12-14T02:21:09","date_gmt":"2023-12-14T01:21:09","guid":{"rendered":"https:\/\/www.soanam.de\/?post_type=product&#038;p=82292"},"modified":"2023-12-14T02:23:50","modified_gmt":"2023-12-14T01:23:50","slug":"alpenblitz-parka-winter-charm-in-navy-size-40","status":"publish","type":"product","link":"https:\/\/www.soanam.de\/en\/produkt\/alpenblitz-parka-wintercharme-in-marine-groesse-40\/","title":{"rendered":"ALPENBLITZ parka winter charm, in navy, size 40"},"content":{"rendered":"<p>Winter coat with detachable faux fur trim on the hood by Alpenblitz<br \/>\nWith many details, such as chin guard, labeled zipper puller and sleeves with decorative stitching<br \/>\nFigure-hugging, long parka with drawstring waist<br \/>\nCozy and warm with faux fur lining inside, high-closing zipper, lined slit pockets<br \/>\nHigh-quality design, thick and soft upper material<\/p>\n<p>Classic winter coat from ALPENBLITZ with stylish quilting, large hood with detachable faux fur trim and extra cozy faux fur lining.<br \/>\nThe parka is cut in a warm, bottom-covering length, with an adjustable drawstring waist and drawcord for a flattering and elegant fit.<br \/>\nAttached flap pockets with press stud, inside pocket with zipper, robust zipper with puller with brand embossing, practical breast pocket with zipper - these are just some of the many stylish and practical details.<br \/>\nThe outer material is made of slightly shiny, robust fabric, thickly padded, with cozy fleece inside and in the hood.<\/p>\n<p>Material: Outer material: 100% polyester. Lining: 100% polyester. Sleeve lining: 100% polyester. Trimming: 80% polyacrylic, 20% polyester. Padding: 100% polyester. Cuffs, sleeves: 95% polyester, 5% elastane<\/p>\n<p>Care instructions: Machine wash<\/p>\n<p>Color: navy<br \/>\nPattern: without<br \/>\nSize: 40<\/p>\n<p>Shoulder width: 44cm<br \/>\nChest width: 111cm<br \/>\nSleeve length: 67cm<br \/>\nTotal length: 88cm<\/p>","protected":false},"excerpt":{"rendered":"<table class=\"dv_characteristicsTable\">\n<tbody>\n<tr>\n<td class=\"left\">Size<\/td>\n<td>40<\/td>\n<\/tr>\n<tr>\n<td class=\"left\">Gr\u00f6\u00dfentyp<\/td>\n<td>Normalgr\u00f6\u00dfen<\/td>\n<\/tr>\n<tr>\n<td class=\"left\">Material composition<\/td>\n<td>Obermaterial: 100% Polyester. Futter: 100% Polyester. \u00c4rmelfutter: 100% Polyester. Besatz: 80% Polyacryl, 20% Polyester. Wattierung: 100% Polyester. B\u00fcndchen, \u00c4rmel: 95% Polyester, 5% Elasthan<\/td>\n<\/tr>\n<tr>\n<td class=\"left\">Materialart<\/td>\n<td>Web<\/td>\n<\/tr>\n<tr>\n<td class=\"left\">Care instructions<\/td>\n<td>Machine wash<\/td>\n<\/tr>\n<tr>\n<td class=\"left\">Optik<\/td>\n<td>unifarben mit Farbeins\u00e4tzen, leicht gl\u00e4nzend<\/td>\n<\/tr>\n<tr>\n<td class=\"left\">Stil<\/td>\n<td>casual<\/td>\n<\/tr>\n<tr>\n<td class=\"left\">Color<\/td>\n<td>marine-beige<\/td>\n<\/tr>\n<tr>\n<td class=\"left\">Ausschnitt<\/td>\n<td>Rundhals<\/td>\n<\/tr>\n<tr>\n<td class=\"left\">\u00c4rmel<\/td>\n<td>Long sleeve<\/td>\n<\/tr>\n<tr>\n<td class=\"left\">\u00c4rmeldetails<\/td>\n<td>\u00c4rmel mit \u00c4rmelschlitz<\/td>\n<\/tr>\n<tr>\n<td class=\"left\">\u00c4rmelabschluss<\/td>\n<td>Ribbed cuffs<\/td>\n<\/tr>\n<tr>\n<td class=\"left\">\u00c4rmelabschlussdetails<\/td>\n<td>mit Windstopper<\/td>\n<\/tr>\n<tr>\n<td class=\"left\">Rumpfabschluss<\/td>\n<td>eingefasste Kante<\/td>\n<\/tr>\n<tr>\n<td class=\"left\">Rumpfabschlussdetails<\/td>\n<td>mit Schlitz<\/td>\n<\/tr>\n<tr>\n<td class=\"left\">Fit<\/td>\n<td>figurumspielend<\/td>\n<\/tr>\n<tr>\n<td class=\"left\">Schnittdetails<\/td>\n<td>Wiener N\u00e4hte<\/td>\n<\/tr>\n<tr>\n<td class=\"left\">Schnittform L\u00e4nge<\/td>\n<td>Po-bedeckend<\/td>\n<\/tr>\n<tr>\n<td class=\"left\">Kapuze<\/td>\n<td>mit Kapuze<\/td>\n<\/tr>\n<tr>\n<td class=\"left\">Kapuzendetails<\/td>\n<td>Fellimitat an der Kapuze<\/td>\n<\/tr>\n<tr>\n<td class=\"left\">Kapuzenf\u00fctterung<\/td>\n<td>Fellimitat<\/td>\n<\/tr>\n<tr>\n<td class=\"left\">Applikationen<\/td>\n<td>Markenlabel<\/td>\n<\/tr>\n<tr>\n<td class=\"left\">Bags<\/td>\n<td>Pattentaschen, Innentasche<\/td>\n<\/tr>\n<tr>\n<td class=\"left\">Verschluss<\/td>\n<td>Rei\u00dfverschluss, Druckkn\u00f6pfe<\/td>\n<\/tr>\n<tr>\n<td class=\"left\">Verschlussdetails<\/td>\n<td>durchgehend<\/td>\n<\/tr>\n<tr>\n<td class=\"left\">Besondere Merkmale<\/td>\n<td>mit kuschelig gef\u00fctterter Kapuze und abnehmbaren Kunstfell an der Kante<\/td>\n<\/tr>\n<\/tbody>\n<\/table>","protected":false},"featured_media":82411,"comment_status":"open","ping_status":"closed","template":"","meta":{"_seopress_robots_primary_cat":"","_seopress_titles_title":"","_seopress_titles_desc":"","_seopress_robots_index":""},"product_brand":[],"product_cat":[1348,1354,1375,1440],"product_tag":[],"class_list":{"0":"post-82292","1":"product","2":"type-product","3":"status-publish","4":"has-post-thumbnail","6":"product_cat-damen-mode","7":"product_cat-jacken-maentel","8":"product_cat-winterjacken","9":"product_cat-parkas-winterjacken","10":"product_shipping_class-standard-versand","12":"first","13":"instock","14":"sale","15":"taxable","16":"shipping-taxable","17":"purchasable","18":"product-type-simple"},"_links":{"self":[{"href":"https:\/\/www.soanam.de\/en\/wp-json\/wp\/v2\/product\/82292","targetHints":{"allow":["GET"]}}],"collection":[{"href":"https:\/\/www.soanam.de\/en\/wp-json\/wp\/v2\/product"}],"about":[{"href":"https:\/\/www.soanam.de\/en\/wp-json\/wp\/v2\/types\/product"}],"replies":[{"embeddable":true,"href":"https:\/\/www.soanam.de\/en\/wp-json\/wp\/v2\/comments?post=82292"}],"wp:featuredmedia":[{"embeddable":true,"href":"https:\/\/www.soanam.de\/en\/wp-json\/wp\/v2\/media\/82411"}],"wp:attachment":[{"href":"https:\/\/www.soanam.de\/en\/wp-json\/wp\/v2\/media?parent=82292"}],"wp:term":[{"taxonomy":"product_brand","embeddable":true,"href":"https:\/\/www.soanam.de\/en\/wp-json\/wp\/v2\/product_brand?post=82292"},{"taxonomy":"product_cat","embeddable":true,"href":"https:\/\/www.soanam.de\/en\/wp-json\/wp\/v2\/product_cat?post=82292"},{"taxonomy":"product_tag","embeddable":true,"href":"https:\/\/www.soanam.de\/en\/wp-json\/wp\/v2\/product_tag?post=82292"}],"curies":[{"name":"wp","href":"https:\/\/api.w.org\/{rel}","templated":true}]}}

<table class="dv_characteristicsTable">
<tbody>
<tr>
<td class="left">Size</td>
<td>40</td>
</tr>
<tr>
<td class="left">Größentyp</td>
<td>Normalgrößen</td>
</tr>
<tr>
<td class="left">Material composition</td>
<td>Obermaterial: 100% Polyester. Futter: 100% Polyester. Ärmelfutter: 100% Polyester. Besatz: 80% Polyacryl, 20% Polyester. Wattierung: 100% Polyester. Bündchen, Ärmel: 95% Polyester, 5% Elasthan</td>
</tr>
<tr>
<td class="left">Materialart</td>
<td>Web</td>
</tr>
<tr>
<td class="left">Care instructions</td>
<td>Machine wash</td>
</tr>
<tr>
<td class="left">Optik</td>
<td>unifarben mit Farbeinsätzen, leicht glänzend</td>
</tr>
<tr>
<td class="left">Stil</td>
<td>casual</td>
</tr>
<tr>
<td class="left">Color</td>
<td>marine-beige</td>
</tr>
<tr>
<td class="left">Ausschnitt</td>
<td>Rundhals</td>
</tr>
<tr>
<td class="left">Ärmel</td>
<td>Long sleeve</td>
</tr>
<tr>
<td class="left">Ärmeldetails</td>
<td>Ärmel mit Ärmelschlitz</td>
</tr>
<tr>
<td class="left">Ärmelabschluss</td>
<td>Ribbed cuffs</td>
</tr>
<tr>
<td class="left">Ärmelabschlussdetails</td>
<td>mit Windstopper</td>
</tr>
<tr>
<td class="left">Rumpfabschluss</td>
<td>eingefasste Kante</td>
</tr>
<tr>
<td class="left">Rumpfabschlussdetails</td>
<td>mit Schlitz</td>
</tr>
<tr>
<td class="left">Fit</td>
<td>figurumspielend</td>
</tr>
<tr>
<td class="left">Schnittdetails</td>
<td>Wiener Nähte</td>
</tr>
<tr>
<td class="left">Schnittform Länge</td>
<td>Po-bedeckend</td>
</tr>
<tr>
<td class="left">Kapuze</td>
<td>mit Kapuze</td>
</tr>
<tr>
<td class="left">Kapuzendetails</td>
<td>Fellimitat an der Kapuze</td>
</tr>
<tr>
<td class="left">Kapuzenfütterung</td>
<td>Fellimitat</td>
</tr>
<tr>
<td class="left">Applikationen</td>
<td>Markenlabel</td>
</tr>
<tr>
<td class="left">Bags</td>
<td>Pattentaschen, Innentasche</td>
</tr>
<tr>
<td class="left">Verschluss</td>
<td>Reißverschluss, Druckknöpfe</td>
</tr>
<tr>
<td class="left">Verschlussdetails</td>
<td>durchgehend</td>
</tr>
<tr>
<td class="left">Besondere Merkmale</td>
<td>mit kuschelig gefütterter Kapuze und abnehmbaren Kunstfell an der Kante</td>
</tr>
</tbody>
</table>
