{"id":80589,"date":"2023-12-14T01:34:01","date_gmt":"2023-12-14T00:34:01","guid":{"rendered":"https:\/\/www.soanam.de\/?post_type=product&#038;p=80589"},"modified":"2023-12-14T01:36:28","modified_gmt":"2023-12-14T00:36:28","slug":"lascana-xxl-schal-poncho-mit-fransen-in-schwarz-grau-weiss-groesse-one-size","status":"publish","type":"product","link":"https:\/\/www.soanam.de\/en\/produkt\/lascana-xxl-schal-poncho-mit-fransen-in-schwarz-grau-weiss-groesse-one-size\/","title":{"rendered":"LASCANA XXL scarf, poncho with fringes, in black-grey-white, size One Size"},"content":{"rendered":"<p>Das perfekte Accessoire<br \/>\nIn a fashionable striped look<br \/>\nMit kleinen Fransen<br \/>\nWeiches und kuscheliges Material<\/p>\n<p>Der kuschelige Poncho von Lascana in modischer Streifenoptik mit Fransen am Abschluss ist ein idealer Begleiter, egal zu welcher Jahreszeit.<br \/>\nDas Kleidungsst\u00fcck ist aus weichem Material und in Universalgr\u00f6\u00dfe.<\/p>\n<p>Material: 100% polyacrylic<br \/>\nCare instructions: Machine wash<\/p>\n<p>Farbe: schwarz-grau-wei\u00df<br \/>\nMuster: Streifenoptik<br \/>\nGr\u00f6\u00dfe: One Size<\/p>\n<p>Breite 150 cm<br \/>\nL\u00e4nge 130 cm<\/p>","protected":false},"excerpt":{"rendered":"<table class=\"dv_characteristicsTable\">\n<caption>COLOR<\/caption>\n<tbody>\n<tr>\n<td class=\"left\">Color<\/td>\n<td>schwarz<br \/>\ngrau<br \/>\nwei\u00df<\/td>\n<\/tr>\n<\/tbody>\n<\/table>\n<table class=\"dv_characteristicsTable\">\n<caption>MATERIAL<\/caption>\n<tbody>\n<tr>\n<td class=\"left\">Material<\/td>\n<td>Polyacrylic<\/td>\n<\/tr>\n<tr>\n<td class=\"left\">Material composition<\/td>\n<td>Obermaterial: 100% Polyacryl<\/td>\n<\/tr>\n<tr>\n<td class=\"left\">Care instructions<\/td>\n<td>Machine wash<\/td>\n<\/tr>\n<\/tbody>\n<\/table>\n<table class=\"dv_characteristicsTable\">\n<caption>OPTIK\/STIL<\/caption>\n<tbody>\n<tr>\n<td class=\"left\">Optik<\/td>\n<td>multicolored<\/td>\n<\/tr>\n<tr>\n<td class=\"left\">Stil<\/td>\n<td>casual<\/td>\n<\/tr>\n<\/tbody>\n<\/table>\n<table class=\"dv_characteristicsTable\">\n<caption>DETAILS<\/caption>\n<tbody>\n<tr>\n<td class=\"left\">Besondere Merkmale<\/td>\n<td>XXL Schal, Poncho in kuscheliger Qualit\u00e4t und mit kleinen Fransen<\/td>\n<\/tr>\n<\/tbody>\n<\/table>\n<table class=\"dv_characteristicsTable\">\n<caption>MASSANGABE<\/caption>\n<tbody>\n<tr>\n<td class=\"left\">Breite<\/td>\n<td>150 cm<\/td>\n<\/tr>\n<tr>\n<td class=\"left\">L\u00e4nge<\/td>\n<td>130 cm<\/td>\n<\/tr>\n<\/tbody>\n<\/table>","protected":false},"featured_media":80704,"comment_status":"open","ping_status":"closed","template":"","meta":{"_seopress_robots_primary_cat":"","_seopress_titles_title":"","_seopress_titles_desc":"","_seopress_robots_index":""},"product_brand":[],"product_cat":[1348,1357,1495],"product_tag":[],"class_list":{"0":"post-80589","1":"product","2":"type-product","3":"status-publish","4":"has-post-thumbnail","6":"product_cat-damen-mode","7":"product_cat-accessoires","8":"product_cat-schals-accessoires","9":"product_shipping_class-standard-versand","11":"first","12":"instock","13":"taxable","14":"shipping-taxable","15":"purchasable","16":"product-type-simple"},"_links":{"self":[{"href":"https:\/\/www.soanam.de\/en\/wp-json\/wp\/v2\/product\/80589","targetHints":{"allow":["GET"]}}],"collection":[{"href":"https:\/\/www.soanam.de\/en\/wp-json\/wp\/v2\/product"}],"about":[{"href":"https:\/\/www.soanam.de\/en\/wp-json\/wp\/v2\/types\/product"}],"replies":[{"embeddable":true,"href":"https:\/\/www.soanam.de\/en\/wp-json\/wp\/v2\/comments?post=80589"}],"wp:featuredmedia":[{"embeddable":true,"href":"https:\/\/www.soanam.de\/en\/wp-json\/wp\/v2\/media\/80704"}],"wp:attachment":[{"href":"https:\/\/www.soanam.de\/en\/wp-json\/wp\/v2\/media?parent=80589"}],"wp:term":[{"taxonomy":"product_brand","embeddable":true,"href":"https:\/\/www.soanam.de\/en\/wp-json\/wp\/v2\/product_brand?post=80589"},{"taxonomy":"product_cat","embeddable":true,"href":"https:\/\/www.soanam.de\/en\/wp-json\/wp\/v2\/product_cat?post=80589"},{"taxonomy":"product_tag","embeddable":true,"href":"https:\/\/www.soanam.de\/en\/wp-json\/wp\/v2\/product_tag?post=80589"}],"curies":[{"name":"wp","href":"https:\/\/api.w.org\/{rel}","templated":true}]}}

<p>Das perfekte Accessoire<br />
In a fashionable striped look<br />
Mit kleinen Fransen<br />
Weiches und kuscheliges Material</p>
<p>Der kuschelige Poncho von Lascana in modischer Streifenoptik mit Fransen am Abschluss ist ein idealer Begleiter, egal zu welcher Jahreszeit.<br />
Das Kleidungsstück ist aus weichem Material und in Universalgröße.</p>
<p>Material: 100% polyacrylic<br />
Care instructions: Machine wash</p>
<p>Farbe: schwarz-grau-weiß<br />
Muster: Streifenoptik<br />
Größe: One Size</p>
<p>Breite 150 cm<br />
Länge 130 cm</p>

<table class="dv_characteristicsTable">
<caption>COLOR</caption>
<tbody>
<tr>
<td class="left">Color</td>
<td>schwarz<br />
grau<br />
weiß</td>
</tr>
</tbody>
</table>
<table class="dv_characteristicsTable">
<caption>MATERIAL</caption>
<tbody>
<tr>
<td class="left">Material</td>
<td>Polyacrylic</td>
</tr>
<tr>
<td class="left">Material composition</td>
<td>Obermaterial: 100% Polyacryl</td>
</tr>
<tr>
<td class="left">Care instructions</td>
<td>Machine wash</td>
</tr>
</tbody>
</table>
<table class="dv_characteristicsTable">
<caption>OPTIK/STIL</caption>
<tbody>
<tr>
<td class="left">Optik</td>
<td>multicolored</td>
</tr>
<tr>
<td class="left">Stil</td>
<td>casual</td>
</tr>
</tbody>
</table>
<table class="dv_characteristicsTable">
<caption>DETAILS</caption>
<tbody>
<tr>
<td class="left">Besondere Merkmale</td>
<td>XXL Schal, Poncho in kuscheliger Qualität und mit kleinen Fransen</td>
</tr>
</tbody>
</table>
<table class="dv_characteristicsTable">
<caption>MASSANGABE</caption>
<tbody>
<tr>
<td class="left">Breite</td>
<td>150 cm</td>
</tr>
<tr>
<td class="left">Länge</td>
<td>130 cm</td>
</tr>
</tbody>
</table>
