{"id":79182,"date":"2023-12-13T22:33:58","date_gmt":"2023-12-13T21:33:58","guid":{"rendered":"https:\/\/www.soanam.de\/?post_type=product&#038;p=79182"},"modified":"2023-12-13T22:36:42","modified_gmt":"2023-12-13T21:36:42","slug":"damen-manteljacke-komfort-bi-elastisch-atmungsaktiv-in-melba-gr-40","status":"publish","type":"product","link":"https:\/\/www.soanam.de\/en\/produkt\/damen-manteljacke-komfort-bi-elastisch-atmungsaktiv-in-melba-gr-40\/","title":{"rendered":"Ladies coat jacket comfort, bi-elastic, breathable, in melba, size 40"},"content":{"rendered":"<h3>Description<\/h3>\n<p>Sie hat die typischen Stilelemente des Trenchcoats: die Manteljacke mit gro\u00dfen Kn\u00f6pfen, Koller, \u00c4rmelriegeln, Stehkragen. Was nat\u00fcrlich auch sofort auff\u00e4llt, ist der frische, aktuelle Melba-Ton. Aber dieses Modell hat noch mehr zu bieten! Denn auch der Stoff ist besonders; die Baumwollmischung ist bi-elastisch und bietet Ihnen daher ein H\u00f6chstma\u00df an Komfort. Dabei bleibt der Stoff weich, atmungsaktiv und ist knitterunempfindlich. Die L\u00e4ngsteilungsn\u00e4hte sorgen f\u00fcr einen guten Sitz. Wenn das nicht Ihr liebster Begleiter f\u00fcr ansteigende Temperaturen wird.<\/p>\n<p><strong>Verarbeitung<\/strong>:<\/p>\n<p>Stehkragen.<br \/>\nAuf 5 Schmuckkn\u00f6pfe zu schlie\u00dfen.<br \/>\n2 Leistentaschen.<br \/>\n\u00c4rmelriegel.<br \/>\nAbgesteppte Teilungsn\u00e4hte,<br \/>\nKoller vorne.<br \/>\nInnen: 2 kn\u00f6pfbare Taschen.<br \/>\nL\u00e4nge ca. 80 cm in Gr. 42<br \/>\nFutter: 100% Polyester.<\/p>\n<p>Material: 59% Baumwolle, 30% Polyester, 11% Elasthan.<br \/>\nWaschmaschinenfest und pflegeleicht.<\/p>","protected":false},"excerpt":{"rendered":"<h3>Artikelmerkmale<\/h3>\n<p>Item condition: New with label: New, unused and unworn item in its original packaging<\/p>\n<table border=\"0\" frame=\"VOID\" rules=\"NONE\" cellspacing=\"0\">\n<colgroup>\n<col width=\"141\" \/>\n<col width=\"198\" \/><\/colgroup>\n<tbody>\n<tr>\n<td align=\"LEFT\" width=\"141\" height=\"17\">Abteilung:<\/td>\n<td align=\"LEFT\" width=\"198\">Damen<\/td>\n<\/tr>\n<tr>\n<td align=\"LEFT\" height=\"17\">Anlass:<\/td>\n<td align=\"LEFT\">Business, Freizeit<\/td>\n<\/tr>\n<tr>\n<td align=\"LEFT\" height=\"17\">Au\u00dfenmaterial:<\/td>\n<td align=\"LEFT\">Baumwolle, Polyester, Elastan<\/td>\n<\/tr>\n<tr>\n<td align=\"LEFT\" height=\"17\">Besonderheiten:<\/td>\n<td align=\"LEFT\">Breathable<\/td>\n<\/tr>\n<tr>\n<td align=\"LEFT\" height=\"17\">Charakter:<\/td>\n<td align=\"LEFT\">ohne<\/td>\n<\/tr>\n<tr>\n<td align=\"LEFT\" height=\"17\">Color:<\/td>\n<td align=\"LEFT\">Melba<\/td>\n<\/tr>\n<tr>\n<td align=\"LEFT\" height=\"17\">Futtermaterial:<\/td>\n<td align=\"LEFT\">Polyester<\/td>\n<\/tr>\n<tr>\n<td align=\"LEFT\" height=\"17\">Gewebeart:<\/td>\n<td align=\"LEFT\">Mischgewebe<\/td>\n<\/tr>\n<tr>\n<td align=\"LEFT\" height=\"17\">Size:<\/td>\n<td align=\"LEFT\">40<\/td>\n<\/tr>\n<tr>\n<td align=\"LEFT\" height=\"17\">Gr\u00f6\u00dfenkategorie:<\/td>\n<td align=\"LEFT\">Normalgr\u00f6\u00dfe<\/td>\n<\/tr>\n<tr>\n<td align=\"LEFT\" height=\"17\">Jacken \/ Mantell\u00e4nge:<\/td>\n<td align=\"LEFT\">Halblang<\/td>\n<\/tr>\n<tr>\n<td align=\"LEFT\" height=\"17\">Jahreszeit:<\/td>\n<td align=\"LEFT\">Fr\u00fchling<\/td>\n<\/tr>\n<tr>\n<td align=\"LEFT\" height=\"17\">Marke:<\/td>\n<td align=\"LEFT\">Walbusch<\/td>\n<\/tr>\n<tr>\n<td align=\"LEFT\" height=\"17\">Modell:<\/td>\n<td align=\"LEFT\">Melba<\/td>\n<\/tr>\n<tr>\n<td align=\"LEFT\" height=\"17\">Muster:<\/td>\n<td align=\"LEFT\">Ohne Muster<\/td>\n<\/tr>\n<tr>\n<td align=\"LEFT\" height=\"17\">Produktart:<\/td>\n<td align=\"LEFT\">Mantel<\/td>\n<\/tr>\n<tr>\n<td align=\"LEFT\" height=\"17\">Stil:<\/td>\n<td align=\"LEFT\">Trenchcoat<\/td>\n<\/tr>\n<tr>\n<td align=\"LEFT\" height=\"17\">Thema:<\/td>\n<td align=\"LEFT\">Elegant<\/td>\n<\/tr>\n<tr>\n<td align=\"LEFT\" height=\"17\">Verschluss:<\/td>\n<td align=\"LEFT\">Knopf<\/td>\n<\/tr>\n<tr>\n<td align=\"LEFT\" height=\"17\">Vintage:<\/td>\n<td align=\"LEFT\">Nein<\/td>\n<\/tr>\n<\/tbody>\n<\/table>","protected":false},"featured_media":79292,"comment_status":"open","ping_status":"closed","template":"","meta":{"_seopress_robots_primary_cat":"","_seopress_titles_title":"","_seopress_titles_desc":"","_seopress_robots_index":""},"product_brand":[],"product_cat":[1348,1354,1355,1356],"product_tag":[],"class_list":{"0":"post-79182","1":"product","2":"type-product","3":"status-publish","4":"has-post-thumbnail","6":"product_cat-damen-mode","7":"product_cat-jacken-maentel","8":"product_cat-maentel","9":"product_cat-wintermaentel","10":"product_shipping_class-standard-versand","12":"first","13":"instock","14":"sale","15":"taxable","16":"shipping-taxable","17":"purchasable","18":"product-type-simple"},"_links":{"self":[{"href":"https:\/\/www.soanam.de\/en\/wp-json\/wp\/v2\/product\/79182","targetHints":{"allow":["GET"]}}],"collection":[{"href":"https:\/\/www.soanam.de\/en\/wp-json\/wp\/v2\/product"}],"about":[{"href":"https:\/\/www.soanam.de\/en\/wp-json\/wp\/v2\/types\/product"}],"replies":[{"embeddable":true,"href":"https:\/\/www.soanam.de\/en\/wp-json\/wp\/v2\/comments?post=79182"}],"wp:featuredmedia":[{"embeddable":true,"href":"https:\/\/www.soanam.de\/en\/wp-json\/wp\/v2\/media\/79292"}],"wp:attachment":[{"href":"https:\/\/www.soanam.de\/en\/wp-json\/wp\/v2\/media?parent=79182"}],"wp:term":[{"taxonomy":"product_brand","embeddable":true,"href":"https:\/\/www.soanam.de\/en\/wp-json\/wp\/v2\/product_brand?post=79182"},{"taxonomy":"product_cat","embeddable":true,"href":"https:\/\/www.soanam.de\/en\/wp-json\/wp\/v2\/product_cat?post=79182"},{"taxonomy":"product_tag","embeddable":true,"href":"https:\/\/www.soanam.de\/en\/wp-json\/wp\/v2\/product_tag?post=79182"}],"curies":[{"name":"wp","href":"https:\/\/api.w.org\/{rel}","templated":true}]}}

<h3>Description</h3>
<p>Sie hat die typischen Stilelemente des Trenchcoats: die Manteljacke mit großen Knöpfen, Koller, Ärmelriegeln, Stehkragen. Was natürlich auch sofort auffällt, ist der frische, aktuelle Melba-Ton. Aber dieses Modell hat noch mehr zu bieten! Denn auch der Stoff ist besonders; die Baumwollmischung ist bi-elastisch und bietet Ihnen daher ein Höchstmaß an Komfort. Dabei bleibt der Stoff weich, atmungsaktiv und ist knitterunempfindlich. Die Längsteilungsnähte sorgen für einen guten Sitz. Wenn das nicht Ihr liebster Begleiter für ansteigende Temperaturen wird.</p>
<p><strong>Verarbeitung</strong>:</p>
<p>Stehkragen.<br />
Auf 5 Schmuckknöpfe zu schließen.<br />
2 Leistentaschen.<br />
Ärmelriegel.<br />
Abgesteppte Teilungsnähte,<br />
Koller vorne.<br />
Innen: 2 knöpfbare Taschen.<br />
Länge ca. 80 cm in Gr. 42<br />
Futter: 100% Polyester.</p>
<p>Material: 59% Baumwolle, 30% Polyester, 11% Elasthan.<br />
Waschmaschinenfest und pflegeleicht.</p>

<h3>Artikelmerkmale</h3>
<p>Item condition: New with label: New, unused and unworn item in its original packaging</p>
<table border="0" frame="VOID" rules="NONE" cellspacing="0">
<colgroup>
<col width="141" />
<col width="198" /></colgroup>
<tbody>
<tr>
<td align="LEFT" width="141" height="17">Abteilung:</td>
<td align="LEFT" width="198">Damen</td>
</tr>
<tr>
<td align="LEFT" height="17">Anlass:</td>
<td align="LEFT">Business, Freizeit</td>
</tr>
<tr>
<td align="LEFT" height="17">Außenmaterial:</td>
<td align="LEFT">Baumwolle, Polyester, Elastan</td>
</tr>
<tr>
<td align="LEFT" height="17">Besonderheiten:</td>
<td align="LEFT">Breathable</td>
</tr>
<tr>
<td align="LEFT" height="17">Charakter:</td>
<td align="LEFT">ohne</td>
</tr>
<tr>
<td align="LEFT" height="17">Color:</td>
<td align="LEFT">Melba</td>
</tr>
<tr>
<td align="LEFT" height="17">Futtermaterial:</td>
<td align="LEFT">Polyester</td>
</tr>
<tr>
<td align="LEFT" height="17">Gewebeart:</td>
<td align="LEFT">Mischgewebe</td>
</tr>
<tr>
<td align="LEFT" height="17">Size:</td>
<td align="LEFT">40</td>
</tr>
<tr>
<td align="LEFT" height="17">Größenkategorie:</td>
<td align="LEFT">Normalgröße</td>
</tr>
<tr>
<td align="LEFT" height="17">Jacken / Mantellänge:</td>
<td align="LEFT">Halblang</td>
</tr>
<tr>
<td align="LEFT" height="17">Jahreszeit:</td>
<td align="LEFT">Frühling</td>
</tr>
<tr>
<td align="LEFT" height="17">Marke:</td>
<td align="LEFT">Walbusch</td>
</tr>
<tr>
<td align="LEFT" height="17">Modell:</td>
<td align="LEFT">Melba</td>
</tr>
<tr>
<td align="LEFT" height="17">Muster:</td>
<td align="LEFT">Ohne Muster</td>
</tr>
<tr>
<td align="LEFT" height="17">Produktart:</td>
<td align="LEFT">Mantel</td>
</tr>
<tr>
<td align="LEFT" height="17">Stil:</td>
<td align="LEFT">Trenchcoat</td>
</tr>
<tr>
<td align="LEFT" height="17">Thema:</td>
<td align="LEFT">Elegant</td>
</tr>
<tr>
<td align="LEFT" height="17">Verschluss:</td>
<td align="LEFT">Knopf</td>
</tr>
<tr>
<td align="LEFT" height="17">Vintage:</td>
<td align="LEFT">Nein</td>
</tr>
</tbody>
</table>
