{"id":77463,"date":"2023-12-13T20:52:54","date_gmt":"2023-12-13T19:52:54","guid":{"rendered":"https:\/\/www.soanam.de\/?post_type=product&#038;p=77463"},"modified":"2023-12-13T20:56:28","modified_gmt":"2023-12-13T19:56:28","slug":"abro-schultertasche-adria-aus-leder-in-der-farbe-zinc","status":"publish","type":"product","link":"https:\/\/www.soanam.de\/en\/produkt\/abro-schultertasche-adria-aus-leder-in-der-farbe-zinc\/","title":{"rendered":"Abro 'Adria' leather shoulder bag, in the color zinc"},"content":{"rendered":"<h3>Description<\/h3>\n<p>Geradliniges, modernes Design und edles, geschmeidiges Leder zeichnen diese elegante Schultertasche der Marke abro aus. Mit abnehmbarem Umh\u00e4ngeriemen und drei Innenf\u00e4chern f\u00fcr Handy, Wertsachen und mehr.<\/p>\n<p><strong>Details<\/strong><br \/>\nAusstattung: Rei\u00dfverschlussfach, Handyfach, Tasche(n) innen<br \/>\nVerschlussart: Rei\u00dfverschluss<br \/>\nClosure: zipper<br \/>\nHerstellerfarbe: zinc<br \/>\nSerie: Adria<br \/>\nExtra: Schl\u00fcsselring<\/p>\n<p><strong>Dimensions<\/strong><br \/>\nVolumen in L ca.: 0-10<br \/>\nAu\u00dfenma\u00dfe (L x B x H): 30cm x 8cm x 28cm<\/p>\n<p><strong>Material<\/strong><br \/>\nUpper material: Leather<br \/>\nInner material: textile<\/p>","protected":false},"excerpt":{"rendered":"<h3>Artikelmerkmale<\/h3>\n<p>Item condition: New with label: New, unused and unworn item in its original packaging<br \/>\nAbteilung: Damen<br \/>\nAu\u00dfenfarbe: Beige-Grau<br \/>\nAu\u00dfenmaterial: Leder<br \/>\nBesonderheiten: Abnehmbare Tr\u00e4ger<br \/>\nCharakter: ohne<br \/>\nEAN: nichtzutreffend<br \/>\nFuttermaterial: Stoff<br \/>\nGriff-\/Gurtmaterial: Leder<br \/>\nGriffstil: Schulterriemen<br \/>\nGr\u00f6\u00dfe: Mittel<br \/>\nInnenfutter-Farbe: Altrosa<br \/>\nMarke: ABRO<br \/>\nMuster: Ohne Muster<br \/>\nProduktlinie: Adria<br \/>\nStil: Schultertasche<br \/>\nTaschenbreite: 30 cm<br \/>\nTaschenh\u00f6he: 28 cm<br \/>\nTaschentiefe: 8 cm<br \/>\nClosure: zipper<br \/>\nVintage: Nein<\/p>","protected":false},"featured_media":77592,"comment_status":"open","ping_status":"closed","template":"","meta":{"_seopress_robots_primary_cat":"","_seopress_titles_title":"","_seopress_titles_desc":"","_seopress_robots_index":""},"product_brand":[],"product_cat":[1348,1357,1358,1416],"product_tag":[],"class_list":{"0":"post-77463","1":"product","2":"type-product","3":"status-publish","4":"has-post-thumbnail","6":"product_cat-damen-mode","7":"product_cat-accessoires","8":"product_cat-taschen","9":"product_cat-umhaengetaschen","10":"product_shipping_class-standard-versand","12":"first","13":"instock","14":"sale","15":"taxable","16":"shipping-taxable","17":"purchasable","18":"product-type-simple"},"_links":{"self":[{"href":"https:\/\/www.soanam.de\/en\/wp-json\/wp\/v2\/product\/77463","targetHints":{"allow":["GET"]}}],"collection":[{"href":"https:\/\/www.soanam.de\/en\/wp-json\/wp\/v2\/product"}],"about":[{"href":"https:\/\/www.soanam.de\/en\/wp-json\/wp\/v2\/types\/product"}],"replies":[{"embeddable":true,"href":"https:\/\/www.soanam.de\/en\/wp-json\/wp\/v2\/comments?post=77463"}],"wp:featuredmedia":[{"embeddable":true,"href":"https:\/\/www.soanam.de\/en\/wp-json\/wp\/v2\/media\/77592"}],"wp:attachment":[{"href":"https:\/\/www.soanam.de\/en\/wp-json\/wp\/v2\/media?parent=77463"}],"wp:term":[{"taxonomy":"product_brand","embeddable":true,"href":"https:\/\/www.soanam.de\/en\/wp-json\/wp\/v2\/product_brand?post=77463"},{"taxonomy":"product_cat","embeddable":true,"href":"https:\/\/www.soanam.de\/en\/wp-json\/wp\/v2\/product_cat?post=77463"},{"taxonomy":"product_tag","embeddable":true,"href":"https:\/\/www.soanam.de\/en\/wp-json\/wp\/v2\/product_tag?post=77463"}],"curies":[{"name":"wp","href":"https:\/\/api.w.org\/{rel}","templated":true}]}}

<h3>Description</h3>
<p>Geradliniges, modernes Design und edles, geschmeidiges Leder zeichnen diese elegante Schultertasche der Marke abro aus. Mit abnehmbarem Umhängeriemen und drei Innenfächern für Handy, Wertsachen und mehr.</p>
<p><strong>Details</strong><br />
Ausstattung: Reißverschlussfach, Handyfach, Tasche(n) innen<br />
Verschlussart: Reißverschluss<br />
Closure: zipper<br />
Herstellerfarbe: zinc<br />
Serie: Adria<br />
Extra: Schlüsselring</p>
<p><strong>Dimensions</strong><br />
Volumen in L ca.: 0-10<br />
Außenmaße (L x B x H): 30cm x 8cm x 28cm</p>
<p><strong>Material</strong><br />
Upper material: Leather<br />
Inner material: textile</p>

<h3>Artikelmerkmale</h3>
<p>Item condition: New with label: New, unused and unworn item in its original packaging<br />
Abteilung: Damen<br />
Außenfarbe: Beige-Grau<br />
Außenmaterial: Leder<br />
Besonderheiten: Abnehmbare Träger<br />
Charakter: ohne<br />
EAN: nichtzutreffend<br />
Futtermaterial: Stoff<br />
Griff-/Gurtmaterial: Leder<br />
Griffstil: Schulterriemen<br />
Größe: Mittel<br />
Innenfutter-Farbe: Altrosa<br />
Marke: ABRO<br />
Muster: Ohne Muster<br />
Produktlinie: Adria<br />
Stil: Schultertasche<br />
Taschenbreite: 30 cm<br />
Taschenhöhe: 28 cm<br />
Taschentiefe: 8 cm<br />
Closure: zipper<br />
Vintage: Nein</p>
